{"id":420,"date":"2021-07-01T15:20:19","date_gmt":"2021-07-01T15:20:19","guid":{"rendered":"https:\/\/verticecommerce.vertice.org\/?page_id=420"},"modified":"2022-08-18T08:22:55","modified_gmt":"2022-08-18T08:22:55","slug":"quienes-somos","status":"publish","type":"page","link":"https:\/\/camonclass.com\/tienda\/quienes-somos\/","title":{"rendered":"Quienes somos"},"content":{"rendered":"\t\t<div data-elementor-type=\"wp-page\" data-elementor-id=\"420\" class=\"elementor elementor-420\">\n\t\t\t\t\t\t<section class=\"elementor-section elementor-top-section elementor-element elementor-element-474d0329 elementor-section-boxed elementor-section-height-default elementor-section-height-default\" data-id=\"474d0329\" data-element_type=\"section\">\n\t\t\t\t\t\t<div class=\"elementor-container elementor-column-gap-default\">\n\t\t\t\t\t<div class=\"elementor-column elementor-col-100 elementor-top-column elementor-element elementor-element-7875267a\" data-id=\"7875267a\" data-element_type=\"column\">\n\t\t\t<div class=\"elementor-widget-wrap elementor-element-populated\">\n\t\t\t\t\t\t<div class=\"elementor-element elementor-element-50637dd elementor-widget elementor-widget-heading\" data-id=\"50637dd\" data-element_type=\"widget\" data-widget_type=\"heading.default\">\n\t\t\t\t<div class=\"elementor-widget-container\">\n\t\t\t\t\t<h2 class=\"elementor-heading-title elementor-size-default\">Qui\u00e9nes somos<\/h2>\t\t\t\t<\/div>\n\t\t\t\t<\/div>\n\t\t\t\t\t<\/div>\n\t\t<\/div>\n\t\t\t\t\t<\/div>\n\t\t<\/section>\n\t\t\t\t<section class=\"elementor-section elementor-top-section elementor-element elementor-element-49556b5 elementor-section-boxed elementor-section-height-default elementor-section-height-default\" data-id=\"49556b5\" data-element_type=\"section\">\n\t\t\t\t\t\t<div class=\"elementor-container elementor-column-gap-wider\">\n\t\t\t\t\t<div class=\"elementor-column elementor-col-33 elementor-top-column elementor-element elementor-element-573dda9\" data-id=\"573dda9\" data-element_type=\"column\">\n\t\t\t<div class=\"elementor-widget-wrap elementor-element-populated\">\n\t\t\t\t\t\t<div class=\"elementor-element elementor-element-1b59a56 elementor-widget elementor-widget-image\" data-id=\"1b59a56\" data-element_type=\"widget\" data-widget_type=\"image.default\">\n\t\t\t\t<div class=\"elementor-widget-container\">\n\t\t\t\t\t\t\t\t\t\t\t\t\t\t\t<img fetchpriority=\"high\" decoding=\"async\" width=\"600\" height=\"600\" src=\"https:\/\/camonclass.com\/tienda\/wp-content\/uploads\/2022\/08\/v2_QUIENES-SOMOS-BLOQUE-1-def.png\" class=\"attachment-large size-large wp-image-942\" alt=\"\" srcset=\"https:\/\/camonclass.com\/tienda\/wp-content\/uploads\/2022\/08\/v2_QUIENES-SOMOS-BLOQUE-1-def.png 600w, https:\/\/camonclass.com\/tienda\/wp-content\/uploads\/2022\/08\/v2_QUIENES-SOMOS-BLOQUE-1-def-300x300.png 300w, https:\/\/camonclass.com\/tienda\/wp-content\/uploads\/2022\/08\/v2_QUIENES-SOMOS-BLOQUE-1-def-150x150.png 150w, https:\/\/camonclass.com\/tienda\/wp-content\/uploads\/2022\/08\/v2_QUIENES-SOMOS-BLOQUE-1-def-100x100.png 100w\" sizes=\"(max-width: 600px) 100vw, 600px\" \/>\t\t\t\t\t\t\t\t\t\t\t\t\t\t\t<\/div>\n\t\t\t\t<\/div>\n\t\t\t\t\t<\/div>\n\t\t<\/div>\n\t\t\t\t<div class=\"elementor-column elementor-col-66 elementor-top-column elementor-element elementor-element-5dece48\" data-id=\"5dece48\" data-element_type=\"column\">\n\t\t\t<div class=\"elementor-widget-wrap elementor-element-populated\">\n\t\t\t\t\t\t<div class=\"elementor-element elementor-element-7ec83ae elementor-widget elementor-widget-heading\" data-id=\"7ec83ae\" data-element_type=\"widget\" data-widget_type=\"heading.default\">\n\t\t\t\t<div class=\"elementor-widget-container\">\n\t\t\t\t\t<h2 class=\"elementor-heading-title elementor-size-default\">\u00bfQui\u00e9nes somos?<\/h2>\t\t\t\t<\/div>\n\t\t\t\t<\/div>\n\t\t\t\t<div class=\"elementor-element elementor-element-d7a12be elementor-widget elementor-widget-text-editor\" data-id=\"d7a12be\" data-element_type=\"widget\" data-widget_type=\"text-editor.default\">\n\t\t\t\t<div class=\"elementor-widget-container\">\n\t\t\t\t\t\t\t\t\t<div id=\"bannerR\">\n<div id=\"div-gpt-ad-1474537762122-3\">\n<div id=\"google_ads_iframe_\/15188745\/Lipsum-Unit4_0__container__\"><\/div>\n<\/div>\n<\/div>\n<div class=\"boxed\">\n<div id=\"lipsum\">\n\nCamonclass somos una escuela de formaci\u00f3n a empresas con 20 a\u00f1os de experiencia. Fuimos pioneros en la formaci\u00f3n exclusivamente in-company de todo tipo de materias, en especial idiomas e inform\u00e1tica, en el \u00e1mbito empresarial espa\u00f1ol. Muy pronto a\u00f1adimos la formaci\u00f3n online a nuestra oferta, que en la actualidad cuenta con m\u00e1s de 4000 cursos certificados por la Universidad Nebrija.\n\n\n<\/div>\n<\/div>\t\t\t\t\t\t\t\t<\/div>\n\t\t\t\t<\/div>\n\t\t\t\t\t<\/div>\n\t\t<\/div>\n\t\t\t\t\t<\/div>\n\t\t<\/section>\n\t\t\t\t<section class=\"elementor-section elementor-top-section elementor-element elementor-element-aa01a1f elementor-section-boxed elementor-section-height-default elementor-section-height-default\" data-id=\"aa01a1f\" data-element_type=\"section\">\n\t\t\t\t\t\t<div class=\"elementor-container elementor-column-gap-wider\">\n\t\t\t\t\t<div class=\"elementor-column elementor-col-33 elementor-top-column elementor-element elementor-element-026d471\" data-id=\"026d471\" data-element_type=\"column\">\n\t\t\t<div class=\"elementor-widget-wrap elementor-element-populated\">\n\t\t\t\t\t\t<div class=\"elementor-element elementor-element-11faea8 elementor-widget elementor-widget-heading\" data-id=\"11faea8\" data-element_type=\"widget\" data-widget_type=\"heading.default\">\n\t\t\t\t<div class=\"elementor-widget-container\">\n\t\t\t\t\t<h2 class=\"elementor-heading-title elementor-size-default\">La Universidad Nebrija<\/h2>\t\t\t\t<\/div>\n\t\t\t\t<\/div>\n\t\t\t\t<div class=\"elementor-element elementor-element-611ad9b elementor-widget elementor-widget-text-editor\" data-id=\"611ad9b\" data-element_type=\"widget\" data-widget_type=\"text-editor.default\">\n\t\t\t\t<div class=\"elementor-widget-container\">\n\t\t\t\t\t\t\t\t\t<div id=\"bannerR\"><div id=\"div-gpt-ad-1474537762122-3\"><div id=\"google_ads_iframe_\/15188745\/Lipsum-Unit4_0__container__\">\u00a0<\/div><\/div><\/div><div class=\"boxed\"><div id=\"lipsum\"><p>No es una universidad cualquiera. Camonclass siempre ha presumido de ofrecer los m\u00e1s altos est\u00e1ndares de calidad en su formaci\u00f3n in company y no pod\u00eda ser menos con la formaci\u00f3n online. Recibir tu t\u00edtulo de la Universidad Nebrija al terminar tu formaci\u00f3n te otorga cr\u00e9ditos universitarios ETC (homologables en oposiciones) por parte de una universidad que ostenta estos rankings:<br \/>&#8211; Universidad Espa\u00f1ola N\u00famero 1 en el U-Ranking 2021 de la Fundaci\u00f3n BBVA y IVIE.<br \/>&#8211; 5 estrellas (m\u00e1xima puntuaci\u00f3n) en el ranking internacional QS Stars.<br \/>&#8211; Top 5 de Universidades Espa\u00f1olas en el ranking de la revista Forbes.<\/p><\/div><\/div>\t\t\t\t\t\t\t\t<\/div>\n\t\t\t\t<\/div>\n\t\t\t\t\t<\/div>\n\t\t<\/div>\n\t\t\t\t<div class=\"elementor-column elementor-col-66 elementor-top-column elementor-element elementor-element-ad185ea\" data-id=\"ad185ea\" data-element_type=\"column\">\n\t\t\t<div class=\"elementor-widget-wrap elementor-element-populated\">\n\t\t\t\t\t\t<div class=\"elementor-element elementor-element-f8be7ea elementor-widget elementor-widget-image\" data-id=\"f8be7ea\" data-element_type=\"widget\" data-widget_type=\"image.default\">\n\t\t\t\t<div class=\"elementor-widget-container\">\n\t\t\t\t\t\t\t\t\t\t\t\t\t\t\t<img decoding=\"async\" width=\"600\" height=\"600\" src=\"https:\/\/camonclass.com\/tienda\/wp-content\/uploads\/2022\/08\/v2_QUIENES-SOMOS-BLOQUE-2-def.png\" class=\"attachment-large size-large wp-image-943\" alt=\"\" srcset=\"https:\/\/camonclass.com\/tienda\/wp-content\/uploads\/2022\/08\/v2_QUIENES-SOMOS-BLOQUE-2-def.png 600w, https:\/\/camonclass.com\/tienda\/wp-content\/uploads\/2022\/08\/v2_QUIENES-SOMOS-BLOQUE-2-def-300x300.png 300w, https:\/\/camonclass.com\/tienda\/wp-content\/uploads\/2022\/08\/v2_QUIENES-SOMOS-BLOQUE-2-def-150x150.png 150w, https:\/\/camonclass.com\/tienda\/wp-content\/uploads\/2022\/08\/v2_QUIENES-SOMOS-BLOQUE-2-def-100x100.png 100w\" sizes=\"(max-width: 600px) 100vw, 600px\" \/>\t\t\t\t\t\t\t\t\t\t\t\t\t\t\t<\/div>\n\t\t\t\t<\/div>\n\t\t\t\t\t<\/div>\n\t\t<\/div>\n\t\t\t\t\t<\/div>\n\t\t<\/section>\n\t\t\t\t<section class=\"elementor-section elementor-top-section elementor-element elementor-element-bc1402a elementor-section-boxed elementor-section-height-default elementor-section-height-default\" data-id=\"bc1402a\" data-element_type=\"section\">\n\t\t\t\t\t\t<div class=\"elementor-container elementor-column-gap-wider\">\n\t\t\t\t\t<div class=\"elementor-column elementor-col-33 elementor-top-column elementor-element elementor-element-dce38d8\" data-id=\"dce38d8\" data-element_type=\"column\">\n\t\t\t<div class=\"elementor-widget-wrap elementor-element-populated\">\n\t\t\t\t\t\t<div class=\"elementor-element elementor-element-7316b42 elementor-widget elementor-widget-image\" data-id=\"7316b42\" data-element_type=\"widget\" data-widget_type=\"image.default\">\n\t\t\t\t<div class=\"elementor-widget-container\">\n\t\t\t\t\t\t\t\t\t\t\t\t\t\t\t<img decoding=\"async\" width=\"600\" height=\"600\" src=\"https:\/\/camonclass.com\/tienda\/wp-content\/uploads\/2022\/08\/v2_QUIENES-SOMOS-BLOQUE-3-def.png\" class=\"attachment-large size-large wp-image-944\" alt=\"\" srcset=\"https:\/\/camonclass.com\/tienda\/wp-content\/uploads\/2022\/08\/v2_QUIENES-SOMOS-BLOQUE-3-def.png 600w, https:\/\/camonclass.com\/tienda\/wp-content\/uploads\/2022\/08\/v2_QUIENES-SOMOS-BLOQUE-3-def-300x300.png 300w, https:\/\/camonclass.com\/tienda\/wp-content\/uploads\/2022\/08\/v2_QUIENES-SOMOS-BLOQUE-3-def-150x150.png 150w, https:\/\/camonclass.com\/tienda\/wp-content\/uploads\/2022\/08\/v2_QUIENES-SOMOS-BLOQUE-3-def-100x100.png 100w\" sizes=\"(max-width: 600px) 100vw, 600px\" \/>\t\t\t\t\t\t\t\t\t\t\t\t\t\t\t<\/div>\n\t\t\t\t<\/div>\n\t\t\t\t\t<\/div>\n\t\t<\/div>\n\t\t\t\t<div class=\"elementor-column elementor-col-66 elementor-top-column elementor-element elementor-element-b60ff43\" data-id=\"b60ff43\" data-element_type=\"column\">\n\t\t\t<div class=\"elementor-widget-wrap elementor-element-populated\">\n\t\t\t\t\t\t<div class=\"elementor-element elementor-element-e0f9204 elementor-widget elementor-widget-heading\" data-id=\"e0f9204\" data-element_type=\"widget\" data-widget_type=\"heading.default\">\n\t\t\t\t<div class=\"elementor-widget-container\">\n\t\t\t\t\t<h2 class=\"elementor-heading-title elementor-size-default\">Y 100% bonificable<\/h2>\t\t\t\t<\/div>\n\t\t\t\t<\/div>\n\t\t\t\t<div class=\"elementor-element elementor-element-e3598d6 elementor-widget elementor-widget-text-editor\" data-id=\"e3598d6\" data-element_type=\"widget\" data-widget_type=\"text-editor.default\">\n\t\t\t\t<div class=\"elementor-widget-container\">\n\t\t\t\t\t\t\t\t\t<div id=\"bannerR\">\n<div id=\"div-gpt-ad-1474537762122-3\">\n<div id=\"google_ads_iframe_\/15188745\/Lipsum-Unit4_0__container__\"><\/div>\n<\/div>\n<\/div>\n<div class=\"boxed\">\n<div id=\"lipsum\">\n\nCamonclass cuenta con dos d\u00e9cadas de experiencia realizando las gestiones de Fundae para que nuestros clientes recuperen la inversi\u00f3n realizada. Si es tu caso, tan solo rellena el cuestionario de contacto y te diremos los pasos para que puedas delegar en nosotros todas estas tareas, bonificarte la totalidad del curso, y no tener que realizar ning\u00fan pesado tr\u00e1mite.\n\n<\/div>\n<\/div>\t\t\t\t\t\t\t\t<\/div>\n\t\t\t\t<\/div>\n\t\t\t\t\t<\/div>\n\t\t<\/div>\n\t\t\t\t\t<\/div>\n\t\t<\/section>\n\t\t\t\t<\/div>\n\t\t","protected":false},"excerpt":{"rendered":"<p>Qui\u00e9nes somos \u00bfQui\u00e9nes somos? Camonclass somos una escuela de formaci\u00f3n a empresas con 20 a\u00f1os de experiencia. Fuimos pioneros en la formaci\u00f3n exclusivamente in-company de todo tipo de materias, en especial idiomas e inform\u00e1tica, en el \u00e1mbito empresarial espa\u00f1ol. Muy pronto a\u00f1adimos la formaci\u00f3n online a nuestra oferta, que en la actualidad cuenta con m\u00e1s&hellip;&nbsp;<a href=\"https:\/\/camonclass.com\/tienda\/quienes-somos\/\" rel=\"bookmark\">Leer m\u00e1s &raquo;<span class=\"screen-reader-text\">Quienes somos<\/span><\/a><\/p>\n","protected":false},"author":5,"featured_media":0,"parent":0,"menu_order":0,"comment_status":"closed","ping_status":"closed","template":"page-templates\/template-pagebuilder-full-width.php","meta":{"neve_meta_sidebar":"full-width","neve_meta_container":"","neve_meta_enable_content_width":"on","neve_meta_content_width":100,"neve_meta_title_alignment":"","neve_meta_author_avatar":"","neve_post_elements_order":"","neve_meta_disable_header":"","neve_meta_disable_footer":"","neve_meta_disable_title":"","footnotes":""},"class_list":["post-420","page","type-page","status-publish","hentry"],"_links":{"self":[{"href":"https:\/\/camonclass.com\/tienda\/wp-json\/wp\/v2\/pages\/420","targetHints":{"allow":["GET"]}}],"collection":[{"href":"https:\/\/camonclass.com\/tienda\/wp-json\/wp\/v2\/pages"}],"about":[{"href":"https:\/\/camonclass.com\/tienda\/wp-json\/wp\/v2\/types\/page"}],"author":[{"embeddable":true,"href":"https:\/\/camonclass.com\/tienda\/wp-json\/wp\/v2\/users\/5"}],"replies":[{"embeddable":true,"href":"https:\/\/camonclass.com\/tienda\/wp-json\/wp\/v2\/comments?post=420"}],"version-history":[{"count":14,"href":"https:\/\/camonclass.com\/tienda\/wp-json\/wp\/v2\/pages\/420\/revisions"}],"predecessor-version":[{"id":947,"href":"https:\/\/camonclass.com\/tienda\/wp-json\/wp\/v2\/pages\/420\/revisions\/947"}],"wp:attachment":[{"href":"https:\/\/camonclass.com\/tienda\/wp-json\/wp\/v2\/media?parent=420"}],"curies":[{"name":"wp","href":"https:\/\/api.w.org\/{rel}","templated":true}]}}