{"id":605,"date":"2022-07-25T16:38:08","date_gmt":"2022-07-25T16:38:08","guid":{"rendered":"https:\/\/camonclass.vertice.org\/formacion\/analisis-y-gestion-de-los-instrumentos-de-cobro-y-pago\/"},"modified":"2022-07-25T16:38:08","modified_gmt":"2022-07-25T16:38:08","slug":"analisis-y-gestion-de-los-instrumentos-de-cobro-y-pago","status":"publish","type":"product","link":"https:\/\/camonclass.com\/tienda\/formacion\/analisis-y-gestion-de-los-instrumentos-de-cobro-y-pago\/","title":{"rendered":"An\u00e1lisis y gesti\u00f3n de los instrumentos de cobro y pago"},"content":{"rendered":"<p><strong>M\u00f3dulo 1. Medios de cobro y pago.<\/strong><\/p>\n<p><strong>UD1. Introducci\u00f3n.<\/strong><\/p>\n<p><strong>UD2. El cheque.<\/strong><UL>2.1. Caracter\u00edsticas.<br \/>2.2. Funciones.<\/UL><\/p>\n<p><strong>UD3. La letra de cambio.<\/strong><UL>3.1. Caracter\u00edsticas.<br \/>3.2. Funciones.<\/UL><\/p>\n<p><strong>UD4. El pagar\u00e9.<\/strong><UL>4.1. Caracter\u00edsticas.<br \/>4.2. Funciones.<\/UL><\/p>\n<p><strong>UD5. El efectivo.<\/strong><\/p>\n<p><strong>UD6. Tarjetas de d\u00e9bito y cr\u00e9dito.<\/strong><UL>6.1. Funcionamiento.<br \/>6.2. L\u00edmites.<br \/>6.3. Amortizaci\u00f3n.<\/UL><\/p>\n<p><strong>UD7. Medios de pago habituales en operaciones de comercio internacional.<\/strong><UL>7.1. Cr\u00e9dito documentario. Clases.<br \/>7.2. Remesa documentaria.<br \/>7.3. Orden de pago documentaria.<br \/>7.4. Remesa simple.<br \/>7.5. Orden de pago simple.<br \/>7.6. Transferencia internacional.<br \/>7.7. Cheque bancario y cheque personal.<\/UL><\/p>\n<p><strong>M\u00f3dulo 2. Los libros registro de tesorer\u00eda.<\/strong><\/p>\n<p><strong>UD1. Introducci\u00f3n.<\/strong><\/p>\n<p><strong>UD2. Los libros registro de tesorer\u00eda.<\/strong><\/p>\n<p><strong>UD3. El libro de caja.<\/strong><UL>3.1. Estructura y contenido.<br \/>3.2. Finalidad.<\/UL><\/p>\n<p><strong>UD4. El arqueo de caja.<\/strong><UL>4.1. Concepto.<br \/>4.2. Forma de realizaci\u00f3n.<\/UL><\/p>\n<p><strong>UD5. La conciliaci\u00f3n bancaria.<\/strong><UL>5.1. Concepto.<br \/>5.2. Documentos necesarios.<br \/>5.3. Forma de realizaci\u00f3n.<\/UL><\/p>\n<p><strong>UD6. Efectos descontados y efectos en gesti\u00f3n de cobro.<\/strong><UL>6.1. L\u00ednea de descuento.<br \/>6.2. Remesas al descuento.<br \/>6.3. Control de efectos descontados pendientes de vencimiento.<br \/>6.4. Control de efectos en gesti\u00f3n de cobro.<\/UL><\/p>\n","protected":false},"excerpt":{"rendered":"<ul>\n<li>Analizar la normativa y las principales caracter\u00edsticas de los instrumentos de cobro y pago convencionales y telem\u00e1ticos.<\/li>\n<li>Determinar la documentaci\u00f3n correspondiente a los distintos instrumentos de cobro y pago convencionales y telem\u00e1ticos cumpliment\u00e1ndola de manera correcta.<\/li>\n<li>Realizar los c\u00e1lculos relativos a las operaciones de tesorer\u00eda aplicando la legislaci\u00f3n mercantil que regula los procedimientos relacionados con los instrumentos de cobro y pago convencionales y telem\u00e1ticos.<\/li>\n<\/ul>\n","protected":false},"featured_media":597,"comment_status":"open","ping_status":"closed","template":"","meta":{"neve_meta_sidebar":"","neve_meta_container":"","neve_meta_enable_content_width":"","neve_meta_content_width":0,"neve_meta_title_alignment":"","neve_meta_author_avatar":"","neve_post_elements_order":"","neve_meta_disable_header":"","neve_meta_disable_footer":"","neve_meta_disable_title":""},"product_brand":[],"product_cat":[24,22,23],"product_tag":[],"class_list":{"0":"post-605","1":"product","2":"type-product","3":"status-publish","4":"has-post-thumbnail","6":"product_cat-administracion-y-gestion","7":"product_cat-cursos","8":"product_cat-cursos-de-especializacion","10":"first","11":"instock","12":"sold-individually","13":"shipping-taxable","14":"purchasable","15":"product-type-simple"},"_links":{"self":[{"href":"https:\/\/camonclass.com\/tienda\/wp-json\/wp\/v2\/product\/605","targetHints":{"allow":["GET"]}}],"collection":[{"href":"https:\/\/camonclass.com\/tienda\/wp-json\/wp\/v2\/product"}],"about":[{"href":"https:\/\/camonclass.com\/tienda\/wp-json\/wp\/v2\/types\/product"}],"replies":[{"embeddable":true,"href":"https:\/\/camonclass.com\/tienda\/wp-json\/wp\/v2\/comments?post=605"}],"wp:featuredmedia":[{"embeddable":true,"href":"https:\/\/camonclass.com\/tienda\/wp-json\/wp\/v2\/media\/597"}],"wp:attachment":[{"href":"https:\/\/camonclass.com\/tienda\/wp-json\/wp\/v2\/media?parent=605"}],"wp:term":[{"taxonomy":"product_brand","embeddable":true,"href":"https:\/\/camonclass.com\/tienda\/wp-json\/wp\/v2\/product_brand?post=605"},{"taxonomy":"product_cat","embeddable":true,"href":"https:\/\/camonclass.com\/tienda\/wp-json\/wp\/v2\/product_cat?post=605"},{"taxonomy":"product_tag","embeddable":true,"href":"https:\/\/camonclass.com\/tienda\/wp-json\/wp\/v2\/product_tag?post=605"}],"curies":[{"name":"wp","href":"https:\/\/api.w.org\/{rel}","templated":true}]}}