{"id":607,"date":"2022-07-25T16:38:08","date_gmt":"2022-07-25T16:38:08","guid":{"rendered":"https:\/\/camonclass.vertice.org\/formacion\/apoyo-administrativo-a-la-gestion-de-recursos-humanos\/"},"modified":"2022-07-25T16:38:08","modified_gmt":"2022-07-25T16:38:08","slug":"apoyo-administrativo-a-la-gestion-de-recursos-humanos","status":"publish","type":"product","link":"https:\/\/camonclass.com\/tienda\/formacion\/apoyo-administrativo-a-la-gestion-de-recursos-humanos\/","title":{"rendered":"Apoyo administrativo a la gesti\u00f3n de recursos humanos"},"content":{"rendered":"<p><strong>UD1. Organizaci\u00f3n del trabajo y Recursos Humanos.<\/strong><UL>1.1. Divisi\u00f3n del trabajo y funciones.<br \/>1.2. Funciones espec\u00edficas del Departamento de Recursos Humanos.<\/UL><\/p>\n<p><strong>UD2. Reclutamiento y selecci\u00f3n de personal.<\/strong><UL>2.1. Detecci\u00f3n de necesidades de contrataci\u00f3n.<br \/>2.2. Determinaci\u00f3n del perfil del candidato y oferta de empleo.<br \/>2.3. Soporte documental e inform\u00e1tico en el proceso de selecci\u00f3n.<br \/>2.4. Citaci\u00f3n de los candidatos a las pruebas de selecci\u00f3n.<br \/>2.5. Soporte documental de las pruebas de selecci\u00f3n.<br \/>2.6. Documentaci\u00f3n de los resultados de la selecci\u00f3n.<\/UL><\/p>\n<p><strong>UD3. La Formaci\u00f3n de Recursos Humanos.<\/strong><UL>3.1. La Formaci\u00f3n en el Plan Estrat\u00e9gico de la Empresa.<br \/>3.2. Determinaci\u00f3n de las necesidades de formaci\u00f3n.<br \/>3.3. El Proyecto de Formaci\u00f3n en la empresa.<br \/>3.4. Tipos de formaci\u00f3n a impartir en la empresa.<br \/>3.5. La oferta formativa para empresas y trabajadores.<br \/>3.6. Gesti\u00f3n de la Formaci\u00f3n.<\/UL><\/p>\n<p><strong>UD4. Evaluaci\u00f3n del desempe\u00f1o del puesto de trabajo.<\/strong><UL>4.1. Programas de evaluaci\u00f3n del desempe\u00f1o del puesto de trabajo.<br \/>4.2. Los recursos humanos como capital humano.<br \/>4.3. La Gesti\u00f3n del Talento.<\/UL><\/p>\n","protected":false},"excerpt":{"rendered":"<ul>\n<li>Aplicar procedimientos administrativos en procesos de selecci\u00f3n de recursos humanos utilizando los m\u00e9todos y sistemas m\u00e1s adecuados.<\/li>\n<li>Aplicar procedimientos administrativos de gesti\u00f3n de la formaci\u00f3n para introducir procesos de mejora continua en la capacitaci\u00f3n de los recursos humanos utilizando los m\u00e9todos y sistemas m\u00e1s adecuados.<\/li>\n<li>Aplicar procedimientos administrativos para la gesti\u00f3n ascensos y promoci\u00f3n del desarrollo profesional y personal.<\/li>\n<\/ul>\n","protected":false},"featured_media":597,"comment_status":"open","ping_status":"closed","template":"","meta":{"neve_meta_sidebar":"","neve_meta_container":"","neve_meta_enable_content_width":"","neve_meta_content_width":0,"neve_meta_title_alignment":"","neve_meta_author_avatar":"","neve_post_elements_order":"","neve_meta_disable_header":"","neve_meta_disable_footer":"","neve_meta_disable_title":""},"product_brand":[],"product_cat":[24,22,23],"product_tag":[],"class_list":{"0":"post-607","1":"product","2":"type-product","3":"status-publish","4":"has-post-thumbnail","6":"product_cat-administracion-y-gestion","7":"product_cat-cursos","8":"product_cat-cursos-de-especializacion","10":"first","11":"instock","12":"sold-individually","13":"shipping-taxable","14":"purchasable","15":"product-type-simple"},"_links":{"self":[{"href":"https:\/\/camonclass.com\/tienda\/wp-json\/wp\/v2\/product\/607","targetHints":{"allow":["GET"]}}],"collection":[{"href":"https:\/\/camonclass.com\/tienda\/wp-json\/wp\/v2\/product"}],"about":[{"href":"https:\/\/camonclass.com\/tienda\/wp-json\/wp\/v2\/types\/product"}],"replies":[{"embeddable":true,"href":"https:\/\/camonclass.com\/tienda\/wp-json\/wp\/v2\/comments?post=607"}],"wp:featuredmedia":[{"embeddable":true,"href":"https:\/\/camonclass.com\/tienda\/wp-json\/wp\/v2\/media\/597"}],"wp:attachment":[{"href":"https:\/\/camonclass.com\/tienda\/wp-json\/wp\/v2\/media?parent=607"}],"wp:term":[{"taxonomy":"product_brand","embeddable":true,"href":"https:\/\/camonclass.com\/tienda\/wp-json\/wp\/v2\/product_brand?post=607"},{"taxonomy":"product_cat","embeddable":true,"href":"https:\/\/camonclass.com\/tienda\/wp-json\/wp\/v2\/product_cat?post=607"},{"taxonomy":"product_tag","embeddable":true,"href":"https:\/\/camonclass.com\/tienda\/wp-json\/wp\/v2\/product_tag?post=607"}],"curies":[{"name":"wp","href":"https:\/\/api.w.org\/{rel}","templated":true}]}}