{"id":618,"date":"2022-07-25T16:38:10","date_gmt":"2022-07-25T16:38:10","guid":{"rendered":"https:\/\/camonclass.vertice.org\/formacion\/gestion-auxiliar-de-personal\/"},"modified":"2022-07-25T16:38:10","modified_gmt":"2022-07-25T16:38:10","slug":"gestion-auxiliar-de-personal","status":"publish","type":"product","link":"https:\/\/camonclass.com\/tienda\/formacion\/gestion-auxiliar-de-personal\/","title":{"rendered":"Gesti\u00f3n auxiliar de personal"},"content":{"rendered":"<p><strong>UD1. Normativa Laboral y de Organizaci\u00f3n de las Relaciones Laborales en la Empresa.<\/strong><UL>1.1. Normas Laborales constitucionales.<br \/>1.2. El Estatuto de los Trabajadores.<br \/>1.3. Ley General de la Seguridad Social.<br \/>1.4. Convenios Colectivos.<\/UL><\/p>\n<p><strong>UD2. El Contrato de Trabajo.<\/strong><UL>2.1. Requisitos.<br \/>2.2. Partes del contrato: Trabajador. Empresario.<br \/>2.3. Forma del contrato.<br \/>2.4. Validez.<br \/>2.5. Duraci\u00f3n.<br \/>2.6. Modalidades de contratos.<br \/>2.7. Obtenci\u00f3n de los modelos de contratos en las p\u00e1ginas oficiales de la administraci\u00f3n.<br \/>2.8. Cumplimentaci\u00f3n de modelos de contratos con medios inform\u00e1ticos.<br \/>2.9. Comunicaci\u00f3n de las modalidades de contrataci\u00f3n laboral.<br \/>2.10. La jornada de trabajo.<br \/>2.11. Modificaci\u00f3n del contrato.<br \/>2.12. Suspensi\u00f3n contractual del contrato.<br \/>2.13. Extinci\u00f3n del contrato.<br \/>2.14. El despido objetivo.<br \/>2.15. El despido colectivo.<br \/>2.16. El despido disciplinario.<br \/>2.17. El finiquito.<\/UL><\/p>\n<p><strong>UD3. Retribuci\u00f3n Salarial y Actuaci\u00f3n ante la Seguridad Social.<\/strong><UL>3.1. Estructura salarial.<br \/>3.2. Estructura del recibo de salario.<br \/>3.3. El salario m\u00ednimo interprofesional.<br \/>3.4. Pago del salario: tiempo lugar y forma.<br \/>3.5. Garant\u00edas salariales.<br \/>3.6. Reg\u00edmenes de la Seguridad Social.<br \/>3.7. Inscripci\u00f3n de la empresa en la Seguridad Social.<br \/>3.8. Afiliaci\u00f3n. Altas. Bajas.<br \/>3.9. Obligaci\u00f3n de cotizar a la Seguridad Social.<br \/>3.10. Per\u00edodo de formalizaci\u00f3n liquidaci\u00f3n y pago.<br \/>3.11. Responsabilidad del empresario ante la Seguridad Social.<br \/>3.12. Sistema electr\u00f3nico de comunicaci\u00f3n de datos. Autorizaci\u00f3n. Funcionamiento. Cotizaci\u00f3n.<br \/>3.13. Infracciones.<br \/>3.14. Sanciones.<br \/>3.15. C\u00e1lculo de la retribuci\u00f3n y cotizaci\u00f3n utilizando medios inform\u00e1ticos.<br \/>3.16. Actualizaci\u00f3n de tablas baremos y referencias de datos de los trabajadores.<br \/>3.17. Creaci\u00f3n de ficheros para remisi\u00f3n electr\u00f3nica a la Seguridad Social y a entidades financieras.<\/UL><\/p>\n<p><strong>UD4. Gesti\u00f3n de Recursos Humanos.<\/strong><UL>4.1. Selecci\u00f3n de Personal.<br \/>4.2. Formaci\u00f3n de Recursos Humanos.<br \/>4.3. Control de Personal.<br \/>4.4. Aplicaciones inform\u00e1ticas para la gesti\u00f3n de Recursos Humanos.<br \/>4.5. Fundamentos y principios b\u00e1sicos de un modelo de calidad total.<br \/>4.6. Normas de protecci\u00f3n de datos.<br \/>4.7. Prevenci\u00f3n de riesgos laborales.<br \/>4.8. Normas b\u00e1sicas de protecci\u00f3n del medio ambiente en el \u00e1mbito laboral.<\/UL><\/p>\n","protected":false},"excerpt":{"rendered":"<ul>\n<li>Una vez finalizado el M\u00f3dulo el alumno ser\u00e1 capaz de efectuar las actividades de apoyo administrativo de Recursos Humanos.<\/li>\n<li>En concreto el alumno ser\u00e1 capaz de: Organizar la informaci\u00f3n referente a los procesos de captaci\u00f3n selecci\u00f3n comunicaci\u00f3n interna formaci\u00f3n desarrollo y compensaci\u00f3n y beneficios utilizando las herramientas inform\u00e1ticas proporcionadas.<\/li>\n<li>Preparar la documentaci\u00f3n los materiales y otros elementos necesarios en la selecci\u00f3n formaci\u00f3n y desarrollo de los recursos humanos atendiendo a criterios y normas de calidad.<\/li>\n<li>Elaborar la documentaci\u00f3n derivada del proceso de contrataci\u00f3n finalizaci\u00f3n y dem\u00e1s variaciones de la situaci\u00f3n laboral utilizando los medios inform\u00e1ticos m\u00e1s habituales.<\/li>\n<li>Obtener la documentaci\u00f3n necesaria para el pago de las retribuciones al personal de la cotizaci\u00f3n a la Seguridad Social y de las retenciones a cuenta del IRPF demostrando rigurosidad y contemplando la normativa correspondiente.<\/li>\n<li>Elaborar la documentaci\u00f3n de control de las incidencias relativas al desarrollo de la actividad laboral de los empleados observando la legislaci\u00f3n vigente y las normas de comunicaci\u00f3n interna establecidas.<\/li>\n<li>Utilizar aplicaciones de gesti\u00f3n de recursos humanos relacionadas con el control presencial la tramitaci\u00f3n de los contratos del salario y de las cotizaciones as\u00ed como con el seguimiento de la formaci\u00f3n de los empleados.<\/li>\n<\/ul>\n","protected":false},"featured_media":597,"comment_status":"open","ping_status":"closed","template":"","meta":{"neve_meta_sidebar":"","neve_meta_container":"","neve_meta_enable_content_width":"","neve_meta_content_width":0,"neve_meta_title_alignment":"","neve_meta_author_avatar":"","neve_post_elements_order":"","neve_meta_disable_header":"","neve_meta_disable_footer":"","neve_meta_disable_title":""},"product_brand":[],"product_cat":[24,22,23],"product_tag":[],"class_list":{"0":"post-618","1":"product","2":"type-product","3":"status-publish","4":"has-post-thumbnail","6":"product_cat-administracion-y-gestion","7":"product_cat-cursos","8":"product_cat-cursos-de-especializacion","10":"first","11":"instock","12":"sold-individually","13":"shipping-taxable","14":"purchasable","15":"product-type-simple"},"_links":{"self":[{"href":"https:\/\/camonclass.com\/tienda\/wp-json\/wp\/v2\/product\/618","targetHints":{"allow":["GET"]}}],"collection":[{"href":"https:\/\/camonclass.com\/tienda\/wp-json\/wp\/v2\/product"}],"about":[{"href":"https:\/\/camonclass.com\/tienda\/wp-json\/wp\/v2\/types\/product"}],"replies":[{"embeddable":true,"href":"https:\/\/camonclass.com\/tienda\/wp-json\/wp\/v2\/comments?post=618"}],"wp:featuredmedia":[{"embeddable":true,"href":"https:\/\/camonclass.com\/tienda\/wp-json\/wp\/v2\/media\/597"}],"wp:attachment":[{"href":"https:\/\/camonclass.com\/tienda\/wp-json\/wp\/v2\/media?parent=618"}],"wp:term":[{"taxonomy":"product_brand","embeddable":true,"href":"https:\/\/camonclass.com\/tienda\/wp-json\/wp\/v2\/product_brand?post=618"},{"taxonomy":"product_cat","embeddable":true,"href":"https:\/\/camonclass.com\/tienda\/wp-json\/wp\/v2\/product_cat?post=618"},{"taxonomy":"product_tag","embeddable":true,"href":"https:\/\/camonclass.com\/tienda\/wp-json\/wp\/v2\/product_tag?post=618"}],"curies":[{"name":"wp","href":"https:\/\/api.w.org\/{rel}","templated":true}]}}