{"id":619,"date":"2022-07-25T16:38:10","date_gmt":"2022-07-25T16:38:10","guid":{"rendered":"https:\/\/camonclass.vertice.org\/formacion\/obtencion-de-informacion-de-trascendencia-tributaria-del-contribuyente\/"},"modified":"2022-07-25T16:38:10","modified_gmt":"2022-07-25T16:38:10","slug":"obtencion-de-informacion-de-trascendencia-tributaria-del-contribuyente","status":"publish","type":"product","link":"https:\/\/camonclass.com\/tienda\/formacion\/obtencion-de-informacion-de-trascendencia-tributaria-del-contribuyente\/","title":{"rendered":"Obtenci\u00f3n de informaci\u00f3n de trascendencia tributaria del contribuyente"},"content":{"rendered":"<p><strong>UD1. La informaci\u00f3n de trascendencia tributaria.<\/strong><UL>1.1. T\u00e9cnicas de identificaci\u00f3n de documentos con trascendencia tributaria de los contribuyentes.<br \/>1.2. Instrumentos de observaci\u00f3n.<br \/>1.3. Informaci\u00f3n de entidades bancarias.<br \/>1.4. Diligencias de constancia de hechos e informes.<\/UL><\/p>\n<p><strong>UD2. B\u00fasqueda y obtenci\u00f3n de informaci\u00f3n en bases de datos de la Administraci\u00f3n tributaria y otros organismos.<\/strong><UL>2.1. Bases de datos de contenido tributario espec\u00edficas de la Administraci\u00f3n tributaria.<br \/>2.2. Bases de datos de contenido tributario externas: Seguridad Social u otras.<br \/>2.3. Operaciones de tablas.<br \/>2.4. B\u00fasquedas en bases de datos de contenido tributario.<br \/>2.5. Optimizaci\u00f3n de la obtenci\u00f3n y recuperaci\u00f3n de Bases de datos de contenido tributario.<br \/>2.6. Lenguajes de consultas.<br \/>2.7. Herramientas de b\u00fasqueda.<br \/>2.8. Presentaci\u00f3n de la informaci\u00f3n.<br \/>2.9. Informes sobre las actuaciones de obtenci\u00f3n de informaci\u00f3n.<br \/>2.10. T\u00e9cnicas de protecci\u00f3n de datos y confidencialidad en bases de datos de contenido tributario.<br \/>2.11. Informaci\u00f3n con trascendencia tributaria en organismos p\u00fablicos y registros oficiales.<\/UL><\/p>\n<p><strong>UD3. Obtenci\u00f3n de informaci\u00f3n de los obligados tributarios de forma directa.<\/strong><UL>3.1. Obtenci\u00f3n de informaci\u00f3n con trascendencia tributaria.<br \/>3.2. La entrevista con trascendencia tributaria.<br \/>3.3. Comunicaci\u00f3n formal previa a la visita.<br \/>3.4. Protocolos de actuaci\u00f3n en la visita.<br \/>3.5. Protocolo durante la visita.<br \/>3.6. El escenario de observaci\u00f3n.<br \/>3.7. Derechos y deberes de los intervinientes.<br \/>3.8. Soluci\u00f3n a los problemas en el lugar de la visita.<\/UL><\/p>\n<p><strong>UD4. La protecci\u00f3n de datos de transcendencia tributaria de los contribuyentes.<\/strong><UL>4.1. Normativa de Protecci\u00f3n de Datos de Car\u00e1cter Personal.<br \/>4.2. Deber de secreto.<br \/>4.3. Datos de car\u00e1cter personal.<br \/>4.4. Ficheros de car\u00e1cter personal.<br \/>4.5. Ejercicio del derecho de acceso.<br \/>4.6. Medidas de seguridad.<br \/>4.7. La gesti\u00f3n de incidencias.<br \/>4.8. T\u00e9cnicas de protecci\u00f3n de datos y confidencialidad en la obtenci\u00f3n de informaci\u00f3n de contribuyentes organismos p\u00fablicos y registros oficiales.<\/UL><\/p>\n","protected":false},"excerpt":{"rendered":"<ul>\n<li>Una vez finalizado el M\u00f3dulo el alumno ser\u00e1 capaz de obtener y diligenciar la informaci\u00f3n de transcendencia tributaria de los contribuyentes.<\/li>\n<li>En concreto el alumno ser\u00e1 capaz de: Utilizar aplicaciones inform\u00e1ticas de bases de datos de las Administraciones tributarias al objeto de obtener informaci\u00f3n de trascendencia tributaria con rapidez y precisi\u00f3n de acuerdo con la legislaci\u00f3n vigente.<\/li>\n<li>Aplicar procedimientos de b\u00fasqueda y obtenci\u00f3n de informaci\u00f3n en procesos de requerimiento de informaci\u00f3n tributaria seg\u00fan lo establecido en la legislaci\u00f3n tributaria.<\/li>\n<li>Emplear t\u00e9cnicas de b\u00fasqueda de informaci\u00f3n de trascendencia tributaria en archivos y registros p\u00fablicos y privados en funci\u00f3n de su naturaleza.<\/li>\n<li>Aplicar t\u00e9cnicas de entrevista en la obtenci\u00f3n y verificaci\u00f3n de informaci\u00f3n de trascendencia tributaria identificando los elementos y\/o par\u00e1metros buscados en los distintos procedimientos tributarios.<\/li>\n<li>Desarrollar el protocolo de protecci\u00f3n de datos al objeto de identificar las medidas de seguridad de la informaci\u00f3n de acuerdo con la legislaci\u00f3n vigente.<\/li>\n<\/ul>\n","protected":false},"featured_media":597,"comment_status":"open","ping_status":"closed","template":"","meta":{"neve_meta_sidebar":"","neve_meta_container":"","neve_meta_enable_content_width":"","neve_meta_content_width":0,"neve_meta_title_alignment":"","neve_meta_author_avatar":"","neve_post_elements_order":"","neve_meta_disable_header":"","neve_meta_disable_footer":"","neve_meta_disable_title":""},"product_brand":[],"product_cat":[24,22,23],"product_tag":[],"class_list":{"0":"post-619","1":"product","2":"type-product","3":"status-publish","4":"has-post-thumbnail","6":"product_cat-administracion-y-gestion","7":"product_cat-cursos","8":"product_cat-cursos-de-especializacion","10":"first","11":"instock","12":"sold-individually","13":"shipping-taxable","14":"purchasable","15":"product-type-simple"},"_links":{"self":[{"href":"https:\/\/camonclass.com\/tienda\/wp-json\/wp\/v2\/product\/619","targetHints":{"allow":["GET"]}}],"collection":[{"href":"https:\/\/camonclass.com\/tienda\/wp-json\/wp\/v2\/product"}],"about":[{"href":"https:\/\/camonclass.com\/tienda\/wp-json\/wp\/v2\/types\/product"}],"replies":[{"embeddable":true,"href":"https:\/\/camonclass.com\/tienda\/wp-json\/wp\/v2\/comments?post=619"}],"wp:featuredmedia":[{"embeddable":true,"href":"https:\/\/camonclass.com\/tienda\/wp-json\/wp\/v2\/media\/597"}],"wp:attachment":[{"href":"https:\/\/camonclass.com\/tienda\/wp-json\/wp\/v2\/media?parent=619"}],"wp:term":[{"taxonomy":"product_brand","embeddable":true,"href":"https:\/\/camonclass.com\/tienda\/wp-json\/wp\/v2\/product_brand?post=619"},{"taxonomy":"product_cat","embeddable":true,"href":"https:\/\/camonclass.com\/tienda\/wp-json\/wp\/v2\/product_cat?post=619"},{"taxonomy":"product_tag","embeddable":true,"href":"https:\/\/camonclass.com\/tienda\/wp-json\/wp\/v2\/product_tag?post=619"}],"curies":[{"name":"wp","href":"https:\/\/api.w.org\/{rel}","templated":true}]}}