{"id":636,"date":"2022-07-25T16:38:13","date_gmt":"2022-07-25T16:38:13","guid":{"rendered":"https:\/\/camonclass.vertice.org\/formacion\/animacion-y-presentacion-del-producto-en-el-punto-de-venta\/"},"modified":"2022-07-25T16:38:13","modified_gmt":"2022-07-25T16:38:13","slug":"animacion-y-presentacion-del-producto-en-el-punto-de-venta","status":"publish","type":"product","link":"https:\/\/camonclass.com\/tienda\/formacion\/animacion-y-presentacion-del-producto-en-el-punto-de-venta\/","title":{"rendered":"Animaci\u00f3n y presentaci\u00f3n del producto en el punto de venta"},"content":{"rendered":"<p><strong>UD1. Organizaci\u00f3n del Punto de Venta.<\/strong><UL>1.1. Conceptos b\u00e1sicos de la organizaci\u00f3n y distribuci\u00f3n de espacios comerciales: la implantaci\u00f3n de productos.<br \/>1.2. Criterios de implantaci\u00f3n del producto.<br \/>1.3. Comportamiento del cliente en el punto de venta.<br \/>1.4. Espacio comercial.<br \/>1.5. Gesti\u00f3n del lineal.<br \/>1.6. Distribuci\u00f3n de familias de art\u00edculos en el lineal.<br \/>1.7. Orden y limpieza en el punto de venta.<br \/>1.8. Normas de seguridad e higiene en el punto de venta.<\/UL><\/p>\n<p><strong>UD2. Animaci\u00f3n B\u00e1sica en el Punto de Venta.<\/strong><UL>2.1. Factores b\u00e1sicos de animaci\u00f3n del punto de venta.<br \/>2.2. Equipo y mobiliario comercial b\u00e1sico.<br \/>2.3. Presencia visual de productos en el lineal.<br \/>2.4. Calentamiento de zonas fr\u00edas en el punto de venta.<br \/>2.5. La publicidad en el lugar de venta.<br \/>2.6. Cartel\u00edstica en el punto de venta.<br \/>2.7. M\u00e1quinas expendedoras: Vending.<\/UL><\/p>\n<p><strong>UD3. Presentaci\u00f3n y Empaquetado de Productos para la Venta.<\/strong><UL>3.1. Empaquetado comercial.<br \/>3.2. T\u00e9cnicas de empaquetado y embalado comercial.<br \/>3.3. Utilizaci\u00f3n de materiales para el empaquetado.<br \/>3.4. Colocaci\u00f3n de adornos adecuados a cada campa\u00f1a y tipo de producto.<br \/>3.5. Plantillas y acabados.<\/UL><\/p>\n<p><strong>UD4. Elaboraci\u00f3n de Informes Comerciales sobre la Venta.<\/strong><UL>4.1. Conceptos y finalidad de informes de ventas.<br \/>4.2. Estructura de un informe.<br \/>4.3. Elaboraci\u00f3n de informes comerciales.<\/UL><\/p>\n","protected":false},"excerpt":{"rendered":"<ul>\n<li>Aplicar procedimientos de organizaci\u00f3n e implantaci\u00f3n en el punto de venta f\u00edsico en funci\u00f3n de unos criterios comerciales previamente definidos.<\/li>\n<li>Confeccionar informes derivados de la actuaci\u00f3n en la venta de acuerdo con objetivos definidos.<\/li>\n<li>Aplicar las t\u00e9cnicas de empaquetado y embalado siguiendo criterios definidos.<\/li>\n<\/ul>\n","protected":false},"featured_media":633,"comment_status":"open","ping_status":"closed","template":"","meta":{"neve_meta_sidebar":"","neve_meta_container":"","neve_meta_enable_content_width":"","neve_meta_content_width":0,"neve_meta_title_alignment":"","neve_meta_author_avatar":"","neve_post_elements_order":"","neve_meta_disable_header":"","neve_meta_disable_footer":"","neve_meta_disable_title":""},"product_brand":[],"product_cat":[25,22,23],"product_tag":[],"class_list":{"0":"post-636","1":"product","2":"type-product","3":"status-publish","4":"has-post-thumbnail","6":"product_cat-comercio-y-marketing","7":"product_cat-cursos","8":"product_cat-cursos-de-especializacion","10":"first","11":"instock","12":"sold-individually","13":"shipping-taxable","14":"purchasable","15":"product-type-simple"},"_links":{"self":[{"href":"https:\/\/camonclass.com\/tienda\/wp-json\/wp\/v2\/product\/636","targetHints":{"allow":["GET"]}}],"collection":[{"href":"https:\/\/camonclass.com\/tienda\/wp-json\/wp\/v2\/product"}],"about":[{"href":"https:\/\/camonclass.com\/tienda\/wp-json\/wp\/v2\/types\/product"}],"replies":[{"embeddable":true,"href":"https:\/\/camonclass.com\/tienda\/wp-json\/wp\/v2\/comments?post=636"}],"wp:featuredmedia":[{"embeddable":true,"href":"https:\/\/camonclass.com\/tienda\/wp-json\/wp\/v2\/media\/633"}],"wp:attachment":[{"href":"https:\/\/camonclass.com\/tienda\/wp-json\/wp\/v2\/media?parent=636"}],"wp:term":[{"taxonomy":"product_brand","embeddable":true,"href":"https:\/\/camonclass.com\/tienda\/wp-json\/wp\/v2\/product_brand?post=636"},{"taxonomy":"product_cat","embeddable":true,"href":"https:\/\/camonclass.com\/tienda\/wp-json\/wp\/v2\/product_cat?post=636"},{"taxonomy":"product_tag","embeddable":true,"href":"https:\/\/camonclass.com\/tienda\/wp-json\/wp\/v2\/product_tag?post=636"}],"curies":[{"name":"wp","href":"https:\/\/api.w.org\/{rel}","templated":true}]}}