{"id":644,"date":"2022-07-25T16:38:14","date_gmt":"2022-07-25T16:38:14","guid":{"rendered":"https:\/\/camonclass.vertice.org\/formacion\/promociones-en-espacios-comerciales\/"},"modified":"2022-07-25T16:38:14","modified_gmt":"2022-07-25T16:38:14","slug":"promociones-en-espacios-comerciales","status":"publish","type":"product","link":"https:\/\/camonclass.com\/tienda\/formacion\/promociones-en-espacios-comerciales\/","title":{"rendered":"Promociones en espacios comerciales"},"content":{"rendered":"<p><strong>UD1. Promoci\u00f3n en el Punto de Venta.<\/strong><UL>1.1. Comunicaci\u00f3n comercial.<br \/>1.2. Planificaci\u00f3n de actividades promocionales seg\u00fan el p\u00fablico objetivo.<br \/>1.3. La promoci\u00f3n del fabricante y del establecimiento.<br \/>1.4. Formas de promoci\u00f3n dirigidas al consumidor.<br \/>1.5. Selecci\u00f3n de acciones.<br \/>1.6. Animaci\u00f3n de puntos calientes y fr\u00edos en el establecimiento comercial.<br \/>1.7. Utilizaci\u00f3n de aplicaciones inform\u00e1ticas de gesti\u00f3n de proyectos\/tareas.<\/UL><\/p>\n<p><strong>UD2. Merchandising y Animaci\u00f3n del Punto de Venta.<\/strong><UL>2.1. Definici\u00f3n y alcance del merchandising.<br \/>2.2. Tipos de elementos de publicidad en el punto de venta.<br \/>2.3. T\u00e9cnicas de rotulaci\u00f3n y serigraf\u00eda.<br \/>2.4. Mensajes promocionales.<br \/>2.5. Aplicaciones inform\u00e1ticas para la autoedici\u00f3n de folletos y carteles publicitarios.<\/UL><\/p>\n<p><strong>UD3. Control de las Acciones Promocionales.<\/strong><UL>3.1. Criterios de control de las acciones promocionales.<br \/>3.2. C\u00e1lculo de \u00edndices y ratios econ\u00f3mico-financieros.<br \/>3.3. An\u00e1lisis de resultados.<br \/>3.4. Aplicaci\u00f3n de medidas correctoras en el punto de venta.<br \/>3.5. Utilizaci\u00f3n de hojas de c\u00e1lculo inform\u00e1tico para la organizaci\u00f3n y control del trabajo.<\/UL><\/p>\n<p><strong>UD4. Acciones Promocionales Online.<\/strong><UL>4.1. Internet como canal de informaci\u00f3n y comunicaci\u00f3n de la empresa\/establecimiento.<br \/>4.2. Herramientas de promoci\u00f3n online sitios y estilos web para la promoci\u00f3n de espacios virtuales.<br \/>4.3. P\u00e1ginas web comerciales e informacionales.<br \/>4.4. Elementos de la tienda y\/o espacio virtual.<br \/>4.5. Elementos de la promoci\u00f3n online.<\/UL><\/p>\n","protected":false},"excerpt":{"rendered":"<ul>\n<li>Una vez finalizado el M\u00f3dulo el alumno ser\u00e1 capaz de organizar y controlar las acciones promocionales en espacios comerciales.<\/li>\n<li>En concreto el alumno ser\u00e1 capaz de: Definir acciones promocionales seg\u00fan los objetivos comerciales incremento de ventas o rentabilidad de espacios comerciales.<\/li>\n<li>Elaborar elementos promocionales para establecimientos comerciales utilizando los materiales y equipos adecuados <\/li>\n<\/ul>\n","protected":false},"featured_media":633,"comment_status":"open","ping_status":"closed","template":"","meta":{"neve_meta_sidebar":"","neve_meta_container":"","neve_meta_enable_content_width":"","neve_meta_content_width":0,"neve_meta_title_alignment":"","neve_meta_author_avatar":"","neve_post_elements_order":"","neve_meta_disable_header":"","neve_meta_disable_footer":"","neve_meta_disable_title":""},"product_brand":[],"product_cat":[25,22,23],"product_tag":[],"class_list":{"0":"post-644","1":"product","2":"type-product","3":"status-publish","4":"has-post-thumbnail","6":"product_cat-comercio-y-marketing","7":"product_cat-cursos","8":"product_cat-cursos-de-especializacion","10":"first","11":"instock","12":"sold-individually","13":"shipping-taxable","14":"purchasable","15":"product-type-simple"},"_links":{"self":[{"href":"https:\/\/camonclass.com\/tienda\/wp-json\/wp\/v2\/product\/644","targetHints":{"allow":["GET"]}}],"collection":[{"href":"https:\/\/camonclass.com\/tienda\/wp-json\/wp\/v2\/product"}],"about":[{"href":"https:\/\/camonclass.com\/tienda\/wp-json\/wp\/v2\/types\/product"}],"replies":[{"embeddable":true,"href":"https:\/\/camonclass.com\/tienda\/wp-json\/wp\/v2\/comments?post=644"}],"wp:featuredmedia":[{"embeddable":true,"href":"https:\/\/camonclass.com\/tienda\/wp-json\/wp\/v2\/media\/633"}],"wp:attachment":[{"href":"https:\/\/camonclass.com\/tienda\/wp-json\/wp\/v2\/media?parent=644"}],"wp:term":[{"taxonomy":"product_brand","embeddable":true,"href":"https:\/\/camonclass.com\/tienda\/wp-json\/wp\/v2\/product_brand?post=644"},{"taxonomy":"product_cat","embeddable":true,"href":"https:\/\/camonclass.com\/tienda\/wp-json\/wp\/v2\/product_cat?post=644"},{"taxonomy":"product_tag","embeddable":true,"href":"https:\/\/camonclass.com\/tienda\/wp-json\/wp\/v2\/product_tag?post=644"}],"curies":[{"name":"wp","href":"https:\/\/api.w.org\/{rel}","templated":true}]}}