{"id":649,"date":"2022-07-25T16:38:15","date_gmt":"2022-07-25T16:38:15","guid":{"rendered":"https:\/\/camonclass.vertice.org\/formacion\/gestion-y-control-de-flotas-y-servicios-de-transporte-por-carretera\/"},"modified":"2022-07-25T16:38:15","modified_gmt":"2022-07-25T16:38:15","slug":"gestion-y-control-de-flotas-y-servicios-de-transporte-por-carretera","status":"publish","type":"product","link":"https:\/\/camonclass.com\/tienda\/formacion\/gestion-y-control-de-flotas-y-servicios-de-transporte-por-carretera\/","title":{"rendered":"Gesti\u00f3n y control de flotas y servicios de transporte por carretera"},"content":{"rendered":"<p><strong>UD1. Gesti\u00f3n de flota de veh\u00edculos en transporte de mercanc\u00edas por carretera.<\/strong><UL>1.1. Caracter\u00edsticas t\u00e9cnicas de los veh\u00edculos transporte de mercanc\u00edas por carretera.<br \/>1.2. Equipos caracter\u00edsticos del transporte intermodal.<br \/>1.3. Gesti\u00f3n del mantenimiento del parque de veh\u00edculos.<\/UL><\/p>\n<p><strong>UD2. Gesti\u00f3n administrativa de la flota de veh\u00edculos.<\/strong><UL>2.1. Reglamentaci\u00f3n t\u00e9cnica de veh\u00edculos.<br \/>2.2. Homologaci\u00f3n y matriculaci\u00f3n de veh\u00edculos.<br \/>2.3. Tr\u00e1mites administrativos de gesti\u00f3n de la flota de veh\u00edculos.<br \/>2.4. Ficha de caracter\u00edsticas t\u00e9cnicas.<br \/>2.5. Inspecci\u00f3n t\u00e9cnica de veh\u00edculos.<br \/>2.6. Seguros obligatorios.<br \/>2.7. Tramitaci\u00f3n y visado de autorizaciones nacionales e internacionales del veh\u00edculo.<br \/>2.8. Auditoria de flota control de estado y control documentario.<\/UL><\/p>\n<p><strong>UD3. Gesti\u00f3n del colectivo de conductores.<\/strong><UL>3.1. Personal de conducci\u00f3n con relaci\u00f3n laboral.<br \/>3.2. Subcontratados con car\u00e1cter permanente.<\/UL><\/p>\n<p><strong>UD4. Seguimiento y control de las operaciones.<\/strong><UL>4.1. Seguimiento de operaciones de transporte.<br \/>4.2. Trazabilidad de la informaci\u00f3n.<br \/>4.3. Parte de accidentes. Atestados. Aver\u00edas.<br \/>4.4. Registro y mantenimiento de bases de datos en relaci\u00f3n al servicio de transporte.<br \/>4.5. Herramientas inform\u00e1ticas para el tratamiento de datos.<br \/>4.6. Internet y correo electr\u00f3nico.<br \/>4.7. Sistemas telem\u00e1ticos de informaci\u00f3n y control.<br \/>4.8. Sistemas de trazabilidad de mercanc\u00edas.<\/UL><\/p>\n","protected":false},"excerpt":{"rendered":"<ul>\n<li>Gestionar la realizaci\u00f3n de los servicios de transporte terrestre para su ejecuci\u00f3n conforme a las diferentes tipolog\u00edas de las operaciones.<\/li>\n<li>Describir las incidencias m\u00e1s comunes que pueden presentarse en el cumplimiento de los contratos de transporte de mercanc\u00edas y aplicar los procedimientos para su resoluci\u00f3n.<\/li>\n<li>Utilizar procedimientos para el tratamiento de la informaci\u00f3n de las operaciones de tr\u00e1fico utilizando aplicaciones inform\u00e1ticas y medios de comunicaci\u00f3n acceder a la informaci\u00f3n transmitir mensajes electr\u00f3nicos y otras utilidades tecnol\u00f3gicas en materia de transporte.<\/li>\n<li>Utilizar sistemas de seguimiento de flota al objeto de optimizar los recursos y aumentar la calidad y el valor a\u00f1adido del servicio prestado al cliente controlar las incidencias y gestionar eficazmente su resoluci\u00f3n <\/li>\n<\/ul>\n","protected":false},"featured_media":633,"comment_status":"open","ping_status":"closed","template":"","meta":{"neve_meta_sidebar":"","neve_meta_container":"","neve_meta_enable_content_width":"","neve_meta_content_width":0,"neve_meta_title_alignment":"","neve_meta_author_avatar":"","neve_post_elements_order":"","neve_meta_disable_header":"","neve_meta_disable_footer":"","neve_meta_disable_title":""},"product_brand":[],"product_cat":[25,22,23],"product_tag":[],"class_list":{"0":"post-649","1":"product","2":"type-product","3":"status-publish","4":"has-post-thumbnail","6":"product_cat-comercio-y-marketing","7":"product_cat-cursos","8":"product_cat-cursos-de-especializacion","10":"first","11":"instock","12":"sold-individually","13":"shipping-taxable","14":"purchasable","15":"product-type-simple"},"_links":{"self":[{"href":"https:\/\/camonclass.com\/tienda\/wp-json\/wp\/v2\/product\/649","targetHints":{"allow":["GET"]}}],"collection":[{"href":"https:\/\/camonclass.com\/tienda\/wp-json\/wp\/v2\/product"}],"about":[{"href":"https:\/\/camonclass.com\/tienda\/wp-json\/wp\/v2\/types\/product"}],"replies":[{"embeddable":true,"href":"https:\/\/camonclass.com\/tienda\/wp-json\/wp\/v2\/comments?post=649"}],"wp:featuredmedia":[{"embeddable":true,"href":"https:\/\/camonclass.com\/tienda\/wp-json\/wp\/v2\/media\/633"}],"wp:attachment":[{"href":"https:\/\/camonclass.com\/tienda\/wp-json\/wp\/v2\/media?parent=649"}],"wp:term":[{"taxonomy":"product_brand","embeddable":true,"href":"https:\/\/camonclass.com\/tienda\/wp-json\/wp\/v2\/product_brand?post=649"},{"taxonomy":"product_cat","embeddable":true,"href":"https:\/\/camonclass.com\/tienda\/wp-json\/wp\/v2\/product_cat?post=649"},{"taxonomy":"product_tag","embeddable":true,"href":"https:\/\/camonclass.com\/tienda\/wp-json\/wp\/v2\/product_tag?post=649"}],"curies":[{"name":"wp","href":"https:\/\/api.w.org\/{rel}","templated":true}]}}