{"id":652,"date":"2022-07-25T16:38:15","date_gmt":"2022-07-25T16:38:15","guid":{"rendered":"https:\/\/camonclass.vertice.org\/formacion\/gestion-de-proveedores\/"},"modified":"2022-07-25T16:38:15","modified_gmt":"2022-07-25T16:38:15","slug":"gestion-de-proveedores","status":"publish","type":"product","link":"https:\/\/camonclass.com\/tienda\/formacion\/gestion-de-proveedores\/","title":{"rendered":"Gesti\u00f3n de proveedores"},"content":{"rendered":"<p><strong>UD1. Proceso de compras en la log\u00edstica interna.<\/strong><UL>1.1. Importancia de la funci\u00f3n de compras en la log\u00edstica interna de la empresa.<br \/>1.2. Plan de compras y programa de necesidades.<br \/>1.3. Secuencia del ciclo de compras para la empresa.<br \/>1.4. Descripci\u00f3n y especificaci\u00f3n de la compra para la empresa.<br \/>1.5. Petici\u00f3n de ofertas y pliego de condiciones de aprovisionamiento.<br \/>1.6. El acuerdo y contrato de compraventa\/suministro.<br \/>1.7. Documentaci\u00f3n de la compra.<br \/>1.8. Las compras en mercados internacionales: globalizaci\u00f3n de la cadena de suministro.<\/UL><\/p>\n<p><strong>UD2. Selecci\u00f3n de proveedores.<\/strong><UL>2.1. Identificaci\u00f3n de fuentes de suministro y b\u00fasqueda de proveedores.<br \/>2.2. Competencia perfecta e imperfecta.<br \/>2.3. Criterios de selecci\u00f3n de proveedores.<br \/>2.4. Homologaci\u00f3n de proveedores.<br \/>2.5. Categorizaci\u00f3n de proveedores.<br \/>2.6. Registro de proveedores: el fichero de proveedores.<br \/>2.7. Sistemas de aseguramiento de calidad de proveedores.<\/UL><\/p>\n<p><strong>UD3. T\u00e9cnicas de negociaci\u00f3n con proveedores.<\/strong><UL>3.1. Conceptos clave en la negociaci\u00f3n con proveedores.<br \/>3.2. Resoluci\u00f3n de conflictos y litigios con proveedores: posibilidades de actuaci\u00f3n.<br \/>3.3. Cualidades del negociador: comunicaci\u00f3n persuasi\u00f3n y habilidades.<br \/>3.4. Estilos\/Formas de negociaci\u00f3n.<br \/>3.5. Tipos de negociaci\u00f3n.<br \/>3.6. Preparaci\u00f3n de la negociaci\u00f3n: estrategias y t\u00e1cticas.<br \/>3.7. Etapas del proceso de negociaci\u00f3n.<br \/>3.8. Actitud y comportamiento en la negociaci\u00f3n.<br \/>3.9. Puntos cr\u00edticos de la negociaci\u00f3n.<br \/>3.10. Posiciones de las partes en la negociaci\u00f3n: poder de negociaci\u00f3n.<br \/>3.11. Estrategia ante situaciones especiales: monopolio proveedores exclusivos y otras.<br \/>3.12. Arbitraje y mediaci\u00f3n en conflictos con proveedores.<\/UL><\/p>\n<p><strong>UD4. T\u00e9cnicas y sistemas de comunicaci\u00f3n aplicadas a la gesti\u00f3n de proveedores.<\/strong><UL>4.1. Los procesos de comunicaci\u00f3n en la gesti\u00f3n de proveedores.<br \/>4.2. Las relaciones con proveedores: motivos de satisfacci\u00f3n y discrepancias.<br \/>4.3. Sinergias con proveedores.<br \/>4.4. T\u00e9cnicas de comunicaci\u00f3n en contextos nacionales e internacionales.<br \/>4.5. Sistemas de comunicaci\u00f3n e informaci\u00f3n con proveedores: transmisi\u00f3n electr\u00f3nica de datos.<\/UL><\/p>\n<p><strong>UD5. Seguimiento y evaluaci\u00f3n de proveedores.<\/strong><UL>5.1. Gesti\u00f3n y seguimiento de proveedores y pedidos.<br \/>5.2. Redes de intercambio de informaci\u00f3n.<br \/>5.3. Diagramas de flujo de documentaci\u00f3n e informaci\u00f3n y descripci\u00f3n de actividades.<br \/>5.4. Gesti\u00f3n autom\u00e1tica de pedidos GAP.<br \/>5.5. Seguimiento del pedido.<br \/>5.6. Registro documental y de operaciones.<br \/>5.7. Indicadores de calidad y de evaluaci\u00f3n de proveedores.<br \/>5.8. Elaboraci\u00f3n de informes de evaluaci\u00f3n de proveedores.<\/UL><\/p>\n","protected":false},"excerpt":{"rendered":"<ul>\n<li>Una vez finalizado el M\u00f3dulo el alumno ser\u00e1 capaz de realizar el seguimiento y control del programa de aprovisionamiento.<\/li>\n<li>En concreto el alumno ser\u00e1 capaz de: Analizar los elementos de un acuerdo\/contrato de suministro con proveedores.<\/li>\n<li>Analizar las condiciones t\u00e9cnicas y par\u00e1metros en procesos de selecci\u00f3n de proveedores.<\/li>\n<li>Aplicar t\u00e9cnicas de comunicaci\u00f3n en procesos de preparaci\u00f3n y desarrollo de las relaciones con proveedores nacionales y\/o internacionales.<\/li>\n<li>Aplicar t\u00e9cnicas de negociaci\u00f3n en el establecimiento de las condiciones del aprovisionamiento con proveedores nacionales y\/o internacionales.<\/li>\n<li>Utilizar los mecanismos de seguimiento y control de programas de aprovisionamiento.<\/li>\n<li>Elaborar la documentaci\u00f3n relativa al control registro e intercambio de informaci\u00f3n con proveedores siguiendo los procedimientos de calidad y utilizando aplicaciones inform\u00e1ticas.<\/li>\n<\/ul>\n","protected":false},"featured_media":633,"comment_status":"open","ping_status":"closed","template":"","meta":{"neve_meta_sidebar":"","neve_meta_container":"","neve_meta_enable_content_width":"","neve_meta_content_width":0,"neve_meta_title_alignment":"","neve_meta_author_avatar":"","neve_post_elements_order":"","neve_meta_disable_header":"","neve_meta_disable_footer":"","neve_meta_disable_title":""},"product_brand":[],"product_cat":[25,22,23],"product_tag":[],"class_list":{"0":"post-652","1":"product","2":"type-product","3":"status-publish","4":"has-post-thumbnail","6":"product_cat-comercio-y-marketing","7":"product_cat-cursos","8":"product_cat-cursos-de-especializacion","10":"first","11":"instock","12":"sold-individually","13":"shipping-taxable","14":"purchasable","15":"product-type-simple"},"_links":{"self":[{"href":"https:\/\/camonclass.com\/tienda\/wp-json\/wp\/v2\/product\/652","targetHints":{"allow":["GET"]}}],"collection":[{"href":"https:\/\/camonclass.com\/tienda\/wp-json\/wp\/v2\/product"}],"about":[{"href":"https:\/\/camonclass.com\/tienda\/wp-json\/wp\/v2\/types\/product"}],"replies":[{"embeddable":true,"href":"https:\/\/camonclass.com\/tienda\/wp-json\/wp\/v2\/comments?post=652"}],"wp:featuredmedia":[{"embeddable":true,"href":"https:\/\/camonclass.com\/tienda\/wp-json\/wp\/v2\/media\/633"}],"wp:attachment":[{"href":"https:\/\/camonclass.com\/tienda\/wp-json\/wp\/v2\/media?parent=652"}],"wp:term":[{"taxonomy":"product_brand","embeddable":true,"href":"https:\/\/camonclass.com\/tienda\/wp-json\/wp\/v2\/product_brand?post=652"},{"taxonomy":"product_cat","embeddable":true,"href":"https:\/\/camonclass.com\/tienda\/wp-json\/wp\/v2\/product_cat?post=652"},{"taxonomy":"product_tag","embeddable":true,"href":"https:\/\/camonclass.com\/tienda\/wp-json\/wp\/v2\/product_tag?post=652"}],"curies":[{"name":"wp","href":"https:\/\/api.w.org\/{rel}","templated":true}]}}