{"id":664,"date":"2022-07-25T16:38:18","date_gmt":"2022-07-25T16:38:18","guid":{"rendered":"https:\/\/camonclass.vertice.org\/formacion\/planificacion-de-la-investigacion-de-mercados\/"},"modified":"2022-07-25T16:38:18","modified_gmt":"2022-07-25T16:38:18","slug":"planificacion-de-la-investigacion-de-mercados","status":"publish","type":"product","link":"https:\/\/camonclass.com\/tienda\/formacion\/planificacion-de-la-investigacion-de-mercados\/","title":{"rendered":"Planificaci\u00f3n de la investigaci\u00f3n de mercados"},"content":{"rendered":"<p><strong>UD1. Planificaci\u00f3n de la investigaci\u00f3n de mercados.<\/strong><UL>1.1. Objetivos de la Investigaci\u00f3n de Mercados.<br \/>1.2. Las fuentes de informaci\u00f3n.<br \/>1.3. Preparaci\u00f3n de informaci\u00f3n, de acuerdo con las especificaciones y criterios establecidos en el Plan de la Investigaci\u00f3n.<br \/>1.4. Las variables objeto de la investigaci\u00f3n de mercados y la demanda de informaci\u00f3n.<br \/>1.5. Fases de la Investigaci\u00f3n de Mercados.<\/UL><\/p>\n<p><strong>UD2. T\u00e9cnicas de muestreo.<\/strong><UL>2.1. Conceptos clave de las t\u00e9cnicas de muestreo: poblaci\u00f3n, universo y muestra.<br \/>2.2. Fases del proceso de muestreo.<br \/>2.3. Tipos de muestreo.<br \/>2.4. C\u00e1lculo del tama\u00f1o de la Muestra.<br \/>2.5. Errores atribuibles al Muestreo.<br \/>2.6. Descripci\u00f3n de unidades Muestrales.<\/UL><\/p>\n<p><strong>UD3. Presupuesto y coste de la Investigaci\u00f3n de Mercados.<\/strong><UL>3.1. Tipos de investigaci\u00f3n y costes.<br \/>3.2. Los c\u00e1lculos de los costes de la investigaci\u00f3n.<br \/>3.3. La elaboraci\u00f3n del Presupuesto: hojas de c\u00e1lculo.<br \/>3.4. Presentaci\u00f3n de presupuestos al Cliente.<br \/>3.5. El control del presupuesto de la investigaci\u00f3n.<\/UL><\/p>\n","protected":false},"excerpt":{"rendered":"<ul>\n<li>Obtener informaci\u00f3n relevante y fiable explotando las fuentes de informaci\u00f3n, bases de datos y sistemas de informaci\u00f3n y comunicaci\u00f3n \u00abon line\u00bb y \u00aboff line\u00bb <\/li>\n<li>Aplicar procedimientos de organizaci\u00f3n y archivo de datos e informaci\u00f3n obtenida dadas unas necesidades o demandas de informaci\u00f3n, utilizando aplicaciones inform\u00e1ticas de tratamiento y organizaci\u00f3n de la informaci\u00f3n <\/li>\n<li>Definir los elementos y caracter\u00edsticas de una muestra aplicando las distintas t\u00e9cnicas de muestreo utilizadas en la investigaci\u00f3n de mercados <\/li>\n<li>Determinar criterios de contacto de entrevistados en funci\u00f3n de los criterios establecidos en un plan de investigaci\u00f3n de mercados<\/li>\n<\/ul>\n","protected":false},"featured_media":633,"comment_status":"open","ping_status":"closed","template":"","meta":{"neve_meta_sidebar":"","neve_meta_container":"","neve_meta_enable_content_width":"","neve_meta_content_width":0,"neve_meta_title_alignment":"","neve_meta_author_avatar":"","neve_post_elements_order":"","neve_meta_disable_header":"","neve_meta_disable_footer":"","neve_meta_disable_title":""},"product_brand":[],"product_cat":[25,22,23],"product_tag":[],"class_list":{"0":"post-664","1":"product","2":"type-product","3":"status-publish","4":"has-post-thumbnail","6":"product_cat-comercio-y-marketing","7":"product_cat-cursos","8":"product_cat-cursos-de-especializacion","10":"first","11":"instock","12":"sold-individually","13":"shipping-taxable","14":"purchasable","15":"product-type-simple"},"_links":{"self":[{"href":"https:\/\/camonclass.com\/tienda\/wp-json\/wp\/v2\/product\/664","targetHints":{"allow":["GET"]}}],"collection":[{"href":"https:\/\/camonclass.com\/tienda\/wp-json\/wp\/v2\/product"}],"about":[{"href":"https:\/\/camonclass.com\/tienda\/wp-json\/wp\/v2\/types\/product"}],"replies":[{"embeddable":true,"href":"https:\/\/camonclass.com\/tienda\/wp-json\/wp\/v2\/comments?post=664"}],"wp:featuredmedia":[{"embeddable":true,"href":"https:\/\/camonclass.com\/tienda\/wp-json\/wp\/v2\/media\/633"}],"wp:attachment":[{"href":"https:\/\/camonclass.com\/tienda\/wp-json\/wp\/v2\/media?parent=664"}],"wp:term":[{"taxonomy":"product_brand","embeddable":true,"href":"https:\/\/camonclass.com\/tienda\/wp-json\/wp\/v2\/product_brand?post=664"},{"taxonomy":"product_cat","embeddable":true,"href":"https:\/\/camonclass.com\/tienda\/wp-json\/wp\/v2\/product_cat?post=664"},{"taxonomy":"product_tag","embeddable":true,"href":"https:\/\/camonclass.com\/tienda\/wp-json\/wp\/v2\/product_tag?post=664"}],"curies":[{"name":"wp","href":"https:\/\/api.w.org\/{rel}","templated":true}]}}