{"id":670,"date":"2022-07-25T16:38:19","date_gmt":"2022-07-25T16:38:19","guid":{"rendered":"https:\/\/camonclass.vertice.org\/formacion\/marketing-y-promocion-en-el-punto-de-venta\/"},"modified":"2022-07-25T16:38:19","modified_gmt":"2022-07-25T16:38:19","slug":"marketing-y-promocion-en-el-punto-de-venta","status":"publish","type":"product","link":"https:\/\/camonclass.com\/tienda\/formacion\/marketing-y-promocion-en-el-punto-de-venta\/","title":{"rendered":"Marketing y promoci\u00f3n en el punto de venta"},"content":{"rendered":"<p><strong>UD1. Marketing en el punto de venta.<\/strong><UL>1.1. Concepto de marketing en el punto de venta.<br \/>1.2. M\u00e9todos f\u00edsicos y psicol\u00f3gicos para incentivar la venta.<br \/>1.3. An\u00e1lisis del punto de venta.<br \/>1.4. Gesti\u00f3n del surtido.<br \/>1.5. Animaci\u00f3n del punto de venta.<\/UL><\/p>\n<p><strong>UD2. Marketing promocional.<\/strong><UL>2.1. Concepto y fines de la promoci\u00f3n.<br \/>2.2. Formas de promoci\u00f3n dirigidas al consumidor: 2\u00d71, 3\u00d72, otras.<br \/>2.3. Formas de promoci\u00f3n a distribuidores, intermediarios y establecimiento.<br \/>2.4. Promociones especiales.<br \/>2.5. Tipos de acciones de marketing y promoci\u00f3n seg\u00fan el punto de venta.<br \/>2.6. Acciones de marketing directo.<br \/>2.7. Acciones de promoci\u00f3n \u00abOnline\u00bb.<\/UL><\/p>\n<p><strong>UD3. Control y evaluaci\u00f3n de acciones promocionales.<\/strong><UL>3.1. Eficacia y eficiencia de la acci\u00f3n promocional.<br \/>3.2. \u00cdndices y ratios econ\u00f3mico-financieros de evaluaci\u00f3n de promociones.<br \/>3.3. Aplicaciones para el c\u00e1lculo y an\u00e1lisis de las desviaciones en las acciones promocionales.<br \/>3.4. Aplicaciones de gesti\u00f3n de proyectos y tareas y Hojas de C\u00e1lculo.<br \/>3.5. Informes de seguimiento de promociones comerciales.<\/UL><\/p>\n","protected":false},"excerpt":{"rendered":"<ul>\n<li>Analizar la informaci\u00f3n de los clientes y bases de datos de ventas de producto o servicio del SIM (sistemas de informaci\u00f3n de mercados) para la definici\u00f3n de distintos tipos de acciones en el lanzamiento e implantaci\u00f3n de distintos tipos de productos y servicios.<\/li>\n<li>Caracterizar distintas acciones de marketing y promoci\u00f3n dirigidas al lanzamiento de productos y servicios a partir de una campa\u00f1a, tipo de cliente, fechas especiales, tipo de establecimiento u otros.<\/li>\n<li>Aplicar t\u00e9cnicas de merchandising para la animaci\u00f3n del punto de venta a partir de distintos tipos de establecimientos: gran superficie, hipermercado, supermercado, centro comercial o tradicional e implantaci\u00f3n comercial.<\/li>\n<li>Elaborar informes de seguimiento y control de distintos de acciones promocionales en el punto de venta.<\/li>\n<\/ul>\n","protected":false},"featured_media":633,"comment_status":"open","ping_status":"closed","template":"","meta":{"neve_meta_sidebar":"","neve_meta_container":"","neve_meta_enable_content_width":"","neve_meta_content_width":0,"neve_meta_title_alignment":"","neve_meta_author_avatar":"","neve_post_elements_order":"","neve_meta_disable_header":"","neve_meta_disable_footer":"","neve_meta_disable_title":""},"product_brand":[],"product_cat":[25,22,23],"product_tag":[],"class_list":{"0":"post-670","1":"product","2":"type-product","3":"status-publish","4":"has-post-thumbnail","6":"product_cat-comercio-y-marketing","7":"product_cat-cursos","8":"product_cat-cursos-de-especializacion","10":"first","11":"instock","12":"sold-individually","13":"shipping-taxable","14":"purchasable","15":"product-type-simple"},"_links":{"self":[{"href":"https:\/\/camonclass.com\/tienda\/wp-json\/wp\/v2\/product\/670","targetHints":{"allow":["GET"]}}],"collection":[{"href":"https:\/\/camonclass.com\/tienda\/wp-json\/wp\/v2\/product"}],"about":[{"href":"https:\/\/camonclass.com\/tienda\/wp-json\/wp\/v2\/types\/product"}],"replies":[{"embeddable":true,"href":"https:\/\/camonclass.com\/tienda\/wp-json\/wp\/v2\/comments?post=670"}],"wp:featuredmedia":[{"embeddable":true,"href":"https:\/\/camonclass.com\/tienda\/wp-json\/wp\/v2\/media\/633"}],"wp:attachment":[{"href":"https:\/\/camonclass.com\/tienda\/wp-json\/wp\/v2\/media?parent=670"}],"wp:term":[{"taxonomy":"product_brand","embeddable":true,"href":"https:\/\/camonclass.com\/tienda\/wp-json\/wp\/v2\/product_brand?post=670"},{"taxonomy":"product_cat","embeddable":true,"href":"https:\/\/camonclass.com\/tienda\/wp-json\/wp\/v2\/product_cat?post=670"},{"taxonomy":"product_tag","embeddable":true,"href":"https:\/\/camonclass.com\/tienda\/wp-json\/wp\/v2\/product_tag?post=670"}],"curies":[{"name":"wp","href":"https:\/\/api.w.org\/{rel}","templated":true}]}}