{"id":676,"date":"2022-07-25T16:38:20","date_gmt":"2022-07-25T16:38:20","guid":{"rendered":"https:\/\/camonclass.vertice.org\/formacion\/diseno-de-escaparates\/"},"modified":"2022-07-25T16:38:20","modified_gmt":"2022-07-25T16:38:20","slug":"diseno-de-escaparates","status":"publish","type":"product","link":"https:\/\/camonclass.com\/tienda\/formacion\/diseno-de-escaparates\/","title":{"rendered":"Dise\u00f1o de Escaparates"},"content":{"rendered":"<p><strong>UD1. El escaparate y su evoluci\u00f3n hist\u00f3rica.<\/strong><UL>1.1. Introducci\u00f3n.<br \/>1.2. Recorrido hist\u00f3rico.<\/UL><\/p>\n<p><strong>UD2. Principios fundamentales del escaparate.<\/strong><UL>2.1. Introducci\u00f3n.<br \/>2.2. Funcionalidad.<br \/>2.3. Estilo propio.<br \/>2.4. Simplicidad.<br \/>2.5. Creatividad.<br \/>2.6. Unidad.<br \/>2.7. Oportunidad.<br \/>2.8. Econom\u00eda.<br \/>2.9. Adaptaci\u00f3n.<\/UL><\/p>\n<p><strong>UD3. Formaci\u00f3n y conocimientos del escaparatista.<\/strong><UL>3.1. Introducci\u00f3n.<br \/>3.2. Conocimientos del mercado.<br \/>3.3. Habilidades y conocimientos t\u00e9cnicos.<br \/>3.4. Habilidades y conocimientos art\u00edsticos.<br \/>3.5. Los estudios que conforman la base de sus conocimientos.<\/UL><\/p>\n<p><strong>UD4. La composici\u00f3n y sus principios.<\/strong><UL>4.1. Introducci\u00f3n.<br \/>4.2. Equilibrio, simetr\u00eda, peso y volumen.<br \/>4.3. El punto, la l\u00ednea, la forma y su percepci\u00f3n psicol\u00f3gica.<br \/>4.4. La armon\u00eda.<br \/>4.5. Composiciones.<\/UL><\/p>\n<p><strong>UD5. El proceso de venta.<\/strong><UL>5.1. La venta como finalidad.<br \/>5.2. Fases de la venta.<br \/>5.3. La atenci\u00f3n al cliente.<\/UL><\/p>\n<p><strong>UD6. El color.<\/strong><UL>6.1. Introducci\u00f3n.<br \/>6.2. Colores C\u00e1lidos y Fr\u00edos.<br \/>6.3. Efectos psicol\u00f3gicos del color.<\/UL><\/p>\n<p><strong>UD7. El escaparate y la comunicaci\u00f3n visual.<\/strong><UL>7.1. La comunicaci\u00f3n visual. Generalidades.<br \/>7.2. La percepci\u00f3n.<\/UL><\/p>\n<p><strong>UD8. Estilos decorativos.<\/strong><UL>8.1. Introducci\u00f3n.<br \/>8.2. Grecia.<br \/>8.3. Roma.<br \/>8.4. El Islam.<br \/>8.5. India.<br \/>8.6. China.<br \/>8.7. Jap\u00f3n.<br \/>8.8. Edad Media.<br \/>8.9. Renacimiento.<br \/>8.10. Barroco.<br \/>8.11. Rococ\u00f3.<br \/>8.12. Estilo Adam.<br \/>8.13. Estilo Imperio.<br \/>8.14. Estilo Victoriano.<\/UL><\/p>\n<p><strong>UD9. Estilos decorativos actuales.<\/strong><UL>9.1. Introducci\u00f3n.<br \/>9.2. Algunos estilos actuales.<\/UL><\/p>\n<p><strong>UD10. La imagen comercial.<\/strong><UL>10.1. Introducci\u00f3n.<br \/>10.2. Elementos estables: aquellos que no pueden cambiarse, o no deber\u00edan.<br \/>10.3. Elementos din\u00e1micos: aquellos elementos susceptibles de modificaci\u00f3n, ya que idealmente deben adaptarse a los cambios.<br \/>10.4. Impacto social.<\/UL><\/p>\n<p><strong>UD11. Psicolog\u00eda de las ventas y el consumidor.<\/strong><UL>11.1. Psicolog\u00eda.<br \/>11.2. Motivaciones y motivos de compra.<br \/>11.3. Sociolog\u00eda.<\/UL><\/p>\n<p><strong>UD12. Marketing y merchandising.<\/strong><UL>12.1. Marketing.<br \/>12.2. Merchandising.<\/UL><\/p>\n<p><strong>UD13. Dibujo Art\u00edstico y T\u00e9cnico.<\/strong><UL>13.1. Introducci\u00f3n.<br \/>13.2. Dibujo art\u00edstico: Nociones B\u00e1sicas.<br \/>13.3. Dibujo t\u00e9cnico: nociones b\u00e1sicas.<\/UL><\/p>\n<p><strong>UD14. Dise\u00f1o y perspectiva.<\/strong><UL>14.1. Perspectiva.<br \/>14.2. La perspectiva Caballera.<br \/>14.3. Materiales de Dibujo T\u00e9cnico.<\/UL><\/p>\n<p><strong>UD15. Fases del Dise\u00f1o de un Escaparate.<\/strong><UL>15.1. Introducci\u00f3n.<br \/>15.2. La idea.<br \/>15.3. El boceto.<br \/>15.4. El proyecto.<br \/>15.5. El presupuesto.<\/UL><\/p>\n<p><strong>UD16. Nociones de interiorismo comercial.<\/strong><UL>16.1. Introducci\u00f3n.<br \/>16.2. Nociones b\u00e1sicas del dise\u00f1o de interiores.<br \/>16.3. Interiorismo comercial.<br \/>16.4. An\u00e1lisis previo.<br \/>16.5. Est\u00e9tica.<br \/>16.6. Elementos funcionales.<\/UL><\/p>\n<p><strong>UD17. El Maniqu\u00ed.<\/strong><UL>17.1. Historia.<br \/>17.2. Tipos de maniqu\u00edes y otros soportes.<\/UL><\/p>\n<p><strong>UD18. Tejidos y cortinajes.<\/strong><UL>18.1. Introducci\u00f3n.<br \/>18.2. Diferentes formas de utilizar el tejido en Escaparatismo.<br \/>18.3. Uso del tejido para ambientaci\u00f3n del escaparate.<br \/>18.4. Clases de tejido.<br \/>18.5. Cortinajes.<br \/>18.6. Tipos de cortinajes.<br \/>18.7. Tapicer\u00edas.<\/UL><\/p>\n<p><strong>UD19. Elementos Decorativos.<\/strong><UL>19.1. Introducci\u00f3n.<br \/>19.2. Elementos Est\u00e1ticos.<br \/>19.3. Elementos con Movimiento.<br \/>19.4. Elementos Vivos.<\/UL><\/p>\n<p><strong>UD20. Calendario Promocional.<\/strong><UL>20.1. Generalidades.<br \/>20.2. Programaci\u00f3n de los escaparates.<br \/>20.3. Tipos de escaparate seg\u00fan el calendario promocional.<br \/>20.4. Vigencia de los escaparates.<\/UL><\/p>\n<p><strong>UD21. El dise\u00f1o de escaparates para diferentes segmentos del Mercado.<\/strong><UL>21.1. Electrodom\u00e9sticos.<br \/>21.2. Textil.<br \/>21.3. Farmacia y cosm\u00e9tica.<br \/>21.4. Fotograf\u00eda.<br \/>21.5. Alimentaci\u00f3n.<br \/>21.6. Calzado.<br \/>21.7. Joyer\u00eda y relojer\u00eda.<br \/>21.8. Florister\u00eda.<\/UL><\/p>\n","protected":false},"excerpt":{"rendered":"<p>Objetivos generales:<\/p>\n<ul>\n<li>Dotar a los participantes de los conocimientos necesarios que les permita desarrollar competencias y cualificaciones b\u00e1sicas en el puesto de trabajo con el fin de mejorar su profesionalidad y proporcionarle una mayor estabilidad en el mercado laboral.<\/li>\n<li>Proporcionar a los trabajadores la formaci\u00f3n necesaria en las t\u00e9cnicas que se utilizan para configurar un correcto escaparate.<\/li>\n<li>Proporcionar al alumno una visi\u00f3n general sobre las principales t\u00e9cnicas de escaparatismo necesarias para el desarrollo del trabajo de dise\u00f1o y montaje de escaparates.<\/li>\n<\/ul>\n<p>Objetivos espec\u00edficos:<\/p>\n<ul>\n<li>Conceder la importancia que un escaparate tiene en el marketing comercial.<\/li>\n<li>Obtener conocimientos sobre la evoluci\u00f3n hist\u00f3rica del escaparate, y, as\u00ed, comprender la importancia que ha tenido a lo largo de dicha historia, hasta nuestros d\u00edas.<\/li>\n<li>Iniciar al participante en las t\u00e9cnicas de escaparatismo y sensibilizarle sobre su funci\u00f3n.<\/li>\n<li>Saber cu\u00e1les son los aspectos que adquieren especial relevancia en la creaci\u00f3n de los escaparates, y fomentar su puesta en pr\u00e1ctica con el fin de conseguir la mayor eficacia posible.<\/li>\n<li>Aprender a seleccionar los productos, y su colocaci\u00f3n e iluminaci\u00f3n m\u00e1s adecuadas, para alcanzar un efectivo escaparate.<\/li>\n<\/ul>\n","protected":false},"featured_media":633,"comment_status":"open","ping_status":"closed","template":"","meta":{"neve_meta_sidebar":"","neve_meta_container":"","neve_meta_enable_content_width":"","neve_meta_content_width":0,"neve_meta_title_alignment":"","neve_meta_author_avatar":"","neve_post_elements_order":"","neve_meta_disable_header":"","neve_meta_disable_footer":"","neve_meta_disable_title":""},"product_brand":[],"product_cat":[25,22,23],"product_tag":[],"class_list":{"0":"post-676","1":"product","2":"type-product","3":"status-publish","4":"has-post-thumbnail","6":"product_cat-comercio-y-marketing","7":"product_cat-cursos","8":"product_cat-cursos-de-especializacion","10":"first","11":"instock","12":"sold-individually","13":"shipping-taxable","14":"purchasable","15":"product-type-simple"},"_links":{"self":[{"href":"https:\/\/camonclass.com\/tienda\/wp-json\/wp\/v2\/product\/676","targetHints":{"allow":["GET"]}}],"collection":[{"href":"https:\/\/camonclass.com\/tienda\/wp-json\/wp\/v2\/product"}],"about":[{"href":"https:\/\/camonclass.com\/tienda\/wp-json\/wp\/v2\/types\/product"}],"replies":[{"embeddable":true,"href":"https:\/\/camonclass.com\/tienda\/wp-json\/wp\/v2\/comments?post=676"}],"wp:featuredmedia":[{"embeddable":true,"href":"https:\/\/camonclass.com\/tienda\/wp-json\/wp\/v2\/media\/633"}],"wp:attachment":[{"href":"https:\/\/camonclass.com\/tienda\/wp-json\/wp\/v2\/media?parent=676"}],"wp:term":[{"taxonomy":"product_brand","embeddable":true,"href":"https:\/\/camonclass.com\/tienda\/wp-json\/wp\/v2\/product_brand?post=676"},{"taxonomy":"product_cat","embeddable":true,"href":"https:\/\/camonclass.com\/tienda\/wp-json\/wp\/v2\/product_cat?post=676"},{"taxonomy":"product_tag","embeddable":true,"href":"https:\/\/camonclass.com\/tienda\/wp-json\/wp\/v2\/product_tag?post=676"}],"curies":[{"name":"wp","href":"https:\/\/api.w.org\/{rel}","templated":true}]}}