{"id":685,"date":"2022-07-25T16:38:21","date_gmt":"2022-07-25T16:38:21","guid":{"rendered":"https:\/\/camonclass.vertice.org\/formacion\/procesos-de-gestion-de-unidades-de-informacion-y-distribucion-turisticas\/"},"modified":"2022-07-25T16:38:21","modified_gmt":"2022-07-25T16:38:21","slug":"procesos-de-gestion-de-unidades-de-informacion-y-distribucion-turisticas","status":"publish","type":"product","link":"https:\/\/camonclass.com\/tienda\/formacion\/procesos-de-gestion-de-unidades-de-informacion-y-distribucion-turisticas\/","title":{"rendered":"Procesos de gesti\u00f3n de unidades de informaci\u00f3n y distribuci\u00f3n tur\u00edsticas"},"content":{"rendered":"<p><strong>UD1. Planificaci\u00f3n en las Empresas y Entidades de Distribuci\u00f3n e Informaci\u00f3n Tur\u00edsticas.<\/strong><UL>1.1. La planificaci\u00f3n en el proceso de administraci\u00f3n.<br \/>1.2. Principales tipos de planes: objetivos estrategias y pol\u00edticas; relaci\u00f3n entre ellos.<br \/>1.3. Pasos l\u00f3gicos del proceso de planificaci\u00f3n como enfoque racional para establecer objetivos tomar decisiones y seleccionar medios.<br \/>1.4. Revisi\u00f3n peri\u00f3dica de los planes en funci\u00f3n de la aplicaci\u00f3n de los sistemas de control caracter\u00edsticos de estas empresas.<\/UL><\/p>\n<p><strong>UD2. Gesti\u00f3n y Control Presupuestarios en Unidades de Distribuci\u00f3n e Informaci\u00f3n Tur\u00edsticas.<\/strong><UL>2.1. La gesti\u00f3n presupuestaria en funci\u00f3n de sus etapas fundamentales: previsi\u00f3n presupuesto y control.<br \/>2.2. Concepto y prop\u00f3sito de los presupuestos en las unidades de informaci\u00f3n y distribuci\u00f3n tur\u00edsticas.<br \/>2.3. Definici\u00f3n de ciclo presupuestario.<br \/>2.4. Diferenciaci\u00f3n y elaboraci\u00f3n de los tipos de presupuestos caracter\u00edsticos de unidades de distribuci\u00f3n e informaci\u00f3n tur\u00edsticas.<\/UL><\/p>\n<p><strong>UD3. Estructura Financiera de las Agencias de Viajes y otros Distribuidores Tur\u00edsticos.<\/strong><UL>3.1. Identificaci\u00f3n y caracterizaci\u00f3n de fuentes de financiaci\u00f3n.<br \/>3.2. Relaci\u00f3n \u00f3ptima entre recursos propios y ajenos.<br \/>3.3. Ventajas y desventajas de los principales m\u00e9todos para evaluar inversiones seg\u00fan cada tipo de agencia de viajes y distribuidor tur\u00edstico.<br \/>3.4. Aplicaciones inform\u00e1ticas.<\/UL><\/p>\n<p><strong>UD4. Evaluaci\u00f3n de Costes Productividad y An\u00e1lisis Econ\u00f3mico para Agencias de Viajes y otros Distribuidores Tur\u00edsticos.<\/strong><UL>4.1. Estructura de la cuenta de resultados en las agencias de viajes y distribuidores tur\u00edsticos.<br \/>4.2. Tipos y c\u00e1lculo de costes empresariales espec\u00edficos.<br \/>4.3. Aplicaci\u00f3n de m\u00e9todos para la determinaci\u00f3n imputaci\u00f3n control y evaluaci\u00f3n de consumos y atenciones a clientes de servicios tur\u00edsticos.<br \/>4.4. C\u00e1lculo y an\u00e1lisis de niveles de productividad y de puntos muertos de explotaci\u00f3n o umbrales de rentabilidad utilizando herramientas inform\u00e1ticas.<br \/>4.5. Identificaci\u00f3n de par\u00e1metros establecidos para evaluar: Ratios y porcentajes. M\u00e1rgenes de beneficio y rentabilidad.<\/UL><\/p>\n<p><strong>UD5. La Organizaci\u00f3n en las Agencias de Viajes otros Distribuidores Tur\u00edsticos y Entidades de Informaci\u00f3n Tur\u00edstica.<\/strong><UL>5.1. Interpretaci\u00f3n de las diferentes normativas sobre autorizaci\u00f3n y clasificaci\u00f3n de agencias de viajes y entidades de informaci\u00f3n tur\u00edstica.<br \/>5.2. Tipolog\u00eda y clasificaci\u00f3n de estas entidades.<br \/>5.3. Naturaleza y prop\u00f3sito de la organizaci\u00f3n y relaci\u00f3n con otras funciones gerenciales.<br \/>5.4. Patrones b\u00e1sicos de departamentalizaci\u00f3n tradicional en empresas de distribuci\u00f3n y entidades de informaci\u00f3n tur\u00edsticas: ventajas e inconvenientes.<br \/>5.5. Estructuras y relaciones departamentales y externas caracter\u00edsticas de estas entidades.<br \/>5.6. Diferenciaci\u00f3n de los objetivos de cada departamento o unidad y distribuci\u00f3n de funciones.<br \/>5.7. Circuitos tipos de informaci\u00f3n y documentos internos y externos que se generan en el marco de tales estructuras y relaciones interdepartamentales.<br \/>5.8. Principales m\u00e9todos para la definici\u00f3n de puestos correspondientes a trabajadores cualificados de la empresa o entidad. Aplicaciones.<\/UL><\/p>\n<p><strong>UD6. La Funci\u00f3n de Integraci\u00f3n de Personal en Unidades de Distribuci\u00f3n e Informaci\u00f3n Tur\u00edsticas.<\/strong><UL>6.1. Definici\u00f3n y objetivos.<br \/>6.2. Relaci\u00f3n con la funci\u00f3n de organizaci\u00f3n.<br \/>6.3. Programas de formaci\u00f3n para personal dependiente: an\u00e1lisis comparaci\u00f3n y propuestas razonadas.<br \/>6.4. T\u00e9cnicas de comunicaci\u00f3n y de motivaci\u00f3n adaptadas a la integraci\u00f3n de personal: identificaci\u00f3n y aplicaciones.<\/UL><\/p>\n<p><strong>UD7. La Direcci\u00f3n de Personal en Unidades de Distribuci\u00f3n e Informaci\u00f3n Tur\u00edsticas.<\/strong><UL>7.1. La comunicaci\u00f3n en las organizaciones de trabajo: procesos y aplicaciones.<br \/>7.2. Negociaci\u00f3n en el entorno laboral: procesos y aplicaciones.<br \/>7.3. Soluci\u00f3n de problemas y toma de decisiones.<br \/>7.4. La direcci\u00f3n y el liderazgo en las organizaciones: justificaci\u00f3n y aplicaciones.<br \/>7.5. Direcci\u00f3n y dinamizaci\u00f3n de equipos y reuniones de trabajo.<br \/>7.6. La motivaci\u00f3n en el entorno laboral.<\/UL><\/p>\n<p><strong>UD8. Aplicaciones Inform\u00e1ticas Espec\u00edficas para la Gesti\u00f3n de Unidades de Informaci\u00f3n y Distribuci\u00f3n Tur\u00edsticas.<\/strong><UL>8.1. Tipos y comparaci\u00f3n.<br \/>8.2. Programas a medida y oferta est\u00e1ndar de mercado.<br \/>8.3. Aplicaci\u00f3n de programas integrales para la gesti\u00f3n de las unidades de informaci\u00f3n y distribuci\u00f3n tur\u00edsticas.<\/UL><\/p>\n","protected":false},"excerpt":{"rendered":"<ul>\n<li>Analizar la funci\u00f3n y el proceso de planificaci\u00f3n empresarial o institucional y definir planes que resulten adecuados para unidades de informaci\u00f3n o distribuci\u00f3n de oferta tur\u00edstica.<\/li>\n<li>Analizar la gesti\u00f3n y control presupuestarios en el marco de las agencias de viajes otros distribuidores tur\u00edsticos y entidades de informaci\u00f3n tur\u00edstica identificar costes y elaborar presupuestos econ\u00f3micos que permitan establecer programas de actuaci\u00f3n.<\/li>\n<li>Analizar estructuras organizativas y funcionales propias de diferentes tipos de distribuidores tur\u00edsticos y entidades de informaci\u00f3n tur\u00edstica y su entorno de relaciones internas y externas justificando estructuras organizativas y tipo de relaciones adecuadas a cada tipo de empresa o entidad.<\/li>\n<li>Analizar los m\u00e9todos para la definici\u00f3n de puestos de trabajo y selecci\u00f3n de personal apropiados para empresas de distribuci\u00f3n y entidades de informaci\u00f3n tur\u00edsticas compar\u00e1ndolos cr\u00edticamente.<\/li>\n<li>Analizar las funciones de integraci\u00f3n y direcci\u00f3n de personal utilizando las t\u00e9cnicas aplicables en unidades de informaci\u00f3n y distribuci\u00f3n tur\u00edsticas.<\/li>\n<\/ul>\n","protected":false},"featured_media":679,"comment_status":"open","ping_status":"closed","template":"","meta":{"neve_meta_sidebar":"","neve_meta_container":"","neve_meta_enable_content_width":"","neve_meta_content_width":0,"neve_meta_title_alignment":"","neve_meta_author_avatar":"","neve_post_elements_order":"","neve_meta_disable_header":"","neve_meta_disable_footer":"","neve_meta_disable_title":""},"product_brand":[],"product_cat":[22,23,26],"product_tag":[],"class_list":{"0":"post-685","1":"product","2":"type-product","3":"status-publish","4":"has-post-thumbnail","6":"product_cat-cursos","7":"product_cat-cursos-de-especializacion","8":"product_cat-hosteleria-y-turismo","10":"first","11":"instock","12":"sold-individually","13":"shipping-taxable","14":"purchasable","15":"product-type-simple"},"_links":{"self":[{"href":"https:\/\/camonclass.com\/tienda\/wp-json\/wp\/v2\/product\/685","targetHints":{"allow":["GET"]}}],"collection":[{"href":"https:\/\/camonclass.com\/tienda\/wp-json\/wp\/v2\/product"}],"about":[{"href":"https:\/\/camonclass.com\/tienda\/wp-json\/wp\/v2\/types\/product"}],"replies":[{"embeddable":true,"href":"https:\/\/camonclass.com\/tienda\/wp-json\/wp\/v2\/comments?post=685"}],"wp:featuredmedia":[{"embeddable":true,"href":"https:\/\/camonclass.com\/tienda\/wp-json\/wp\/v2\/media\/679"}],"wp:attachment":[{"href":"https:\/\/camonclass.com\/tienda\/wp-json\/wp\/v2\/media?parent=685"}],"wp:term":[{"taxonomy":"product_brand","embeddable":true,"href":"https:\/\/camonclass.com\/tienda\/wp-json\/wp\/v2\/product_brand?post=685"},{"taxonomy":"product_cat","embeddable":true,"href":"https:\/\/camonclass.com\/tienda\/wp-json\/wp\/v2\/product_cat?post=685"},{"taxonomy":"product_tag","embeddable":true,"href":"https:\/\/camonclass.com\/tienda\/wp-json\/wp\/v2\/product_tag?post=685"}],"curies":[{"name":"wp","href":"https:\/\/api.w.org\/{rel}","templated":true}]}}