{"id":701,"date":"2022-07-25T16:38:24","date_gmt":"2022-07-25T16:38:24","guid":{"rendered":"https:\/\/camonclass.vertice.org\/formacion\/cuentas-contables-y-financieras-en-restauracion\/"},"modified":"2022-07-25T16:38:24","modified_gmt":"2022-07-25T16:38:24","slug":"cuentas-contables-y-financieras-en-restauracion","status":"publish","type":"product","link":"https:\/\/camonclass.com\/tienda\/formacion\/cuentas-contables-y-financieras-en-restauracion\/","title":{"rendered":"Cuentas Contables y Financieras en Restauraci\u00f3n"},"content":{"rendered":"<p><strong>UD1. Dise\u00f1o y gesti\u00f3n de presupuestos.<\/strong><UL>1.1. Tipos de presupuestos en restauraci\u00f3n.<br \/>1.2. Modelo creaci\u00f3n presupuesto operativo.<br \/>1.3. T\u00e9cnicas de presupuestaci\u00f3n.<br \/>1.4. Objetivos del presupuesto.<br \/>1.5. Control presupuestario.<br \/>1.6. Tipos de desviaciones presupuestarias.<\/UL><\/p>\n<p><strong>UD2. Operaciones y cuentas contables.<\/strong><UL>2.1. Objetivo de la contabilidad.<br \/>2.2. Componentes del patrimonio neto de la empresa.<br \/>2.3. Plan econ\u00f3mico-financiero de una empresa de restauraci\u00f3n.<br \/>2.4. Libros de contabilidad.<br \/>2.5. Proceso administrativo de las compras.<br \/>2.6. Operaciones relacionadas con el control contable.<\/UL><\/p>\n<p><strong>UD3. Tipolog\u00eda de Empresas y Tributos en restauraci\u00f3n.<\/strong><UL>3.1. Definici\u00f3n de la forma jur\u00eddica de la empresa.<br \/>3.2. Tipos de impuestos.<\/UL><\/p>\n","protected":false},"excerpt":{"rendered":"<ul>\n<li>Dise\u00f1ar y gestionar el presupuesto de una unidad de restauraci\u00f3n, poniendo en marcha y aplicando el control presupuestario y estableciendo y aplicando medidas correctoras para la mejora del negocio <\/li>\n<li>Registrar operaciones contables de un establecimiento, \u00e1rea o departamento de alimentos y bebidas seg\u00fan la normativa vigente en base a una correcta recepci\u00f3n y control de la documentaci\u00f3n <\/li>\n<\/ul>\n","protected":false},"featured_media":679,"comment_status":"open","ping_status":"closed","template":"","meta":{"neve_meta_sidebar":"","neve_meta_container":"","neve_meta_enable_content_width":"","neve_meta_content_width":0,"neve_meta_title_alignment":"","neve_meta_author_avatar":"","neve_post_elements_order":"","neve_meta_disable_header":"","neve_meta_disable_footer":"","neve_meta_disable_title":""},"product_brand":[],"product_cat":[22,23,26],"product_tag":[],"class_list":{"0":"post-701","1":"product","2":"type-product","3":"status-publish","4":"has-post-thumbnail","6":"product_cat-cursos","7":"product_cat-cursos-de-especializacion","8":"product_cat-hosteleria-y-turismo","10":"first","11":"instock","12":"sold-individually","13":"shipping-taxable","14":"purchasable","15":"product-type-simple"},"_links":{"self":[{"href":"https:\/\/camonclass.com\/tienda\/wp-json\/wp\/v2\/product\/701","targetHints":{"allow":["GET"]}}],"collection":[{"href":"https:\/\/camonclass.com\/tienda\/wp-json\/wp\/v2\/product"}],"about":[{"href":"https:\/\/camonclass.com\/tienda\/wp-json\/wp\/v2\/types\/product"}],"replies":[{"embeddable":true,"href":"https:\/\/camonclass.com\/tienda\/wp-json\/wp\/v2\/comments?post=701"}],"wp:featuredmedia":[{"embeddable":true,"href":"https:\/\/camonclass.com\/tienda\/wp-json\/wp\/v2\/media\/679"}],"wp:attachment":[{"href":"https:\/\/camonclass.com\/tienda\/wp-json\/wp\/v2\/media?parent=701"}],"wp:term":[{"taxonomy":"product_brand","embeddable":true,"href":"https:\/\/camonclass.com\/tienda\/wp-json\/wp\/v2\/product_brand?post=701"},{"taxonomy":"product_cat","embeddable":true,"href":"https:\/\/camonclass.com\/tienda\/wp-json\/wp\/v2\/product_cat?post=701"},{"taxonomy":"product_tag","embeddable":true,"href":"https:\/\/camonclass.com\/tienda\/wp-json\/wp\/v2\/product_tag?post=701"}],"curies":[{"name":"wp","href":"https:\/\/api.w.org\/{rel}","templated":true}]}}