{"id":717,"date":"2022-07-25T16:38:27","date_gmt":"2022-07-25T16:38:27","guid":{"rendered":"https:\/\/camonclass.vertice.org\/formacion\/ingles-para-comercio\/"},"modified":"2022-07-25T16:38:27","modified_gmt":"2022-07-25T16:38:27","slug":"ingles-para-comercio","status":"publish","type":"product","link":"https:\/\/camonclass.com\/tienda\/formacion\/ingles-para-comercio\/","title":{"rendered":"Ingl\u00e9s para Comercio"},"content":{"rendered":"<p><strong>UD1. Receiving and welcoming \/ Recibiendo a nuestros clientes.<\/strong><UL>1.1. Useful expressions and vocabulary \/ Vocabulario y expresiones \u00fatiles.<br \/>1.2. Grammar points \/ Puntos gramaticales.<br \/>1.3. Practice in context \/ Pr\u00e1ctica en su contexto.<br \/>1.4. Exercises unit 1 \/ Ejercicios tema 1.<\/UL><\/p>\n<p><strong>UD2. Describing the product \/ Describiendo el producto.<\/strong><UL>2.1. Useful expressions and vocabulary \/ Vocabulario y expresiones \u00fatiles.<br \/>2.2. Grammar points \/ Puntos gramaticales.<br \/>2.3. Practice in context \/ Pr\u00e1ctica en su contexto.<br \/>2.4. Exercises unit 2 \/ Ejercicios tema 2.<\/UL><\/p>\n<p><strong>UD3. Offers and suggestions \/ Ofrecimientos y sugerencias.<\/strong><UL>3.1. Useful expressions and vocabulary \/ Vocabulario y expresiones \u00fatiles.<br \/>3.2. Grammar points \/ Puntos gramaticales.<br \/>3.3. Practice in context \/ Pr\u00e1ctica en su contexto.<br \/>3.4. Exercises unit 3 \/ Ejercicios tema 3.<\/UL><\/p>\n<p><strong>UD4. At the clothes shop \/ En la boutique.<\/strong><UL>4.1. Useful expressions and vocabulary \/ Vocabulario y expresiones \u00fatiles.<br \/>4.2. Grammar points \/ Puntos gramaticales.<br \/>4.3. Practice in context \/ Pr\u00e1ctica en su contexto.<br \/>4.4. Exercises unit 4 \/ Ejercicios tema 4.<\/UL><\/p>\n<p><strong>UD5. At the shoe shop \/ Zapater\u00edas y accesorios.<\/strong><UL>5.1. Useful expressions and vocabulary \/ Vocabulario y expresiones \u00fatiles.<br \/>5.2. Grammar points \/ Puntos gramaticales.<br \/>5.3. Practice in context \/ Pr\u00e1ctica en su contexto.<br \/>5.4. Exercises unit 5 \/ Ejercicios tema 5.<\/UL><\/p>\n<p><strong>UD6. Selling food and drinks \/ Supermercados y ultramarinos.<\/strong><UL>6.1. Useful expressions and vocabulary \/ Vocabulario y expresiones \u00fatiles.<br \/>6.2. Grammar points \/ Puntos gramaticales.<br \/>6.3. Practice in context \/ Pr\u00e1ctica en su contexto.<br \/>6.4. Exercises unit 6 \/ Ejercicios tema 6.<\/UL><\/p>\n<p><strong>UD7. At the gift shop and stationery&#8217;s \/ Tiendas de regalos y papeler\u00edas.<\/strong><UL>7.1. Useful expressions and vocabulary \/ Vocabulario y expresiones \u00fatiles.<br \/>7.2. Grammar points \/ Puntos gramaticales.<br \/>7.3. Practice in context \/ Pr\u00e1ctica en su contexto.<br \/>7.4. Exercises unit 7 \/ Ejercicios tema 7.<\/UL><\/p>\n<p><strong>UD8. At the tobacconist&#8217;s or newsagent&#8217;s \/ Estancos y quioscos de prensa.<\/strong><UL>8.1. Useful expressions and vocabulary \/ Vocabulario y expresiones \u00fatiles.<br \/>8.2. Grammar points \/ Puntos gramaticales.<br \/>8.3. Practice in context \/ Pr\u00e1ctica en su contexto.<br \/>8.4. Exercises unit 8 \/ Ejercicios tema 8.<\/UL><\/p>\n<p><strong>UD9. Selling appliances and furniture \/ Electrodom\u00e9sticos y mobiliario.<\/strong><UL>9.1. Useful expressions and vocabulary \/ Vocabulario y expresiones \u00fatiles.<br \/>9.2. Grammar points \/ Puntos gramaticales.<br \/>9.3. Practice in context \/ Pr\u00e1ctica en su contexto.<br \/>9.4. Exercises unit 9 \/ Ejercicios tema 9.<\/UL><\/p>\n<p><strong>UD10. Others \/ Otros comercios.<\/strong><UL>10.1. Useful expressions and vocabulary \/ Vocabulario y expresiones \u00fatiles.<br \/>10.2. Grammar points \/ Puntos gramaticales.<br \/>10.3. Practice in context \/ Pr\u00e1ctica en su contexto.<br \/>10.4. Exercises unit 10 \/ Ejercicios tema 10.<\/UL><\/p>\n<p><strong>UD11. Money matters \/ Asuntos financieros.<\/strong><UL>11.1. Useful expressions and vocabulary \/ Vocabulario y expresiones \u00fatiles.<br \/>11.2. Grammar points \/ Puntos gramaticales.<br \/>11.3. Practice in context \/ Pr\u00e1ctica en su contexto.<br \/>11.4. Exercises unit 11 \/ Ejercicios tema 11.<\/UL><\/p>\n<p><strong>UD12. Farewell \/ Despedidas.<\/strong><UL>12.1. Useful expressions and vocabulary \/ Vocabulario y expresiones \u00fatiles.<br \/>12.2. Grammar points \/ Puntos gramaticales.<br \/>12.3. Practice in context \/ Pr\u00e1ctica en su contexto.<br \/>12.4. Exercises unit 12 \/ Ejercicios tema 12.<\/UL><\/p>\n<p><strong>UD13. Giving directions \/ Direcciones.<\/strong><UL>13.1. Useful expressions and vocabulary \/ Vocabulario y expresiones \u00fatiles.<br \/>13.2. Grammar points \/ Puntos gramaticales.<br \/>13.3. Practice in context \/ Pr\u00e1ctica en su contexto.<br \/>13.4. Exercises unit 13 \/ Ejercicios tema 13.<\/UL><\/p>\n<p><strong>UD14. Letters, telephones,faxes and memos \/ Cartas, tel\u00e9fonos, faxes y memorandos.<\/strong><UL>14.1. Useful expressions and vocabulary \/ Vocabulario y expresiones \u00fatiles.<br \/>14.2. Grammar points \/ Puntos gramaticales.<br \/>14.3. Practice in context \/ Pr\u00e1ctica en su contexto.<br \/>14.4. Exercises unit 14 \/ Ejercicios tema 14.<\/UL><\/p>\n<p><strong>UD15. Orders, quotations and invoices. \/ Pedidos, presupuestos y facturas.<\/strong><UL>15.1. Useful expressions and vocabulary \/ Vocabulario y expresiones \u00fatiles.<br \/>15.2. Grammar points \/ Puntos gramaticales.<br \/>15.3. Practice in context \/ Pr\u00e1ctica en su contexto.<br \/>15.4. Exercises unit 15 \/ Ejercicios tema 15.<\/UL><\/p>\n<p><strong>UD16. Complaints and apologies \/ Quejas, reclamaciones y disculpas.<\/strong><UL>16.1. Useful expressions and vocabulary \/ Vocabulario y expresiones \u00fatiles.<br \/>16.2. Grammar points \/ Puntos gramaticales.<br \/>16.3. Practice in context \/ Pr\u00e1ctica en su contexto.<br \/>16.4. Exercises unit 16 \/ Ejercicios tema 15.<\/UL><\/p>\n","protected":false},"excerpt":{"rendered":"<p>Objetivos generales:<\/p>\n<ul>\n<li>Dotar a los trabajadores de la formaci\u00f3n necesaria que les capacite y prepare para desarrollar competencias y cualificaciones en puestos de trabajo que conlleven responsabilidades, por un lado de programaci\u00f3n con el fin de que los trabajadores adquieran los conocimientos necesarios para realizar una correcta y adecuada organizaci\u00f3n del trabajo y por otro lado, de direcci\u00f3n, ya que los encargados de organizar el trabajo deben tener una correcta formaci\u00f3n en la materia con el fin de maximizar los recursos, tanto materiales como humanos, de que dispone la empresa.<\/li>\n<li>Proporcionar los conocimientos del idioma ingl\u00e9s necesarios para que los trabajadores desarrollen correctamente las funciones de su puesto de trabajo y les posibiliten opciones de promoci\u00f3n dentro de su empresa.<\/li>\n<li>Facilitar a los participantes un conocimiento de la gram\u00e1tica inglesa y del vocabulario espec\u00edfico del comercio, que les permita la correcta utilizaci\u00f3n de este idioma en cualquier circunstancia que se pueda plantear en el \u00e1mbito comercial, y as\u00ed conseguir maximizar la satisfacci\u00f3n del consumidor.<\/li>\n<li>Adaptar la cualificaci\u00f3n de los trabajadores a los cambios que el nuevo marco de la uni\u00f3n europea establece, en el que el conocimiento del idioma ingl\u00e9s es fundamental como moneda de cambio en la comunicaci\u00f3n entre pa\u00edses.<\/li>\n<\/ul>\n<p>Objetivos espec\u00edficos:<\/p>\n<ul>\n<li>Capacitar a los participantes para atender correctamente a los clientes de origen extranjero, tanto en su recepci\u00f3n y despedida, como en la descripci\u00f3n de productos, realizaci\u00f3n de ofrecimientos y sugerencias, etc.<\/li>\n<li>Dotar a los participantes de los conocimientos necesarios para comunicarse con cierta fluidez en las situaciones m\u00e1s usuales que se producen en los diferentes puntos de venta: boutique, zapater\u00eda, supermercados, tiendas de muebles, estancos, etc.<\/li>\n<li>Dar a conocer las expresiones y el vocabulario necesario para que los trabajadores puedan expresarse en ingl\u00e9s en relaci\u00f3n con el dinero en el comercio.<\/li>\n<li>Facilitar a los trabajadores las pr\u00e1cticas necesarias para que desarrollen la capacidad de explicar direcciones en ingl\u00e9s.<\/li>\n<li>Dotar a los profesionales de los conocimientos necesarios para la soluci\u00f3n y tramitaci\u00f3n de quejas o sugerencias de los clientes extranjeros, as\u00ed como para la realizaci\u00f3n de pedidos, facturas y presupuestos.<\/li>\n<li>Transmitir la correcta elaboraci\u00f3n de cartas, faxes y otros documentos, as\u00ed como mantener conversaciones comerciales v\u00eda telef\u00f3nica en idioma ingl\u00e9s.<\/li>\n<\/ul>\n","protected":false},"featured_media":715,"comment_status":"open","ping_status":"closed","template":"","meta":{"neve_meta_sidebar":"","neve_meta_container":"","neve_meta_enable_content_width":"","neve_meta_content_width":0,"neve_meta_title_alignment":"","neve_meta_author_avatar":"","neve_post_elements_order":"","neve_meta_disable_header":"","neve_meta_disable_footer":"","neve_meta_disable_title":""},"product_brand":[],"product_cat":[22,23,27],"product_tag":[],"class_list":{"0":"post-717","1":"product","2":"type-product","3":"status-publish","4":"has-post-thumbnail","6":"product_cat-cursos","7":"product_cat-cursos-de-especializacion","8":"product_cat-idiomas","10":"first","11":"instock","12":"sold-individually","13":"shipping-taxable","14":"purchasable","15":"product-type-simple"},"_links":{"self":[{"href":"https:\/\/camonclass.com\/tienda\/wp-json\/wp\/v2\/product\/717","targetHints":{"allow":["GET"]}}],"collection":[{"href":"https:\/\/camonclass.com\/tienda\/wp-json\/wp\/v2\/product"}],"about":[{"href":"https:\/\/camonclass.com\/tienda\/wp-json\/wp\/v2\/types\/product"}],"replies":[{"embeddable":true,"href":"https:\/\/camonclass.com\/tienda\/wp-json\/wp\/v2\/comments?post=717"}],"wp:featuredmedia":[{"embeddable":true,"href":"https:\/\/camonclass.com\/tienda\/wp-json\/wp\/v2\/media\/715"}],"wp:attachment":[{"href":"https:\/\/camonclass.com\/tienda\/wp-json\/wp\/v2\/media?parent=717"}],"wp:term":[{"taxonomy":"product_brand","embeddable":true,"href":"https:\/\/camonclass.com\/tienda\/wp-json\/wp\/v2\/product_brand?post=717"},{"taxonomy":"product_cat","embeddable":true,"href":"https:\/\/camonclass.com\/tienda\/wp-json\/wp\/v2\/product_cat?post=717"},{"taxonomy":"product_tag","embeddable":true,"href":"https:\/\/camonclass.com\/tienda\/wp-json\/wp\/v2\/product_tag?post=717"}],"curies":[{"name":"wp","href":"https:\/\/api.w.org\/{rel}","templated":true}]}}