{"id":724,"date":"2022-07-25T16:38:28","date_gmt":"2022-07-25T16:38:28","guid":{"rendered":"https:\/\/camonclass.vertice.org\/formacion\/frances-preparacion-de-examen-a2\/"},"modified":"2022-07-25T16:38:28","modified_gmt":"2022-07-25T16:38:28","slug":"frances-preparacion-de-examen-a2","status":"publish","type":"product","link":"https:\/\/camonclass.com\/tienda\/formacion\/frances-preparacion-de-examen-a2\/","title":{"rendered":"FRANC\u00c9S. PREPARACI\u00d3N DE EXAMEN A2"},"content":{"rendered":"<p><strong>UD1. De retour des vacances. Ce que nous avons fait avec qui, et o\u00f9 \/ De vuelta de vacaciones. Lo que hicimos, con qui\u00e9n y d\u00f3nde.<\/strong><UL>1.1. Compr\u00e9hension orale.<br \/>1.2. Compr\u00e9hension ecrite.<br \/>1.3. Expression orale.<br \/>1.4. Interaction orale.<br \/>1.5. Expression ecrite.<br \/>1.6. R\u00e9fl exions lexicales, phonologiques et grammaticales.<\/UL><\/p>\n<p><strong>UD2. On invite la famille. On apporte des photos. On compare \/ Invitamos a la familia. Traemos fotos. Comparamos.<\/strong><UL>2.1. Compr\u00e9hension orale.<br \/>2.2. Compr\u00e9hension \u00e9crite.<br \/>2.3. Expression orale.<br \/>2.4. Interaction orale.<br \/>2.5. Expression ecrite.<br \/>2.6. R\u00e9fl exions lexicales, phonologiques et grammaticales.<\/UL><\/p>\n<p><strong>UD3. On invite les amis. On indique le chemin. On donne son opinion \/ Invitamos a los amigos. Indicamos el camino. Damos una opini\u00f3n.<\/strong><UL>3.1. Compr\u00e9hension orale.<br \/>3.2. Compr\u00e9hension \u00e9crite.<br \/>3.3. Expression orale.<br \/>3.4. Interaction orale.<br \/>3.5. Expression \u00e9crite.<br \/>3.6. R\u00e9fl exions lexicales, phonologiques et grammaticales.<\/UL><\/p>\n<p><strong>UD4. Le travail. On en parle. Avec qui. Comment \/ El trabajo. Hablamos de ello. Con qui\u00e9n. C\u00f3mo.<\/strong><UL>4.1. Compr\u00e9hension orale.<br \/>4.2. Compr\u00e9hension \u00e9crite.<br \/>4.3. Expression orale.<br \/>4.4. Interaction orale.<br \/>4.5. Expression ecrite.<br \/>4.6. R\u00e9fl exions lexicales, phonologiques et grammaticales.<\/UL><\/p>\n<p><strong>UD5. Les activit\u00e9s de tous les jours. On en parle. Avec qui, et quoi \/ Actividades diarias. Hablamos de ellas. Con qui\u00e9n y de qu\u00e9.<\/strong><UL>5.1. Compr\u00e9hension orale.<br \/>5.2. Compr\u00e9hension \u00e9crite.<br \/>5.3. Expression orale.<br \/>5.4. Interaction orale.<br \/>5.5. Expression \u00e9crite.<br \/>5.6. R\u00e9fl exions lexicales, phonologiques et grammaticales.<\/UL><\/p>\n<p><strong>UD6. On connait les magasins. Avec qui et comment \/ En las tiendas. Con qui\u00e9n y c\u00f3mo.<\/strong><UL>6.1. Compr\u00e9hension orale.<br \/>6.2. Compr\u00e9hension \u00e9crite.<br \/>6.3. Expression orale.<br \/>6.4. Interaction orale.<br \/>6.5. Expression ecrite.<br \/>6.6. R\u00e9fl exions lexicales, phonologiques et grammaticales.<\/UL><\/p>\n<p><strong>UD7. On va faire les courses \/ Vamos de compras.<\/strong><UL>7.1. Compr\u00e9hension orale.<br \/>7.2. Compr\u00e9hension \u00e9crite.<br \/>7.3. Expression orale.<br \/>7.4. Interaction orale.<br \/>7.4. Compr\u00e9hension ecrite.<br \/>7.5. R\u00e9fl exions lexicales, phonologiques et grammaticales.<\/UL><\/p>\n<p><strong>UD8. On fait quoi \u00e0 la maison \/ Qu\u00e9 hacemos en casa.<\/strong><UL>8.1. Compr\u00e9hension orale.<br \/>8.2. Compr\u00e9hension \u00e9crite.<br \/>8.3. Expression orale.<br \/>8.4. Interaction orale.<br \/>8.5. Compr\u00e9hension ecrite.<br \/>8.6. R\u00e9fl exions lexicales, phonologiques et grammaticales.<\/UL><\/p>\n<p><strong>UD9. On visite la ville. On fait les magasins. Avec qui, et pour quoi \/ Visitamos la ciudad. Vamos de tiendas. Con qui\u00e9n y para qu\u00e9.<\/strong><UL>9.1. Compr\u00e9hension orale.<br \/>9.2. Compr\u00e9hension \u00e9crite.<br \/>9.3. Expression orale.<br \/>9.4. Interaction orale.<br \/>9.5. Expression \u00e9crite.<br \/>9.6. R\u00e9fl exions lexicales, phonologiques et grammaticales.<\/UL><\/p>\n<p><strong>UD10. On cherche un logement. Que fait-on? O\u00f9 vas-tu? Comment y-vas-tu? \/ Buscamos una vivienda. \u00bfQu\u00e9 hacemos? \u00bfD\u00f3nde vas? \u00bfC\u00f3mo vas?.<\/strong><UL>10.1. Compr\u00e9hension orale.<br \/>10.2. Compr\u00e9hension ecrite.<br \/>10.3. Expression orale.<br \/>10.4. Interaction orale.<br \/>10.5. Expression ecrite.<br \/>10.6. R\u00e9fl exions lexicales, phonologiques et grammaticales.<\/UL><\/p>\n<p><strong>UD11. La sant\u00e9 \/ On va chez le m\u00e9decin \/ on prend rendez-vous \/ On parle au m\u00e9decin \/ On va chez le pharmacien \/ La salud \/ En la consulta \/ Pedimos cita \/ Hablamos con el m\u00e9dico \/ Vamos a la farmacia.<\/strong><UL>11.1. Compr\u00e9hension orale.<br \/>11.2. Compr\u00e9hension ecrite.<br \/>11.3. Expression orale.<br \/>11.4. Interaction orale.<br \/>11.5. Expression ecrite.<br \/>11.6. R\u00e9fl exions lexicales, phonologiques et grammaticales.<\/UL><\/p>\n<p><strong>UD12. On veut sorti \/ On utilise quoi \/ Queremos salir \/ Qu\u00e9 utilizamos.<\/strong><UL>12.1. Compr\u00e9hension orale.<br \/>12.2. Compr\u00e9hension ecrite.<br \/>12.3. Expression orale.<br \/>12.4. Interation orale.<br \/>12.5. Expression ecrite.<br \/>12.6. R\u00e9fl exions lexicales, phonologiques et grammaticales.<\/UL><\/p>\n<p><strong>UD13. On veut acheter une voiture \/ On va chez le concessionnaire \/ On ach\u00e8te ou pas? \/ On va \u00e0 la banque \/ Queremos comprar un coche \/ Vamos al concesionario \/ \u00bfCompramos \u00f3 no? \/ Vamos al banco.<\/strong><UL>13.1. Compr\u00e9hension orale.<br \/>13.2. Compr\u00e9hension ecrite.<br \/>13.3. Expresion orale.<br \/>13.4. Interation orale.<br \/>13.5. Expression ecrite.<br \/>13.6. R\u00e9fl exions lexicales, phonologiques et grammaticales.<\/UL><\/p>\n<p><strong>UD14. SOIGNONS notre environnement \/ On va recycler \/ Qu\u00b4est-ce-qu\u00b4on recycle\/ Quand, comment et pourquoi \/ Cuidemos nuestro entorno \/ Vamos a reciclar \/ Qu\u00e9 reciclamos \/ Cuando, c\u00f3mo y porqu\u00e9.<\/strong><UL>14.1. Compr\u00e9hension orale.<br \/>14.2. Compr\u00e9hension ecrite.<br \/>14.3. Expresion orale.<br \/>14.4. Interation orale.<br \/>14.5. Expression ecrite.<br \/>14.6. R\u00e9fl exions lexicales, phonologiques et grammaticales.<\/UL><\/p>\n<p><strong>UD15. On fait le bilan \/ Hacemos balance.<\/strong><UL>15.1. Compr\u00e9hension orale.<br \/>15.2. Compr\u00e9hension ecrite.<br \/>15.3. Production orale.<br \/>15.4. Expression ecrite.<\/UL><\/p>\n","protected":false},"excerpt":{"rendered":"<ul>\n<li>Comprender el sentido general, los puntos principales e informaci\u00f3n de textos orales, bien estructurados, trasmitidos de viva voz o por medios t\u00e9cnicos (tel\u00e9fono, televisi\u00f3n, megafon\u00eda, etc.<\/li>\n<li>), articulados a una velocidad normal, en un registro formal o neutro y siempre que las condiciones ac\u00fasticas sean buenas y el mensaje no est\u00e9 distorsionado.<\/li>\n<li>Estos textos versar\u00e1n de temas habituales, preferentemente en los \u00e1mbitos personal o p\u00fablico.<\/li>\n<li>Producir textos orales, principalmente en comunicaci\u00f3n cara a cara, pero tambi\u00e9n por tel\u00e9fono u otros medios t\u00e9cnicos, en un registro neutro.<\/li>\n<li>Comunicarse de forma comprensible, aunque resulten evidentes el acento extranjero, las pausas y los titubeos y sea necesaria la repetici\u00f3n, la par\u00e1frasis y la cooperaci\u00f3n de los interlocutores para mantener la comunicaci\u00f3n.<\/li>\n<li>Comprender el sentido, las partes e informaci\u00f3n de textos con un registro formal o neutro y vocabulario en su mayor parte frecuente.<\/li>\n<li>Escribir textos en un registro neutro o formal, utilizando adecuadamente los recursos de cohesi\u00f3n y las convenciones ortogr\u00e1ficas y de puntuaci\u00f3n esenciales.<\/li>\n<li>Estos textos se referir\u00e1n principalmente al \u00e1mbito personal y p\u00fablico.<\/li>\n<\/ul>\n","protected":false},"featured_media":715,"comment_status":"open","ping_status":"closed","template":"","meta":{"neve_meta_sidebar":"","neve_meta_container":"","neve_meta_enable_content_width":"","neve_meta_content_width":0,"neve_meta_title_alignment":"","neve_meta_author_avatar":"","neve_post_elements_order":"","neve_meta_disable_header":"","neve_meta_disable_footer":"","neve_meta_disable_title":""},"product_brand":[],"product_cat":[22,23,27],"product_tag":[],"class_list":{"0":"post-724","1":"product","2":"type-product","3":"status-publish","4":"has-post-thumbnail","6":"product_cat-cursos","7":"product_cat-cursos-de-especializacion","8":"product_cat-idiomas","10":"first","11":"instock","12":"sold-individually","13":"shipping-taxable","14":"purchasable","15":"product-type-simple"},"_links":{"self":[{"href":"https:\/\/camonclass.com\/tienda\/wp-json\/wp\/v2\/product\/724","targetHints":{"allow":["GET"]}}],"collection":[{"href":"https:\/\/camonclass.com\/tienda\/wp-json\/wp\/v2\/product"}],"about":[{"href":"https:\/\/camonclass.com\/tienda\/wp-json\/wp\/v2\/types\/product"}],"replies":[{"embeddable":true,"href":"https:\/\/camonclass.com\/tienda\/wp-json\/wp\/v2\/comments?post=724"}],"wp:featuredmedia":[{"embeddable":true,"href":"https:\/\/camonclass.com\/tienda\/wp-json\/wp\/v2\/media\/715"}],"wp:attachment":[{"href":"https:\/\/camonclass.com\/tienda\/wp-json\/wp\/v2\/media?parent=724"}],"wp:term":[{"taxonomy":"product_brand","embeddable":true,"href":"https:\/\/camonclass.com\/tienda\/wp-json\/wp\/v2\/product_brand?post=724"},{"taxonomy":"product_cat","embeddable":true,"href":"https:\/\/camonclass.com\/tienda\/wp-json\/wp\/v2\/product_cat?post=724"},{"taxonomy":"product_tag","embeddable":true,"href":"https:\/\/camonclass.com\/tienda\/wp-json\/wp\/v2\/product_tag?post=724"}],"curies":[{"name":"wp","href":"https:\/\/api.w.org\/{rel}","templated":true}]}}