{"id":725,"date":"2022-07-25T16:38:28","date_gmt":"2022-07-25T16:38:28","guid":{"rendered":"https:\/\/camonclass.vertice.org\/formacion\/frances-preparacion-de-examen-b1\/"},"modified":"2022-07-25T16:38:28","modified_gmt":"2022-07-25T16:38:28","slug":"frances-preparacion-de-examen-b1","status":"publish","type":"product","link":"https:\/\/camonclass.com\/tienda\/formacion\/frances-preparacion-de-examen-b1\/","title":{"rendered":"FRANC\u00c9S. PREPARACI\u00d3N DE EXAMEN B1"},"content":{"rendered":"<p><strong>UD1. Faire connaissance.<\/strong><UL>1.1. Bruno se pr\u00e9sente.<br \/>1.2. en famiile.<br \/>1.3. culture et soci\u00e9t\u00e9.<\/UL><\/p>\n<p><strong>UD2. \u00c9tudier et se former.<\/strong><UL>2.1. souvenirs d\u2019enfance.<br \/>2.2. le parcours scolaire.<br \/>2.3. culture et soci\u00e9t\u00e9.<\/UL><\/p>\n<p><strong>UD3. La course \u00e0 l\u2019emploi.<\/strong><UL>3.1. rechercher un emploi.<br \/>3.2. l\u2019entretien d\u2019embauche.<br \/>3.3. culture et soci\u00e9t\u00e9.<\/UL><\/p>\n<p><strong>UD4. Se loger.<\/strong><UL>4.1. chercher un logement.<br \/>4.2. la colocation.<br \/>4.3. culture et soci\u00e9t\u00e9.<\/UL><\/p>\n<p><strong>UD5. Modes de vie.<\/strong><UL>5.1. partir vivre en province.<br \/>5.2. vivre en ville.<br \/>5.3. culture et soci\u00e9t\u00e9.<\/UL><\/p>\n<p><strong>UD6. S\u2019\u00e9vader.<\/strong><UL>6.1. projets de vacances.<br \/>6.2. pr\u00e9parer un voyage.<br \/>6.3. culture et soci\u00e9t\u00e9.<\/UL><\/p>\n<p><strong>UD7. Les m\u00e9dias.<\/strong><UL>7.1. s\u2019informer.<br \/>7.2. presse traditionnelle vs presse num\u00e9rique.<br \/>7.3. culture et soci\u00e9t\u00e9.<\/UL><\/p>\n<p><strong>UD8. Sorties et spectacles.<\/strong><UL>8.1. l\u2019agenda culturel.<br \/>8.2. sortir et se divertir.<br \/>8.3. culture et soci\u00e9t\u00e9.<\/UL><\/p>\n<p><strong>UD9. La consommation.<\/strong><UL>9.1. recommandations d\u2019achat.<br \/>9.2. pour ou contre le commerce en ligne?.<br \/>9.3. culture et soci\u00e9t\u00e9.<\/UL><\/p>\n<p><strong>UD10. S\u2019engager.<\/strong><UL>10.1. les actions solidaires.<br \/>10.2. le combat social.<br \/>10.3. culture et soci\u00e9t\u00e9.<\/UL><\/p>\n","protected":false},"excerpt":{"rendered":"<ul>\n<li>Conseguir que los alumnos: sean capaces de sacarle partido a un repertorio amplio pero sencillo de vocabulario, estructuras y f\u00f3rmulas aprendidas; pongan en juego los conocimientos generales del mundo hispano (referentes culturales, normas y convenciones de car\u00e1cter sociocultural) que necesitan para desenvolverse en las diferentes transacciones en las que participan; se comuniquen adecuadamente en un registro neutro, aunque con suficiente flexibilidad como para adaptarse a diferentes situaciones; se expresen con razonable correcci\u00f3n, aunque vacilen o hagan pausas para pensar lo que van a decir y cometan errores (especialmente de pronunciaci\u00f3n) sobre todo en situaciones imprevistas y de cierta tensi\u00f3n; sepan c\u00f3mo pedir a alguien que aclare o desarrolle lo que acaba de decir; sean capaces de realizar las transacciones que se requieren en la organizaci\u00f3n de un viaje o durante su desarrollo o en situaciones menos habituales en comercios, agencias de alquiler de coches, oficinas de correos, bancos, etc.; sean capaces de plantear quejas y de relatar detalles de situaciones imprevistas (robos, accidentes, etc.).<\/li>\n<\/ul>\n","protected":false},"featured_media":715,"comment_status":"open","ping_status":"closed","template":"","meta":{"neve_meta_sidebar":"","neve_meta_container":"","neve_meta_enable_content_width":"","neve_meta_content_width":0,"neve_meta_title_alignment":"","neve_meta_author_avatar":"","neve_post_elements_order":"","neve_meta_disable_header":"","neve_meta_disable_footer":"","neve_meta_disable_title":""},"product_brand":[],"product_cat":[22,23,27],"product_tag":[],"class_list":{"0":"post-725","1":"product","2":"type-product","3":"status-publish","4":"has-post-thumbnail","6":"product_cat-cursos","7":"product_cat-cursos-de-especializacion","8":"product_cat-idiomas","10":"first","11":"instock","12":"sold-individually","13":"shipping-taxable","14":"purchasable","15":"product-type-simple"},"_links":{"self":[{"href":"https:\/\/camonclass.com\/tienda\/wp-json\/wp\/v2\/product\/725","targetHints":{"allow":["GET"]}}],"collection":[{"href":"https:\/\/camonclass.com\/tienda\/wp-json\/wp\/v2\/product"}],"about":[{"href":"https:\/\/camonclass.com\/tienda\/wp-json\/wp\/v2\/types\/product"}],"replies":[{"embeddable":true,"href":"https:\/\/camonclass.com\/tienda\/wp-json\/wp\/v2\/comments?post=725"}],"wp:featuredmedia":[{"embeddable":true,"href":"https:\/\/camonclass.com\/tienda\/wp-json\/wp\/v2\/media\/715"}],"wp:attachment":[{"href":"https:\/\/camonclass.com\/tienda\/wp-json\/wp\/v2\/media?parent=725"}],"wp:term":[{"taxonomy":"product_brand","embeddable":true,"href":"https:\/\/camonclass.com\/tienda\/wp-json\/wp\/v2\/product_brand?post=725"},{"taxonomy":"product_cat","embeddable":true,"href":"https:\/\/camonclass.com\/tienda\/wp-json\/wp\/v2\/product_cat?post=725"},{"taxonomy":"product_tag","embeddable":true,"href":"https:\/\/camonclass.com\/tienda\/wp-json\/wp\/v2\/product_tag?post=725"}],"curies":[{"name":"wp","href":"https:\/\/api.w.org\/{rel}","templated":true}]}}