{"id":735,"date":"2022-07-25T16:38:30","date_gmt":"2022-07-25T16:38:30","guid":{"rendered":"https:\/\/camonclass.vertice.org\/formacion\/administracion-y-auditoria-de-los-servicios-web\/"},"modified":"2022-07-25T16:38:30","modified_gmt":"2022-07-25T16:38:30","slug":"administracion-y-auditoria-de-los-servicios-web","status":"publish","type":"product","link":"https:\/\/camonclass.com\/tienda\/formacion\/administracion-y-auditoria-de-los-servicios-web\/","title":{"rendered":"Administraci\u00f3n y auditor\u00eda de los servicios Web"},"content":{"rendered":"<p><strong>UD1. Administraci\u00f3n de contenidos del servidor Web.<\/strong><UL>1.1. Procedimientos de actualizaci\u00f3n de contenidos.<br \/>1.2. Organizaci\u00f3n de contenidos.<br \/>1.3. Control de versiones.<br \/>1.4. T\u00e9cnicas de gesti\u00f3n de permisos.<br \/>1.5. Procedimientos de optimizaci\u00f3n del rendimiento del servidor Web.<br \/>1.6. Servidores de estad\u00edsticas.<br \/>1.7. Normativa legal relacionada con la publicaci\u00f3n de contenidos Web.<\/UL><\/p>\n<p><strong>UD2. Servidor de aplicaciones de servicios Web.<\/strong><UL>2.1. Descripci\u00f3n de funciones y par\u00e1metros de configuraci\u00f3n.<br \/>2.2. Procedimientos de implantaci\u00f3n.<br \/>2.3. An\u00e1lisis y elaboraci\u00f3n de la documentaci\u00f3n de operaci\u00f3n.<\/UL><\/p>\n<p><strong>UD3. Acceso a sistemas gestores de bases de datos.<\/strong><UL>3.1. Motores de base de datos de uso m\u00e1s frecuente en aplicaciones Web (ORACLE SQL Server mySQL).<br \/>3.2. Bibliotecas de acceso.<br \/>3.3. Mecanismos de comunicaci\u00f3n en una arquitectura Web en 3 capas.<br \/>3.4. Verificaci\u00f3n de la conexi\u00f3n a la base de datos.<\/UL><\/p>\n<p><strong>UD4. Descripci\u00f3n de arquitecturas distribuidas en m\u00faltiples servidores.<\/strong><UL>4.1. Modelo de 3 capas.<br \/>4.2. Tolerancia a fallos.<br \/>4.3. Reparto de carga.<br \/>4.4. Almacenes de estado de sesi\u00f3n. (ASP.NET state service\u2026).<br \/>4.5. Almacenes de cach\u00e9 (Memcached\u2026).<br \/>4.6. Servidores Proxy.<\/UL><\/p>\n<p><strong>UD5. Gesti\u00f3n de actualizaciones de servidores y aplicaciones.<\/strong><UL>5.1. Entorno de desarrollo y preproducci\u00f3n.<br \/>5.2. Procedimientos de despliegue de actualizaciones.<\/UL><\/p>\n<p><strong>UD6. Auditor\u00eda y resoluci\u00f3n de incidentes sobre servicios Web.<\/strong><UL>6.1. Medici\u00f3n de la calidad del servicio prestada.<br \/>6.2. Gesti\u00f3n de vulnerabilidades en aplicaciones Web.<br \/>6.3. Diagn\u00f3stico de incidentes en producci\u00f3n.<br \/>6.4. T\u00e9cnicas de resoluci\u00f3n de incidentes.<\/UL><\/p>\n","protected":false},"excerpt":{"rendered":"<ul>\n<li>Administrar los contenidos gestionados por el servidor Web, los accesos realizados y el rendimiento seg\u00fan especificaciones de dise\u00f1o normativa de la organizaci\u00f3n y legislaci\u00f3n vigente <\/li>\n<li>Instalar, configurar y administrar el servidor de aplicaciones en el sistema inform\u00e1tico como proveedor de datos para los servicios Web <\/li>\n<li>Seleccionar, instalar y configurar los m\u00e9todos de acceso a sistemas gestores de bases de datos para utilizar sus recursos en sitios Web din\u00e1micos <\/li>\n<li>Aplicar procedimientos de auditor\u00eda y resoluci\u00f3n de incidencias en la explotaci\u00f3n de un servicio Web <\/li>\n<\/ul>\n","protected":false},"featured_media":732,"comment_status":"open","ping_status":"closed","template":"","meta":{"neve_meta_sidebar":"","neve_meta_container":"","neve_meta_enable_content_width":"","neve_meta_content_width":0,"neve_meta_title_alignment":"","neve_meta_author_avatar":"","neve_post_elements_order":"","neve_meta_disable_header":"","neve_meta_disable_footer":"","neve_meta_disable_title":""},"product_brand":[],"product_cat":[22,23,28],"product_tag":[],"class_list":{"0":"post-735","1":"product","2":"type-product","3":"status-publish","4":"has-post-thumbnail","6":"product_cat-cursos","7":"product_cat-cursos-de-especializacion","8":"product_cat-informatica-y-comunicaciones","10":"first","11":"instock","12":"sold-individually","13":"shipping-taxable","14":"purchasable","15":"product-type-simple"},"_links":{"self":[{"href":"https:\/\/camonclass.com\/tienda\/wp-json\/wp\/v2\/product\/735","targetHints":{"allow":["GET"]}}],"collection":[{"href":"https:\/\/camonclass.com\/tienda\/wp-json\/wp\/v2\/product"}],"about":[{"href":"https:\/\/camonclass.com\/tienda\/wp-json\/wp\/v2\/types\/product"}],"replies":[{"embeddable":true,"href":"https:\/\/camonclass.com\/tienda\/wp-json\/wp\/v2\/comments?post=735"}],"wp:featuredmedia":[{"embeddable":true,"href":"https:\/\/camonclass.com\/tienda\/wp-json\/wp\/v2\/media\/732"}],"wp:attachment":[{"href":"https:\/\/camonclass.com\/tienda\/wp-json\/wp\/v2\/media?parent=735"}],"wp:term":[{"taxonomy":"product_brand","embeddable":true,"href":"https:\/\/camonclass.com\/tienda\/wp-json\/wp\/v2\/product_brand?post=735"},{"taxonomy":"product_cat","embeddable":true,"href":"https:\/\/camonclass.com\/tienda\/wp-json\/wp\/v2\/product_cat?post=735"},{"taxonomy":"product_tag","embeddable":true,"href":"https:\/\/camonclass.com\/tienda\/wp-json\/wp\/v2\/product_tag?post=735"}],"curies":[{"name":"wp","href":"https:\/\/api.w.org\/{rel}","templated":true}]}}