{"id":743,"date":"2022-07-25T16:38:31","date_gmt":"2022-07-25T16:38:31","guid":{"rendered":"https:\/\/camonclass.vertice.org\/formacion\/lenguaje-xml\/"},"modified":"2022-07-25T16:38:31","modified_gmt":"2022-07-25T16:38:31","slug":"lenguaje-xml","status":"publish","type":"product","link":"https:\/\/camonclass.com\/tienda\/formacion\/lenguaje-xml\/","title":{"rendered":"Lenguaje XML"},"content":{"rendered":"<p><strong>UD1. Definici\u00f3n de documentos XML.<\/strong><UL>1.1. Elementos.<br \/>1.2. Atributos.<br \/>1.3. Documentos bien formados.<br \/>1.4. Entidades.<br \/>1.5. Comentarios.<br \/>1.6. Inclusi\u00f3n de datos no XML.<br \/>1.7. Espacios de nombres.<\/UL><\/p>\n<p><strong>UD2. Validaci\u00f3n mediante DTD.<\/strong><UL>2.1. Declaraciones de elementos.<br \/>2.2. Declaraciones de atributo.<br \/>2.3. Declaraciones de identidad general.<br \/>2.4. Entidades generales externas analizadas.<br \/>2.5. Notaciones y entidades exteriores sin analizar.<br \/>2.6. Entidades de par\u00e1metro.<br \/>2.7. Inclusi\u00f3n condicional.<\/UL><\/p>\n<p><strong>UD3. Esquemas XML.<\/strong><UL>3.1. Organizaci\u00f3n del documento.<br \/>3.2. Anotaciones.<br \/>3.3. Declaraciones de elementos.<br \/>3.4. Declaraciones de atributos.<br \/>3.5. Tipos complejos.<br \/>3.6. Elementos vac\u00edos.<br \/>3.7. Uso de grupos.<br \/>3.8. Inclusi\u00f3n de declaraciones externas.<br \/>3.9. Modificaci\u00f3n de declaraciones externas.<br \/>3.10. Importaci\u00f3n de esquemas de otros espacios de nombre.<br \/>3.11. Tipos complejos derivados.<\/UL><\/p>\n<p><strong>UD4. Acceso a la informaci\u00f3n de documentos XML.<\/strong><UL>4.1. XPath.<br \/>4.2. XLink.<br \/>4.3. XPointer.<br \/>4.4. XQL.<\/UL><\/p>\n<p><strong>UD5. Transformaci\u00f3n de documentos XML.<\/strong><UL>5.1. CSS.<br \/>5.2. XSL \/ XSL-FOXSLT.<\/UL><\/p>\n<p><strong>UD6. Otros lenguajes a utilizar con documentos XML.<\/strong><UL>6.1. XML Base.<br \/>6.2. XInclude.<br \/>6.3. XML Information Set.<\/UL><\/p>\n<p><strong>UD7. Aplicaciones del lenguaje XML.<\/strong><UL>7.1. XHTML.<br \/>7.2. REST.<br \/>7.3. XML-RPC.<br \/>7.4. SOAP.<\/UL><\/p>\n","protected":false},"excerpt":{"rendered":"<ul>\n<li>Desarrollar componentes software que permitan la explotaci\u00f3n de contenidos de repositorios, utilizando lenguajes espec\u00edficos y est\u00e1ndares de desarrollo software<\/li>\n<\/ul>\n","protected":false},"featured_media":732,"comment_status":"open","ping_status":"closed","template":"","meta":{"neve_meta_sidebar":"","neve_meta_container":"","neve_meta_enable_content_width":"","neve_meta_content_width":0,"neve_meta_title_alignment":"","neve_meta_author_avatar":"","neve_post_elements_order":"","neve_meta_disable_header":"","neve_meta_disable_footer":"","neve_meta_disable_title":""},"product_brand":[],"product_cat":[22,23,28],"product_tag":[],"class_list":{"0":"post-743","1":"product","2":"type-product","3":"status-publish","4":"has-post-thumbnail","6":"product_cat-cursos","7":"product_cat-cursos-de-especializacion","8":"product_cat-informatica-y-comunicaciones","10":"first","11":"instock","12":"sold-individually","13":"shipping-taxable","14":"purchasable","15":"product-type-simple"},"_links":{"self":[{"href":"https:\/\/camonclass.com\/tienda\/wp-json\/wp\/v2\/product\/743","targetHints":{"allow":["GET"]}}],"collection":[{"href":"https:\/\/camonclass.com\/tienda\/wp-json\/wp\/v2\/product"}],"about":[{"href":"https:\/\/camonclass.com\/tienda\/wp-json\/wp\/v2\/types\/product"}],"replies":[{"embeddable":true,"href":"https:\/\/camonclass.com\/tienda\/wp-json\/wp\/v2\/comments?post=743"}],"wp:featuredmedia":[{"embeddable":true,"href":"https:\/\/camonclass.com\/tienda\/wp-json\/wp\/v2\/media\/732"}],"wp:attachment":[{"href":"https:\/\/camonclass.com\/tienda\/wp-json\/wp\/v2\/media?parent=743"}],"wp:term":[{"taxonomy":"product_brand","embeddable":true,"href":"https:\/\/camonclass.com\/tienda\/wp-json\/wp\/v2\/product_brand?post=743"},{"taxonomy":"product_cat","embeddable":true,"href":"https:\/\/camonclass.com\/tienda\/wp-json\/wp\/v2\/product_cat?post=743"},{"taxonomy":"product_tag","embeddable":true,"href":"https:\/\/camonclass.com\/tienda\/wp-json\/wp\/v2\/product_tag?post=743"}],"curies":[{"name":"wp","href":"https:\/\/api.w.org\/{rel}","templated":true}]}}