{"id":744,"date":"2022-07-25T16:38:32","date_gmt":"2022-07-25T16:38:32","guid":{"rendered":"https:\/\/camonclass.vertice.org\/formacion\/word-2016\/"},"modified":"2022-07-25T16:38:32","modified_gmt":"2022-07-25T16:38:32","slug":"word-2016","status":"publish","type":"product","link":"https:\/\/camonclass.com\/tienda\/formacion\/word-2016\/","title":{"rendered":"Word 2016"},"content":{"rendered":"<p><strong>UD1. Los Procesadores de Textos.<\/strong><UL>1.1. \u00bfQu\u00e9 son y para qu\u00e9 se utilizan?.<br \/>1.2. Tipos de Procesadores.<br \/>1.3. Pasos a Seguir y Requisitos M\u00ednimos para poder instalar Microsoft Word.<br \/>1.4. Accesos a Microsoft Word. La ventana principal. Salida del Programa.<\/UL><\/p>\n<p><strong>UD2. Empecemos a Utilizar Word.<\/strong><UL>2.1. \u00bfQu\u00e9 son los Formatos B\u00e1sicos?.<br \/>2.2. Tipos de Formatos B\u00e1sicos. Fuentes.<br \/>2.3. Diferentes Formas de Texto.<br \/>2.4. Procedimientos Iniciales de un Archivo.<\/UL><\/p>\n<p><strong>UD3. Enriquecer la Apariencia de los Documentos.<\/strong><UL>3.1. C\u00f3mo utilizar la barra de herramientas. P\u00e1rrafo.<br \/>3.2. Herramientas de P\u00e1rrafo y sus alternativas.<br \/>3.3. Deshacer y Rehacer.<br \/>3.4. Buscar en un Documento y Modificarlo.<br \/>3.5. Ayudas en Microsoft Word 2016.<\/UL><\/p>\n<p><strong>UD4. Configurar, Corregir e Imprimir en un Documento.<\/strong><UL>4.1. Pr\u00f3logo.<br \/>4.2. Configurar nuestro Documento.<br \/>4.3. M\u00e1rgenes, Dise\u00f1o y Papel.<br \/>4.4. \u00bfC\u00f3mo Corregir un Documento?.<br \/>4.5. Alternativas para Visualizar un Documento.<\/UL><\/p>\n<p><strong>UD5. Selecci\u00f3n de Texto y Operaciones de Almacenamiento.<\/strong><UL>5.1. \u00bfC\u00f3mo podemos utilizar la Selecci\u00f3n de Texto?.<br \/>5.2. Distintas Formas de Seleccionar un Texto: Rat\u00f3n y Teclado. Uso Pr\u00e1ctico.<br \/>5.3. Forma de Almacenamiento Intervalo I: Copiar y Pegar.<br \/>5.4. Forma de Almacenamiento Intervalo II: Cortar y Pegar.<br \/>5.5. Forma de Almacenamiento Intervalo III: Copiar un Formato.<br \/>5.6. Portapapeles.<\/UL><\/p>\n<p><strong>UD6. Formatos m\u00e1s Avanzados. Parte I.<\/strong><UL>6.1. Operaciones de P\u00e1rrafo.<br \/>6.2. Numeraci\u00f3n y Vi\u00f1etas.<br \/>6.3. Bordes y Sombreado.<br \/>6.4. \u00bfQu\u00e9 Tipos de Ayudas encontramos en Microsoft Word?.<\/UL><\/p>\n<p><strong>UD7. Formatos m\u00e1s Avanzados. Parte II.<\/strong><UL>7.1. Trabajar con Columnas.<br \/>7.2. Trabajar con Tabulaciones.<br \/>7.3. \u00bfC\u00f3mo utilizar los Fondos y los Temas?.<br \/>7.4. Presentar Formato.<br \/>7.5. Emplear la Letra Capital.<\/UL><\/p>\n<p><strong>UD8. Formatos m\u00e1s Avanzados. Parte III.<\/strong><UL>8.1. Definici\u00f3n de Tabla. Su utilizaci\u00f3n.<br \/>8.2. Crear una Tabla e Introducir Datos.<br \/>8.3. \u00bfC\u00f3mo Seleccionar una Celda? Insertar y Eliminar Filas y Columnas.<br \/>8.4. C\u00e1lculos en Tabla de Word.<br \/>8.5. Combinar, Dividir Celdas y Tablas.<br \/>8.6. Ancho, Alto y Alineaci\u00f3n.<br \/>8.7. Ordenar Datos. Formato de Tabla.<\/UL><\/p>\n<p><strong>UD9. Operaciones Variadas con Word.<\/strong><UL>9.1. Encabezado y Pie de P\u00e1gina.<br \/>9.2. Insertar N\u00fameros de P\u00e1gina y Fecha\/Hora.<br \/>9.3. Notas a Pie y Notas Finales.<br \/>9.4. Insertar S\u00edmbolos.<br \/>9.5. Insertar Marcadores, Comentarios e Hiperv\u00ednculos.<br \/>9.6. Bot\u00f3n Mostrar u Ocultar.<\/UL><\/p>\n<p><strong>UD10. Objetos en Word I.<\/strong><UL>10.1. Concepto de Objeto. Utilidad.<br \/>10.2. Inserci\u00f3n de Im\u00e1genes desde un Archivo o Internet.<br \/>10.3. Mejora de las Im\u00e1genes.<br \/>10.4. Ajuste deIm\u00e1genes con el Texto.<\/UL><\/p>\n<p><strong>UD11. Objetos en Word II.<\/strong><UL>11.1. Formas.<br \/>11.2. WordArt.<br \/>11.3. SmarArt.<br \/>11.4. Ecuaciones.<br \/>11.5. Creaci\u00f3n de gr\u00e1ficos.<br \/>11.6. Uso del portapapeles.<\/UL><\/p>\n<p><strong>UD12. Combinaci\u00f3n de Correspondencia, Sobres y Etiquetas.<\/strong><UL>12.1. Creaci\u00f3n del Documento Modelo para Env\u00edo Masivo: Cartas, Sobres, Etiquetas o Mensajes de Correo Electr\u00f3nico.<br \/>12.2. Selecci\u00f3n de Destinatarios mediante Creaci\u00f3n o Utilizaci\u00f3n de Archivos de Datos.<br \/>12.3. Creaci\u00f3n de Sobres y Etiquetas, Opciones de Configuraci\u00f3n.<br \/>12.4. Combinaci\u00f3n de Correspondencia: Salida a Documento, Impresora o Correo Electr\u00f3nico.<\/UL><\/p>\n<p><strong>UD13. Operaciones Avanzadas con Word.<\/strong><UL>13.1. Uso y Creaci\u00f3n de Plantillas con Word.<br \/>13.2. Creaci\u00f3n de Formularios con Word.<br \/>13.3. Opciones de Seguridad y Protecci\u00f3n en Word.<br \/>13.4. Personalizaci\u00f3n y Creaci\u00f3n de Fichas en la Cinta de Opciones.<br \/>13.5. Concepto y Creaci\u00f3n de Macros.<br \/>13.6. Utilizaci\u00f3n de Macros.<\/UL><\/p>\n<p><strong>UD14. Trabajo con Documentos.<\/strong><UL>14.1. Impresi\u00f3n de Documentos.<br \/>14.2. Trabajo con Documentos Largos.<br \/>14.3. Combinaci\u00f3n de Documentos.<br \/>14.4. Revisi\u00f3n de Documentos y Trabajo con Documentos Compartidos.<\/UL><\/p>\n<p><strong>Soluciones.<\/strong><\/p>\n","protected":false},"excerpt":{"rendered":"<ul>\n<li>Conocer y aprender a utilizar las herramientas que proporciona Microsoft Word 2016, para la creaci\u00f3n, modificaci\u00f3n e impresi\u00f3n de documentos de texto.<\/li>\n<li>Aprender a utilizar la nueva interfaz gr\u00e1fica.<\/li>\n<li>Ubicar todas las funciones que Microsoft Word 2016, nos puede ofrecer.<\/li>\n<li>Poder redactar cualquier tipo de documento con Microsoft Word 2016.<\/li>\n<li>Aplicar las nuevas innovaciones de Microsoft Word en nuestros documentos.<\/li>\n<\/ul>\n","protected":false},"featured_media":732,"comment_status":"open","ping_status":"closed","template":"","meta":{"neve_meta_sidebar":"","neve_meta_container":"","neve_meta_enable_content_width":"","neve_meta_content_width":0,"neve_meta_title_alignment":"","neve_meta_author_avatar":"","neve_post_elements_order":"","neve_meta_disable_header":"","neve_meta_disable_footer":"","neve_meta_disable_title":""},"product_brand":[],"product_cat":[22,23,28],"product_tag":[],"class_list":{"0":"post-744","1":"product","2":"type-product","3":"status-publish","4":"has-post-thumbnail","6":"product_cat-cursos","7":"product_cat-cursos-de-especializacion","8":"product_cat-informatica-y-comunicaciones","10":"first","11":"instock","12":"sold-individually","13":"shipping-taxable","14":"purchasable","15":"product-type-simple"},"_links":{"self":[{"href":"https:\/\/camonclass.com\/tienda\/wp-json\/wp\/v2\/product\/744","targetHints":{"allow":["GET"]}}],"collection":[{"href":"https:\/\/camonclass.com\/tienda\/wp-json\/wp\/v2\/product"}],"about":[{"href":"https:\/\/camonclass.com\/tienda\/wp-json\/wp\/v2\/types\/product"}],"replies":[{"embeddable":true,"href":"https:\/\/camonclass.com\/tienda\/wp-json\/wp\/v2\/comments?post=744"}],"wp:featuredmedia":[{"embeddable":true,"href":"https:\/\/camonclass.com\/tienda\/wp-json\/wp\/v2\/media\/732"}],"wp:attachment":[{"href":"https:\/\/camonclass.com\/tienda\/wp-json\/wp\/v2\/media?parent=744"}],"wp:term":[{"taxonomy":"product_brand","embeddable":true,"href":"https:\/\/camonclass.com\/tienda\/wp-json\/wp\/v2\/product_brand?post=744"},{"taxonomy":"product_cat","embeddable":true,"href":"https:\/\/camonclass.com\/tienda\/wp-json\/wp\/v2\/product_cat?post=744"},{"taxonomy":"product_tag","embeddable":true,"href":"https:\/\/camonclass.com\/tienda\/wp-json\/wp\/v2\/product_tag?post=744"}],"curies":[{"name":"wp","href":"https:\/\/api.w.org\/{rel}","templated":true}]}}