{"id":757,"date":"2022-07-25T16:38:34","date_gmt":"2022-07-25T16:38:34","guid":{"rendered":"https:\/\/camonclass.vertice.org\/formacion\/diseno-de-paginas-web\/"},"modified":"2022-07-25T16:38:34","modified_gmt":"2022-07-25T16:38:34","slug":"diseno-de-paginas-web","status":"publish","type":"product","link":"https:\/\/camonclass.com\/tienda\/formacion\/diseno-de-paginas-web\/","title":{"rendered":"Dise\u00f1o de P\u00e1ginas Web"},"content":{"rendered":"<p><strong>Bloque I. Dise\u00f1o b\u00e1sico de p\u00e1ginas web en HTML.<\/strong><\/p>\n<p><strong>UD1. Introducci\u00f3n al dise\u00f1o de p\u00e1ginas web.<\/strong><UL>1.1. Conceptos previos.<br \/>1.2. La organizaci\u00f3n de una presentaci\u00f3n web.<br \/>1.3. Introducci\u00f3n al lenguaje HTML.<br \/>1.4. Primeros pasos.<br \/>1.5. La sintaxis del lenguaje HTML.<br \/>1.6. Editores y convertidores.<\/UL><\/p>\n<p><strong>UD2. El texto.<\/strong><UL>2.1. Introducci\u00f3n.<br \/>2.2. Dar formato al texto.<br \/>2.3. Introducci\u00f3n a los atributos.<br \/>2.4. La etiqueta.<br \/>2.5. El color en HTML.<br \/>2.6. M\u00e1rgenes.<br \/>2.7. Caracteres especiales.<br \/>2.8. Listas.<\/UL><\/p>\n<p><strong>UD3. Los enlaces.<\/strong><UL>3.1. Estructura de los enlaces.<br \/>3.2. Enlaces dentro de una misma p\u00e1gina.<br \/>3.3. Enlaces con otra p\u00e1gina dentro del mismo sitio web.<br \/>3.4. Enlaces con otro sitio web.<br \/>3.5. Enlaces con una direcci\u00f3n de e-mail.<br \/>3.6. Enlaces con un archivo para descargar.<\/UL><\/p>\n<p><strong>UD4. Im\u00e1genes.<\/strong><UL>4.1. Formato de las im\u00e1genes.<br \/>4.2. Insertar una imagen. Etiqueta y atributos.<br \/>4.3. Alineaci\u00f3n y tama\u00f1o de im\u00e1genes.<br \/>4.4. Crear un enlace en una imagen.<br \/>4.5. Mapas de im\u00e1genes.<br \/>4.6. Fondos de pantalla o backgrounds.<\/UL><\/p>\n<p><strong>UD5. Las tablas.<\/strong><UL>5.1. Descripci\u00f3n de etiquetas para la creaci\u00f3n de tablas.<br \/>5.2. Atributos para las tablas.<br \/>5.3. Titular de la tabla.<br \/>5.4. Atributos de las celdas.<br \/>5.5. Celdas de cabecera.<br \/>5.6. Contenido de las celdas.<br \/>5.7. Tablas anidadas.<\/UL><\/p>\n<p><strong>UD6. Formularios.<\/strong><UL>6.1. Descripci\u00f3n del concepto de formulario.<br \/>6.2. Distintos elementos de un formulario.<br \/>6.3. Dise\u00f1o de un formulario.<br \/>6.4. M\u00e9todos de acceso.<\/UL><\/p>\n<p><strong>UD7. Los frames.<\/strong><UL>7.1. Descripci\u00f3n del concepto de frame.<br \/>7.2. Etiquetas para crear frames.<br \/>7.3. Navegaci\u00f3n entre distintos frames.<br \/>7.4. Anidaci\u00f3n de frames.<br \/>7.5. Cosas a evitar en el uso de frames.<\/UL><\/p>\n<p><strong>UD8. Introducci\u00f3n a las hojas de estilo (CSS).<\/strong><UL>8.1. \u00bfQu\u00e9 son las hojas de estilo?.<br \/>8.2. \u00bfC\u00f3mo se aplican las hojas de estilo?.<br \/>8.3. Sintaxis de las hojas de estilo.<br \/>8.4. Estilo para etiquetas concretas o un grupo de ellas.<br \/>8.5. Estilo para un documento HTML.<br \/>8.6. Enlazando distintos documentos a una hoja de estilo.<br \/>8.7. Templates.<\/UL><\/p>\n<p><strong>UD9. C\u00f3mo publicar una p\u00e1gina web.<\/strong><UL>9.1. Alojamiento de las p\u00e1ginas.<br \/>9.2. C\u00f3mo subir los archivos de nuestra p\u00e1gina.<br \/>9.3. Actualizar las p\u00e1ginas.<\/UL><\/p>\n<p><strong>Bloque II. T\u00e9cnicas avanzadas de dise\u00f1o web.<\/strong><\/p>\n<p><strong>UD1. Evoluci\u00f3n del dise\u00f1o web.<\/strong><UL>1.1. La evoluci\u00f3n del dise\u00f1o de p\u00e1ginas web.<br \/>1.2. Diferencia entre una p\u00e1gina est\u00e1tica y una din\u00e1mica.<br \/>1.3. P\u00e1ginas web con conexi\u00f3n a bases de datos.<br \/>1.4. Objetivos de las p\u00e1ginas web.<br \/>1.5. Estructura b\u00e1sica de una p\u00e1gina web.<br \/>1.6. Introducci\u00f3n a los lenguajes b\u00e1sicos de dise\u00f1o web.<br \/>1.7. Presente y futuro de la tecnolog\u00eda web.<br \/>1.8. Introducci\u00f3n al desarrollo web. Software de dise\u00f1o y edici\u00f3n.<\/UL><\/p>\n<p><strong>UD2. Hojas de estilo (CSS).<\/strong><UL>2.1. Concepto de hojas de estilo o css.<br \/>2.2. \u00bfC\u00f3mo se aplican las hojas de estilo?.<br \/>2.3. La estructura de cajas.<br \/>2.4. Ejemplo pr\u00e1ctico.<br \/>2.5. Templates.<\/UL><\/p>\n<p><strong>UD3. Javascript.<\/strong><UL>3.1. \u00bfQu\u00e9 es javascript?.<br \/>3.2. El c\u00f3digo javascript.<br \/>3.3. Ejemplo pr\u00e1ctico: acceso a una p\u00e1gina mediante contrase\u00f1a.<\/UL><\/p>\n<p><strong>UD4. HTML din\u00e1mico o DHTML.<\/strong><UL>4.1. Introducci\u00f3n a DHTML.<br \/>4.2. Definici\u00f3n de capa (layer).<br \/>4.3. Propiedades de las capas.<br \/>4.4. Ejemplos pr\u00e1cticos.<\/UL><\/p>\n<p><strong>UD5. XML.<\/strong><UL>5.1. \u00bfC\u00f3mo nace XML?.<br \/>5.2. \u00bfQu\u00e9 es XML?.<br \/>5.3. Sintaxis de XML.<br \/>5.4. Validaci\u00f3n de XML.<br \/>5.5. Atributos y comentarios en XML.<br \/>5.6. Secciones cdata e identificaci\u00f3n del lenguaje.<br \/>5.7. XML en el servidor.<br \/>5.8. \u00bfXML es el sustituto de HTML?.<\/UL><\/p>\n<p><strong>UD6. Usabilidad y accesibilidad.<\/strong><UL>6.1. Usabilidad.<br \/>6.2. Accesibilidad.<\/UL><\/p>\n<p><strong>UD7. Desarrollo web avanzado.<\/strong><UL>7.1. \u00bfqu\u00e9 es una aplicaci\u00f3n web?.<br \/>7.2. Estructura de una aplicaci\u00f3n web.<br \/>7.3. Lenguajes para el desarrollo de aplicaciones web. Lenguajes del lado del servidor.<br \/>7.4. Introducci\u00f3n a Ajax.<br \/>7.5. Gestores de contenidos: joomla!, moodle, phpnuke.<br \/>7.6. Ejemplos de aplicaciones web: crm, e-commerce, foros.<\/UL><\/p>\n<p><strong>UD8. Publicaci\u00f3n y promoci\u00f3n de p\u00e1ginas web.<\/strong><UL>8.1. \u00bfD\u00f3nde publicar?.<br \/>8.2. \u00bfC\u00f3mo transferir las p\u00e1ginas al servidor?.<br \/>8.3. Protecci\u00f3n de directorios web.<br \/>8.4. Promoci\u00f3n del sitio web.<br \/>8.5. Actualizar las p\u00e1ginas web.<\/UL><\/p>\n","protected":false},"excerpt":{"rendered":"<ul>\n<li>Dar a conocer las principales prestaciones del dise\u00f1o de p\u00e1ginas web, para que los trabajadores conozcan las ventajas que \u00e9stas pueden aportar en el trabajo diario. <\/li>\n<li>Proporcionar los conocimientos necesarios a los trabajadores en materia de \u201cdise\u00f1o de p\u00e1ginas web\u201d para poder adoptar una postura activa que les permita la implantaci\u00f3n de dise\u00f1o de p\u00e1ginas web en toda su actividad y aprender a organizar el trabajo utilizando los avances que se han producido en este \u00e1mbito. <\/li>\n<li>Mejorar la cualificaci\u00f3n de los trabajadores y acercarles a las nuevas tecnolog\u00edas para evitar su estancamiento en la sociedad.<BR><\/li>\n<\/ul>\n","protected":false},"featured_media":732,"comment_status":"open","ping_status":"closed","template":"","meta":{"neve_meta_sidebar":"","neve_meta_container":"","neve_meta_enable_content_width":"","neve_meta_content_width":0,"neve_meta_title_alignment":"","neve_meta_author_avatar":"","neve_post_elements_order":"","neve_meta_disable_header":"","neve_meta_disable_footer":"","neve_meta_disable_title":""},"product_brand":[],"product_cat":[22,23,28],"product_tag":[],"class_list":{"0":"post-757","1":"product","2":"type-product","3":"status-publish","4":"has-post-thumbnail","6":"product_cat-cursos","7":"product_cat-cursos-de-especializacion","8":"product_cat-informatica-y-comunicaciones","10":"first","11":"instock","12":"sold-individually","13":"shipping-taxable","14":"purchasable","15":"product-type-simple"},"_links":{"self":[{"href":"https:\/\/camonclass.com\/tienda\/wp-json\/wp\/v2\/product\/757","targetHints":{"allow":["GET"]}}],"collection":[{"href":"https:\/\/camonclass.com\/tienda\/wp-json\/wp\/v2\/product"}],"about":[{"href":"https:\/\/camonclass.com\/tienda\/wp-json\/wp\/v2\/types\/product"}],"replies":[{"embeddable":true,"href":"https:\/\/camonclass.com\/tienda\/wp-json\/wp\/v2\/comments?post=757"}],"wp:featuredmedia":[{"embeddable":true,"href":"https:\/\/camonclass.com\/tienda\/wp-json\/wp\/v2\/media\/732"}],"wp:attachment":[{"href":"https:\/\/camonclass.com\/tienda\/wp-json\/wp\/v2\/media?parent=757"}],"wp:term":[{"taxonomy":"product_brand","embeddable":true,"href":"https:\/\/camonclass.com\/tienda\/wp-json\/wp\/v2\/product_brand?post=757"},{"taxonomy":"product_cat","embeddable":true,"href":"https:\/\/camonclass.com\/tienda\/wp-json\/wp\/v2\/product_cat?post=757"},{"taxonomy":"product_tag","embeddable":true,"href":"https:\/\/camonclass.com\/tienda\/wp-json\/wp\/v2\/product_tag?post=757"}],"curies":[{"name":"wp","href":"https:\/\/api.w.org\/{rel}","templated":true}]}}