{"id":758,"date":"2022-07-25T16:38:34","date_gmt":"2022-07-25T16:38:34","guid":{"rendered":"https:\/\/camonclass.vertice.org\/formacion\/adobe-photoshop-cs6\/"},"modified":"2022-07-25T16:38:34","modified_gmt":"2022-07-25T16:38:34","slug":"adobe-photoshop-cs6","status":"publish","type":"product","link":"https:\/\/camonclass.com\/tienda\/formacion\/adobe-photoshop-cs6\/","title":{"rendered":"Adobe Photoshop CS6"},"content":{"rendered":"<p><strong>UD1. Introducci\u00f3n a Photoshop CS6.<\/strong><UL>1.1. Photoshop CS6: Novedades.<br \/>1.2. Primeros pasos.<br \/>1.2.1. La interfaz de usuario y espacio de trabajo.<br \/>1.2.2. Barra de Men\u00fas general.<br \/>1.2.3. Panel o Barra de Herramientas.<br \/>1.2.4. Barra de opciones.<br \/>1.2.5. Panel navegador y panel de informaci\u00f3n.<br \/>1.3. Atajos de teclado y men\u00fas.<br \/>1.3.1. Atajos de teclado.<br \/>1.3.2. Personalizaci\u00f3n de Men\u00fas.<br \/>1.4. Men\u00fas y Paneles Contextuales.<br \/>1.5. Panel Historia.<br \/>1.6. Gestor de ajustes preestablecidos.<br \/>1.7. Men\u00fa Ayuda.<\/UL><\/p>\n<p><strong>UD2. Creaci\u00f3n de un nuevo documento.<\/strong><UL>2.1. Configuraci\u00f3n de un nuevo documento.<br \/>2.2. Preferencias de Photoshop.<br \/>2.2.1. Preferencias Generales.<br \/>2.2.2. Preferencias de Interfaz.<br \/>2.2.3. Preferencias de Administraci\u00f3n de archivo.<br \/>2.2.4. Preferencias de Rendimiento.<br \/>2.2.5. Preferencias de cursores.<br \/>2.2.6. Preferencias de Transparencia y Gama.<br \/>2.2.7. Preferencias de Unidades y Reglas.<br \/>2.2.8. Preferencias de Gu\u00edas, Cuadr\u00edculas y Sectores.<br \/>2.2.9. Preferencias de Plugins.<br \/>2.2.10.Preferencias de Texto.<br \/>2.2.11.Preferencias de 3D.<br \/>2.3. Reglas y cuadr\u00edcula.<br \/>2.3.1. La cuadr\u00edcula.<br \/>2.3.2. Las reglas.<br \/>2.4. Gu\u00edas y gu\u00edas inteligentes.<br \/>2.4.1. Gu\u00edas.<br \/>2.5. La barra de estado y sus opciones.<br \/>2.6. Guardar Documentos.<br \/>2.7. Ajustar im\u00e1genes para monitor e impresora.<br \/>2.7.1. Resoluci\u00f3n del monitor.<br \/>2.7.2. Imagen para impresora.<br \/>2.8. Adobe Bridge.<\/UL><\/p>\n<p><strong>UD3. Caracter\u00edsticas de la imagen.<\/strong><UL>3.1. Resoluci\u00f3n, tama\u00f1o y profundidad de bits.<br \/>3.1.1. Resoluci\u00f3n y tama\u00f1o de la imagen.<br \/>3.1.2. Profundidad de bits.<br \/>3.2. Herramientas de Medici\u00f3n. Men\u00fa An\u00e1lisis.<br \/>3.2.1. Herramienta Regla.<br \/>3.2.2. Herramienta Recuento.<br \/>3.3. Formatos de Archivo.<br \/>3.4. Histograma.<\/UL><\/p>\n<p><strong>UD4. Manipulaci\u00f3n de la imagen.<\/strong><UL>4.1. Tama\u00f1o del lienzo y de la imagen.<br \/>4.1.1. Tama\u00f1o del lienzo.<br \/>4.1.2. Modificar el tama\u00f1o de la imagen en p\u00edxeles.<br \/>4.2. Duplicaci\u00f3n de im\u00e1genes.<br \/>4.3. Transformaci\u00f3n de Im\u00e1genes.<br \/>4.3.1. Escalar y rotar.<br \/>4.3.2. Sesgar, distorsionar y deformar.<\/UL><\/p>\n<p><strong>UD5. Herramientas de selecci\u00f3n.<\/strong><UL>5.1. Tipos de Herramientas.<br \/>5.1.1. Herramientas de Selecci\u00f3n Geom\u00e9tricas.<br \/>5.1.2. Herramientas de Selecci\u00f3n de Lazo.<br \/>5.1.3. Herramienta Varita M\u00e1gica.<br \/>5.1.4. Herramienta Selecci\u00f3n r\u00e1pida.<br \/>5.1.5. Selecci\u00f3n directa de los p\u00edxeles de una capa.<br \/>5.2. Operaciones con herramientas de selecci\u00f3n.<br \/>5.2.1. Sumar Selecciones.<br \/>5.2.2. Restar Selecciones.<br \/>5.2.3. Intersecci\u00f3n de selecciones.<br \/>5.3. Men\u00fa de Selecci\u00f3n: Opciones.<br \/>5.3.1. Seleccionar Todo.<br \/>5.3.2. Deseleccionar y volver a seleccionar.<br \/>5.3.3. Invertir.<br \/>5.3.4. Otras opciones.<br \/>5.4. Perfeccionar Bordes.<\/UL><\/p>\n<p><strong>UD6. Herramientas de pintura.<\/strong><UL>6.1. Introducci\u00f3n.<br \/>6.2. Pincel.<br \/>6.2.1. Forma de la punta del pincel.<br \/>6.2.2. Din\u00e1mica de forma.<br \/>6.2.3. Dispersi\u00f3n de Pincel.<br \/>6.2.4. Textura de pincel.<br \/>6.2.5. Pincel Doble.<br \/>6.2.6. Din\u00e1mica de Color.<br \/>6.2.7. Transferencia de pincel.<br \/>6.2.8. Pose del Pincel.<br \/>6.2.9. Otras opciones de pincel.<br \/>6.3. Cuentagotas.<br \/>6.4. L\u00e1piz.<br \/>6.5. Sustituci\u00f3n de color.<br \/>6.6. Pincel de Historia.<br \/>6.7. Pincel Hist\u00f3rico.<br \/>6.8. Bote de Pintura.<br \/>6.9. Degradado.<\/UL><\/p>\n<p><strong>UD7. Gesti\u00f3n de selecciones.<\/strong><UL>7.1. Introducci\u00f3n.<br \/>7.2. Eliminar Halos.<br \/>7.3. M\u00e1scaras.<br \/>7.3.1. Crear M\u00e1scaras.<br \/>7.3.2. Crear selecciones a partir de Canales Alfa.<br \/>7.4. M\u00e1scara R\u00e1pida.<\/UL><\/p>\n<p><strong>UD8. Las capas.<\/strong><UL>8.1. Introducci\u00f3n.<br \/>8.2. C\u00f3mo crear capas.<br \/>8.3. Tipos de Capas.<br \/>8.3.1. Capa de P\u00edxeles o Capa de Imagen.<br \/>8.3.2. Capa de tipo o Capa de Texto.<br \/>8.3.3. Capa de Ajuste.<br \/>8.3.4. Capa de Relleno.<br \/>8.3.5. Capa de Forma.<br \/>8.3.6. Objetos Inteligentes.<br \/>8.4. Trabajo con Capas.<br \/>8.4.1. Panel de capas.<br \/>8.5. Orden de Apilamiento.<br \/>8.5.1. Selecci\u00f3n.<br \/>8.5.2. Orden de las capas.<br \/>8.6. Organizar Capas.<br \/>8.6.1. Reordenar Capas.<br \/>8.6.2. Grupos de Capas.<br \/>8.7. Duplicar Capas.<br \/>8.7.1. Crear capas a partir de una selecci\u00f3n.<br \/>8.8. Combinar Capas.<br \/>8.8.1. Enlazar, alinear y distribuir capas.<br \/>8.9. Bloquear Capas.<br \/>8.10. Opciones de Fusi\u00f3n general de capas.<br \/>8.11. Otras opciones con capas.<br \/>8.11.1.Grupos de recorte.<br \/>8.11.2.M\u00e1scara de capa.<br \/>8.11.3.M\u00e1scara Vectorial.<br \/>8.11.4.Efectos y estilos de capa.<br \/>8.11.5.Operaciones de fusi\u00f3n de capas y canales.<br \/>8.11.6.Composici\u00f3n de capa.<\/UL><\/p>\n<p><strong>UD9. Herramientas de texto.<\/strong><UL>9.1. Introducci\u00f3n.<br \/>9.2. Introducir Texto o Cuadro de texto.<br \/>9.3. Texto horizontal y vertical.<br \/>9.4. M\u00e1scara de texto Horizontal y Vertical.<br \/>9.5. Ventana de car\u00e1cter y p\u00e1rrafo.<br \/>9.6. Revisar Ortograf\u00eda.<br \/>9.7. Deformar Texto.<\/UL><\/p>\n<p><strong>UD10. Filtros.<\/p>\n<p>.<br \/>UD11. Profundidad de color.<\/strong><UL>11.1. Profundidad de Color.<br \/>11.2. Modos y Gama de Color.<br \/>11.2.1. RGB.<br \/>11.2.2. CMYK.<br \/>11.2.3. HSB.<br \/>11.2.4. Lab.<br \/>11.2.5. Escala de Grises.<br \/>11.2.6. Modo Duotono.<br \/>11.2.7. Indexado.<br \/>11.2.8. Multicanal.<\/UL><\/p>\n<p><strong>UD12. Retoque.<\/strong><UL>12.1. De Retoque.<br \/>12.1.1. Herramientas de Tamp\u00f3n de Clonar y de Motivo.<br \/>12.1.2. Herramientas Pincel Corrector puntual, Pincel Correc\u00actor, Parche y Pincel de ojos rojos.<br \/>12.1.3. Herramientas Desenfocar, Enfocar y Dedo.<br \/>12.1.4. Herramientas de Tono: Sobreexponer, Subexponer y Esponja.<br \/>12.2. De Transformaci\u00f3n.<br \/>12.2.1. Transformaci\u00f3n libre.<br \/>12.3. Ajustes de Imagen.<br \/>12.3.1. Histograma.<br \/>12.3.2. Brillo\/Contraste.<br \/>12.3.3. Ajustar Niveles.<br \/>12.3.4. Color Autom\u00e1tico.<br \/>12.3.5. Color Autom\u00e1tico.<br \/>12.3.6. Ajustar Curvas.<br \/>12.3.7. Comando Sombras\/Iluminaci\u00f3n.<br \/>12.3.8. Ajustar el equilibrio de color.<br \/>12.3.9. Ajustar Tono\/Saturaci\u00f3n.<br \/>12.3.10.Comando Reemplazar Color.<br \/>12.3.11.Correcci\u00f3n Selectiva.<br \/>12.3.12.Variaciones.<br \/>12.3.13.Igualar Color.<br \/>12.3.14.Filtro de Fotograf\u00eda.<br \/>12.3.15.Otros comandos.<\/UL><\/p>\n<p><strong>UD13. Tipos de canales.<\/strong><UL>13.1. Tipos de Canales.<br \/>13.2. C\u00f3mo se trabaja con canales.<\/UL><\/p>\n<p><strong>UD14. Introducci\u00f3n.<\/strong><UL>14.1. Introducci\u00f3n.<br \/>14.2. M\u00e1scara de capa.<br \/>14.3. M\u00e1scara Vectorial.<\/UL><\/p>\n<p><strong>UD15. Trazados y formas vectoriales.<\/strong><UL>15.1. Trazados y formas vectoriales.<br \/>15.2. Panel de trazados.<br \/>15.3. Entender los trazados.<br \/>15.4. Caracter\u00edsticas.<br \/>15.5. Transformar trazados.<\/UL><\/p>\n<p><strong>UD16. Funcionamiento del panel de acciones.<\/strong><UL>16.1. Funcionamiento del panel acciones.<br \/>16.2. C\u00f3mo crear una acci\u00f3n.<br \/>16.3. Deshacer acciones y rectificar.<br \/>16.3.1. Interrumpir una modificaci\u00f3n.<br \/>16.3.2. Deshacer\/Rehacer.<br \/>16.3.3. Pasos atr\u00e1s o adelante.<br \/>16.3.4. Volver a la \u00faltima versi\u00f3n.<br \/>16.3.5. El panel Historia.<\/UL><\/p>\n<p><strong>UD17. Funciones de 3D.<\/strong><UL>17.1. Funciones de 3D.<br \/>17.2. Crear Objeto 3D.<br \/>17.3. Interfaz 3D.<br \/>17.4. Elementos de los objetos 3D.<br \/>17.4.1. Materiales 3D.<br \/>17.4.2. Malla 3D.<br \/>17.4.3. Iluminaci\u00f3n.<br \/>17.4.4. Entorno y Escena.<br \/>17.5. Trabajo con objetos 3D.<br \/>17.5.1. Rotar, Desplazar y Escalar.<br \/>17.6. Interpretar y Rasterizar.<\/UL><\/p>\n<p><strong>UD18. Introducci\u00f3n al camera RAW.<\/strong><UL>18.1. Introducci\u00f3n al camera RAW.<br \/>18.2. Interfaz de Camera RAW y Par\u00e1metros.<\/UL><\/p>\n<p><strong>UD19. Novedades de Edici\u00f3n de video en CS6.<\/strong><UL>19.1. Novedades de Edici\u00f3n de video en CS6.<br \/>19.2. Espacio de trabajo.<br \/>19.3. Insertar y ajustar video.<br \/>19.4. Edici\u00f3n de Video.<br \/>19.4.1. Modificar la duraci\u00f3n de los videos.<br \/>19.4.2. Transiciones de Video.<br \/>19.4.3. Texto.<br \/>19.4.4. El sonido en el V\u00eddeo.<br \/>19.4.5. Efectos y Filtros.<br \/>19.5. Interpretar el video.<\/UL><\/p>\n","protected":false},"excerpt":{"rendered":"<ul>\n<li>Aprender los principales conceptos de tratamiento digital de la imagen, desde su captura pasando por el retoque hasta su publicaci\u00f3n en la web, o impresi\u00f3n en papel.<\/li>\n<li>Conocer los diferentes medios que ofrece photoshop para la edici\u00f3n digital de la imagen a la hora de crear composiciones con un acabado profesional.<\/li>\n<li>Organizar el espacio de trabajo para optimizar tanto el tiempo de realizaci\u00f3n como el \u00e1rea de trabajo y tener acceso a las herramientas m\u00e1s utilizadas en cada momento.<\/li>\n<li>Asimilar el manejo de las diferentes herramientas ofrecidas por photoshop para la realizaci\u00f3n de collages, fotomontajes, dise\u00f1os digitales, retoque de fotograf\u00edas\u2026.<\/li>\n<li>Expresar la creatividad mediante la utilizaci\u00f3n de las diferentes herramientas de trabajo y comandos para llevar a cabo proyectos profesionales de dise\u00f1o.<\/li>\n<li>Posibilitar la publicaci\u00f3n de trabajos ya sea en medios digitales o impresos.<\/li>\n<li>Ampliar el conocimiento del usuario sobre el programa en su versi\u00f3n cs6.<\/li>\n<li>Profundizar en el aprendizaje de las posibilidades que ofrece este programa de dise\u00f1o l\u00edder, como la personalizaci\u00f3n del entorno, la gesti\u00f3n de bridge, el trabajo con capas, los efectos y estilos, las t\u00e9cnicas de retoque, los modos de color y calibrado, la animaci\u00f3n o la optimizaci\u00f3n del programa, entre otros aspectos.<BR><\/li>\n<\/ul>\n","protected":false},"featured_media":732,"comment_status":"open","ping_status":"closed","template":"","meta":{"neve_meta_sidebar":"","neve_meta_container":"","neve_meta_enable_content_width":"","neve_meta_content_width":0,"neve_meta_title_alignment":"","neve_meta_author_avatar":"","neve_post_elements_order":"","neve_meta_disable_header":"","neve_meta_disable_footer":"","neve_meta_disable_title":""},"product_brand":[],"product_cat":[22,23,28],"product_tag":[],"class_list":{"0":"post-758","1":"product","2":"type-product","3":"status-publish","4":"has-post-thumbnail","6":"product_cat-cursos","7":"product_cat-cursos-de-especializacion","8":"product_cat-informatica-y-comunicaciones","10":"first","11":"instock","12":"sold-individually","13":"shipping-taxable","14":"purchasable","15":"product-type-simple"},"_links":{"self":[{"href":"https:\/\/camonclass.com\/tienda\/wp-json\/wp\/v2\/product\/758","targetHints":{"allow":["GET"]}}],"collection":[{"href":"https:\/\/camonclass.com\/tienda\/wp-json\/wp\/v2\/product"}],"about":[{"href":"https:\/\/camonclass.com\/tienda\/wp-json\/wp\/v2\/types\/product"}],"replies":[{"embeddable":true,"href":"https:\/\/camonclass.com\/tienda\/wp-json\/wp\/v2\/comments?post=758"}],"wp:featuredmedia":[{"embeddable":true,"href":"https:\/\/camonclass.com\/tienda\/wp-json\/wp\/v2\/media\/732"}],"wp:attachment":[{"href":"https:\/\/camonclass.com\/tienda\/wp-json\/wp\/v2\/media?parent=758"}],"wp:term":[{"taxonomy":"product_brand","embeddable":true,"href":"https:\/\/camonclass.com\/tienda\/wp-json\/wp\/v2\/product_brand?post=758"},{"taxonomy":"product_cat","embeddable":true,"href":"https:\/\/camonclass.com\/tienda\/wp-json\/wp\/v2\/product_cat?post=758"},{"taxonomy":"product_tag","embeddable":true,"href":"https:\/\/camonclass.com\/tienda\/wp-json\/wp\/v2\/product_tag?post=758"}],"curies":[{"name":"wp","href":"https:\/\/api.w.org\/{rel}","templated":true}]}}