{"id":759,"date":"2022-07-25T16:38:35","date_gmt":"2022-07-25T16:38:35","guid":{"rendered":"https:\/\/camonclass.vertice.org\/formacion\/autocad-2016-2017\/"},"modified":"2022-07-25T16:38:35","modified_gmt":"2022-07-25T16:38:35","slug":"autocad-2016-2017","status":"publish","type":"product","link":"https:\/\/camonclass.com\/tienda\/formacion\/autocad-2016-2017\/","title":{"rendered":"Autocad 2016-2017"},"content":{"rendered":"<p><strong>UD1. Introducci\u00f3n.<\/strong><UL>1.1. \u00bfQu\u00e9 es AutoCAD?.<br \/>1.2. \u00bfPara qu\u00e9 sirve? Especialidades.<br \/>1.3. Requisitos del sistema.<br \/>1.4. Interfaz de usuario.<\/UL><\/p>\n<p><strong>UD2. Par\u00e1metros b\u00e1sicos.<\/strong><UL>2.1. Crear, gestionar y guardar un documento.<br \/>2.2. Coordenadas.<br \/>2.3. Unidades.<\/UL><\/p>\n<p><strong>UD3. Objetos de dibujo.<\/strong><UL>3.1. Punto.<br \/>3.2. L\u00ednea.<br \/>3.3. C\u00edrculo.<br \/>3.4. Arco.<br \/>3.5. Polil\u00ednea.<br \/>3.6. Rect\u00e1ngulo.<br \/>3.7. Pol\u00edgono.<br \/>3.8. Elipse.<br \/>3.9. Spline.<br \/>3.10. Nube de revisi\u00f3n.<br \/>3.11. Regi\u00f3n.<br \/>3.12. Arandela.<br \/>3.13. Tabla.<\/UL><\/p>\n<p><strong>UD4. Zoom, encuadre y designaci\u00f3n.<\/strong><UL>4.1. Zoom.<br \/>4.2. Encuadre.<br \/>4.3. Designaci\u00f3n.<\/UL><\/p>\n<p><strong>UD5. Capas.<\/strong><UL>5.1. Nueva capa.<br \/>5.2. Estilos de capa.<\/UL><\/p>\n<p><strong>UD6. Modificaci\u00f3n b\u00e1sica.<\/strong><UL>6.1. Propiedades.<br \/>6.2. Borrar.<br \/>6.3. Copia.<br \/>6.4. Desplaza.<br \/>6.5. Desfase.<br \/>6.6. Matriz.<br \/>6.7. Girar.<br \/>6.8. Simetr\u00eda.<br \/>6.9. Escala.<br \/>6.10. Recortar.<br \/>6.11. Alargar.<br \/>6.12. Estira.<br \/>6.13. Igualar propiedades.<\/UL><\/p>\n<p><strong>UD7. Acotaci\u00f3n.<\/strong><UL>7.1. Estilos de cotas.<br \/>7.2. Tipos de cotas.<\/UL><\/p>\n<p><strong>UD8. Texto.<\/strong><UL>8.1. Estilo de texto.<br \/>8.2. Crear texto.<\/UL><\/p>\n<p><strong>Anexo.<\/strong><\/p>\n<p><strong>Glosario.<\/strong><\/p>\n<p><strong>Soluciones.<\/strong><\/p>\n<p><strong>UD9. Edici\u00f3n avanzada de objetos.<\/strong><UL>9.1. Chafl\u00e1n.<br \/>9.2. Empalme.<br \/>9.3. Unir.<br \/>9.4. Partir.<br \/>9.5. Fusionar curvas.<br \/>9.6. Editar polil\u00ednea.<br \/>9.7. Descomponer.<br \/>9.8. Longitud.<\/UL><\/p>\n<p><strong>UD10. Utilidades.<\/strong><UL>10.1. Selecci\u00f3n.<br \/>10.1.1. Total.<br \/>10.1.2. R\u00e1pida.<br \/>10.2. Calculadora r\u00e1pida.<br \/>10.3. Lista.<br \/>10.4. Medir.<\/UL><\/p>\n<p><strong>UD11. Bloques.<\/strong><UL>11.1. Crear bloques.<br \/>11.2. Guardar bloques.<br \/>11.3. Editar bloques.<br \/>11.4. Insertar bloques.<\/UL><\/p>\n<p><strong>UD12. Sombreado, Degradado y Contorno.<\/strong><UL>12.1. Sombreado.<br \/>12.1.1. Designar puntos.<br \/>12.1.2. Patr\u00f3n.<br \/>12.1.3. Asociativo, no asociativo o anotativo.<br \/>12.1.4. Origen de sombreado.<br \/>12.2. Degradado.<br \/>12.3. Contorno.<\/UL><\/p>\n<p><strong>UD13. Acotaci\u00f3n avanzada.<\/strong><UL>13.1. Acotar.<br \/>13.2. Cota r\u00e1pida.<br \/>13.3. Cota continuar.<br \/>13.4. Cota l\u00ednea de base.<br \/>13.5. Directrices.<br \/>13.6. Cotas anotativas.<\/UL><\/p>\n<p><strong>UD14. Sistemas de coordenadas.<\/strong><UL>14.1. Icono del Sistema de Coordenadas.<br \/>14.2. Sistema de Coordenadas Universales (SCU).<br \/>14.3. Sistema de Coordenadas Personal (SCP).<br \/>14.3. 1. Guardar SCP.<br \/>14.3. 2. Restituir y Suprimir SCP.<br \/>14.3. 3. Sistema de Coordenadas Personalizadas Objeto.<br \/>14.4. Planta.<\/UL><\/p>\n<p><strong>UD15. Referencias externas.<\/strong><UL>15.1. Referencia dwg.<br \/>15.2. Referencia de im\u00e1genes r\u00e1ster.<br \/>15.3. Objeto OLE.<br \/>15.4. Ruta desaparecida.<br \/>15.5. Importar PDF en Autocad 2017.<\/UL><\/p>\n<p><strong>UD16. Impresi\u00f3n y configuraci\u00f3n de impresora.<\/strong><UL>16.1. Imprimir desde el espacio modelo.<br \/>16.2. Imprimir desde el espacio papel.<br \/>16.2.1. Crear presentaci\u00f3n.<br \/>16.3. Estilos de trazado.<br \/>16.4. Nuevas impresoras.<\/UL><\/p>\n<p><strong>Anexo.<\/strong><\/p>\n<p><strong>Glosario.<\/strong><\/p>\n<p><strong>Soluciones.<\/strong><\/p>\n<p><strong>UD17. Entorno de trabajo y visualizaci\u00f3n.<\/strong><UL>17.1. Requisitos del sistema.<br \/>17.2. Crear documento 3D.<br \/>17.3. SCU y SCP.<br \/>17.4. \u00d3rbita 3D.<br \/>17.5. Estilos visuales 3D.<br \/>17.6. Administrar vistas.<br \/>17.7. Steering Wheels.<br \/>17.8. Ventanas gr\u00e1ficas.<\/UL><\/p>\n<p><strong>UD18. S\u00f3lidos b\u00e1sicos.<\/strong><UL>18.1. Cubo o de textura cuadrada.<br \/>18.2. Cilindro.<br \/>18.3. Cono.<br \/>18.4. Esfera.<br \/>18.5. Pir\u00e1mide.<br \/>18.6. Cu\u00f1a.<br \/>18.7. Toroide.<br \/>18.8. Polis\u00f3lido.<\/UL><\/p>\n<p><strong>UD19. Modelado de s\u00f3lidos.<\/strong><UL>19.1. Extrusi\u00f3n.<br \/>19.2. Revoluci\u00f3n.<br \/>19.3. Barrido.<br \/>19.4. Solevar.<\/UL><\/p>\n<p><strong>UD20. Editar s\u00f3lidos.<\/strong><UL>20.1. Uni\u00f3n.<br \/>20.2. Diferencia.<br \/>20.3. Intersecci\u00f3n.<br \/>20.4. Editar caras.<br \/>20.5. Editar aristas.<br \/>20.6. Corte.<br \/>20.7. Engrosar.<br \/>20.8. Interferencia.<\/UL><\/p>\n<p><strong>UD21. Operaciones en 3D.<\/strong><UL>21.1. Desplaza 3D.<br \/>21.2. Rotaci\u00f3n 3D.<br \/>21.2. 1. Girar 3D.<br \/>21.3. Simetr\u00eda 3D.<br \/>21.4. Escala 3D.<br \/>21.5. Alinear 3D.<\/UL><\/p>\n<p><strong>UD22. Mallas.<\/strong><UL>22.1. Primitivas.<br \/>22.2. Suavizadas y refinadas.<br \/>22.3. Revolucionadas.<br \/>22.4. Tabuladas.<br \/>22.5. Regladas.<br \/>22.6. Aristas.<\/UL><\/p>\n<p><strong>UD23. Materiales.<\/strong><UL>23.1. Explorador de materiales.<br \/>23.2. Aplicando materiales.<br \/>23.3. Creaci\u00f3n y edici\u00f3n de materiales.<\/UL><\/p>\n<p><strong>UD24. Iluminaci\u00f3n.<\/strong><UL>24.1. Luz puntual.<br \/>24.2. Foco.<br \/>24.3. Luz distante.<br \/>24.4. Luz de red.<br \/>24.5. Sol.<\/UL><\/p>\n<p><strong>UD25. C\u00e1mara y renderizado.<\/strong><UL>25.1. C\u00e1mara.<br \/>25.2. Animaci\u00f3n.<br \/>25.3. Renderizado.<\/UL><\/p>\n<p><strong>Glosario.<\/strong><\/p>\n<p><strong>Soluciones.<\/strong><\/p>\n","protected":false},"excerpt":{"rendered":"<ul>\n<li>Con este curso empezar\u00e1s a dibujar con elementos simples y editarlos utilizando las coordenadas y sistemas de referencia.<\/li>\n<li>Aprender\u00e1s los m\u00e9todos para incorporar texto y edici\u00f3n del mismo, dibujar utilizando objetos definidos como ayuda y adaptar de los sistemas de coordenadas al dibujo.<\/li>\n<li>El alumno dise\u00f1ar\u00e1 y crear\u00e1 nuevos objetos a partir de otros existentes. Aplicar\u00e1 sombras al dibujo y utilizar\u00e1 y configurar\u00e1 las<BR>capas de dibujo. Se introducir\u00e1 en el manejo y creaci\u00f3n de bloques de dibujo.<\/li>\n<li>El alumno crear\u00e1 planos y le dar\u00e1 propiedades, adem\u00e1s de configurar los elementos necesarios para una correcta impresi\u00f3n.<\/li>\n<li>Se dotar\u00e1 al alumno de los conocimientos necesarios para que pueda crear y modificar modelos 3D de calidad mediante la utilizaci\u00f3n de las herramientas de modelado de objetos 3D que nos ofrece la aplicaci\u00f3n. Asimismo aprender\u00e1 a componer escenas fotorrealisticas mediante la aplicaci\u00f3n de iluminaci\u00f3n a la escena y materiales a los objetos que la componen<\/li>\n<\/ul>\n","protected":false},"featured_media":732,"comment_status":"open","ping_status":"closed","template":"","meta":{"neve_meta_sidebar":"","neve_meta_container":"","neve_meta_enable_content_width":"","neve_meta_content_width":0,"neve_meta_title_alignment":"","neve_meta_author_avatar":"","neve_post_elements_order":"","neve_meta_disable_header":"","neve_meta_disable_footer":"","neve_meta_disable_title":""},"product_brand":[],"product_cat":[22,23,28],"product_tag":[],"class_list":{"0":"post-759","1":"product","2":"type-product","3":"status-publish","4":"has-post-thumbnail","6":"product_cat-cursos","7":"product_cat-cursos-de-especializacion","8":"product_cat-informatica-y-comunicaciones","10":"first","11":"instock","12":"sold-individually","13":"shipping-taxable","14":"purchasable","15":"product-type-simple"},"_links":{"self":[{"href":"https:\/\/camonclass.com\/tienda\/wp-json\/wp\/v2\/product\/759","targetHints":{"allow":["GET"]}}],"collection":[{"href":"https:\/\/camonclass.com\/tienda\/wp-json\/wp\/v2\/product"}],"about":[{"href":"https:\/\/camonclass.com\/tienda\/wp-json\/wp\/v2\/types\/product"}],"replies":[{"embeddable":true,"href":"https:\/\/camonclass.com\/tienda\/wp-json\/wp\/v2\/comments?post=759"}],"wp:featuredmedia":[{"embeddable":true,"href":"https:\/\/camonclass.com\/tienda\/wp-json\/wp\/v2\/media\/732"}],"wp:attachment":[{"href":"https:\/\/camonclass.com\/tienda\/wp-json\/wp\/v2\/media?parent=759"}],"wp:term":[{"taxonomy":"product_brand","embeddable":true,"href":"https:\/\/camonclass.com\/tienda\/wp-json\/wp\/v2\/product_brand?post=759"},{"taxonomy":"product_cat","embeddable":true,"href":"https:\/\/camonclass.com\/tienda\/wp-json\/wp\/v2\/product_cat?post=759"},{"taxonomy":"product_tag","embeddable":true,"href":"https:\/\/camonclass.com\/tienda\/wp-json\/wp\/v2\/product_tag?post=759"}],"curies":[{"name":"wp","href":"https:\/\/api.w.org\/{rel}","templated":true}]}}