{"id":784,"date":"2022-07-25T16:38:39","date_gmt":"2022-07-25T16:38:39","guid":{"rendered":"https:\/\/camonclass.vertice.org\/formacion\/cuidados-auxiliares-basicos-de-enfermeria\/"},"modified":"2022-07-25T16:38:39","modified_gmt":"2022-07-25T16:38:39","slug":"cuidados-auxiliares-basicos-de-enfermeria","status":"publish","type":"product","link":"https:\/\/camonclass.com\/tienda\/formacion\/cuidados-auxiliares-basicos-de-enfermeria\/","title":{"rendered":"Cuidados Auxiliares B\u00e1sicos de Enfermer\u00eda"},"content":{"rendered":"<p><strong>UD1. Unidad de hospitalizaci\u00f3n.<\/strong><UL>1.1. Unidad de hospitalizaci\u00f3n: la habitaci\u00f3n del paciente.<br \/>1.2. La cama hospitalaria.<br \/>1.3. Proceso de acogida del paciente.<br \/>1.4. Procedimiento de alta de un paciente.<\/UL><\/p>\n<p><strong>UD2. Higiene y aseo.<\/strong><UL>2.1. Principios Anatomo-Fisiol\u00f3gicos de la piel y mucosas.<br \/>2.2. Alteraciones de la piel y mucosas.<br \/>2.3. La higiene personal.<br \/>2.4. T\u00e9cnicas de movilizaci\u00f3n del paciente.<br \/>2.5. Recogida de excretas.<br \/>2.6. La agon\u00eda y los cuidados Postmortem.<\/UL><\/p>\n<p><strong>UD3. Administraci\u00f3n de alimentos.<\/strong><UL>3.1. Alimentaci\u00f3n y nutrici\u00f3n.<br \/>3.2. Concepto y tipos de dietas.<br \/>3.3. La alimentaci\u00f3n en el anciano.<br \/>3.4. La alimentaci\u00f3n en el lactante.<br \/>3.5. T\u00e9cnicas para alimentar al paciente.<\/UL><\/p>\n<p><strong>UD4. Administraci\u00f3n de medicamentos.<\/strong><UL>4.1. Reglas a seguir en la administraci\u00f3n de medicamentos.<br \/>4.2. Administraci\u00f3n de medicamentos.<br \/>4.3. Conservaci\u00f3n y almacenaje de f\u00e1rmacos.<br \/>4.4. Colocaci\u00f3n de enemas.<br \/>4.5. Cuidados en la transfusi\u00f3n sangu\u00ednea.<br \/>4.6. Cuidados en la oxigenoterapia.<br \/>4.7. Fisioterapia respiratoria.<\/UL><\/p>\n<p><strong>UD5. Prevenci\u00f3n y control de contaminaciones en el medio hospitalario.<\/strong><UL>5.1. Enfermedades infecciosas transmisibles.<br \/>5.2. Medidas generales de prevenci\u00f3n de enfermedades infecciosas.<br \/>5.3. T\u00e9cnica y procedimientos para el control de enfermedades transmisibles.<br \/>5.4. La importancia del lavado de manos.<br \/>5.5. Tipos de contaminantes y medidas de prevenci\u00f3n.<\/UL><\/p>\n","protected":false},"excerpt":{"rendered":"<ul>\n<li>Precisar las actividades destinadas a realizar la higiene corporal del paciente\/ usuario.<\/li>\n<li>Analizar las condiciones higi\u00e9nico-sanitarias que debe cumplir la habitaci\u00f3n del paciente, describiendo los m\u00e9todos y t\u00e9cnicas precisas para conseguirlas.<\/li>\n<li>Relacionar los tipos de dietas, m\u00e9todos y t\u00e9cnicas de administraci\u00f3n de los alimentos en funci\u00f3n de las caracter\u00edsticas del paciente y el protocolo o plan de cuidados.<\/li>\n<li>Describir los requisitos t\u00e9cnicos necesarios para la realizaci\u00f3n de los cuidados \u201cpostmortem\u201d.<\/li>\n<li>Analizar los procedimientos de aislamiento, determinando sus usos concretos en el control y la prevenci\u00f3n de contaminaciones hospitalarias.<\/li>\n<\/ul>\n","protected":false},"featured_media":779,"comment_status":"open","ping_status":"closed","template":"","meta":{"neve_meta_sidebar":"","neve_meta_container":"","neve_meta_enable_content_width":"","neve_meta_content_width":0,"neve_meta_title_alignment":"","neve_meta_author_avatar":"","neve_post_elements_order":"","neve_meta_disable_header":"","neve_meta_disable_footer":"","neve_meta_disable_title":""},"product_brand":[],"product_cat":[22,23,30],"product_tag":[],"class_list":{"0":"post-784","1":"product","2":"type-product","3":"status-publish","4":"has-post-thumbnail","6":"product_cat-cursos","7":"product_cat-cursos-de-especializacion","8":"product_cat-sanidad","10":"first","11":"instock","12":"sold-individually","13":"shipping-taxable","14":"purchasable","15":"product-type-simple"},"_links":{"self":[{"href":"https:\/\/camonclass.com\/tienda\/wp-json\/wp\/v2\/product\/784","targetHints":{"allow":["GET"]}}],"collection":[{"href":"https:\/\/camonclass.com\/tienda\/wp-json\/wp\/v2\/product"}],"about":[{"href":"https:\/\/camonclass.com\/tienda\/wp-json\/wp\/v2\/types\/product"}],"replies":[{"embeddable":true,"href":"https:\/\/camonclass.com\/tienda\/wp-json\/wp\/v2\/comments?post=784"}],"wp:featuredmedia":[{"embeddable":true,"href":"https:\/\/camonclass.com\/tienda\/wp-json\/wp\/v2\/media\/779"}],"wp:attachment":[{"href":"https:\/\/camonclass.com\/tienda\/wp-json\/wp\/v2\/media?parent=784"}],"wp:term":[{"taxonomy":"product_brand","embeddable":true,"href":"https:\/\/camonclass.com\/tienda\/wp-json\/wp\/v2\/product_brand?post=784"},{"taxonomy":"product_cat","embeddable":true,"href":"https:\/\/camonclass.com\/tienda\/wp-json\/wp\/v2\/product_cat?post=784"},{"taxonomy":"product_tag","embeddable":true,"href":"https:\/\/camonclass.com\/tienda\/wp-json\/wp\/v2\/product_tag?post=784"}],"curies":[{"name":"wp","href":"https:\/\/api.w.org\/{rel}","templated":true}]}}