{"id":789,"date":"2022-07-25T16:38:40","date_gmt":"2022-07-25T16:38:40","guid":{"rendered":"https:\/\/camonclass.vertice.org\/formacion\/citologia-del-tracto-genital-femenino-y-de-la-glandula-mamaria\/"},"modified":"2022-07-25T16:38:40","modified_gmt":"2022-07-25T16:38:40","slug":"citologia-del-tracto-genital-femenino-y-de-la-glandula-mamaria","status":"publish","type":"product","link":"https:\/\/camonclass.com\/tienda\/formacion\/citologia-del-tracto-genital-femenino-y-de-la-glandula-mamaria\/","title":{"rendered":"Citolog\u00eda del tracto genital femenino y de la gl\u00e1ndula mamaria"},"content":{"rendered":"<p><strong>UD1. Citolog\u00eda general. Citolog\u00eda b\u00e1sica y aspectos generales de citodiagn\u00f3stico.<\/strong><UL>1.1. Introducci\u00f3n.<br \/>1.2. Estructura principal de la c\u00e9lula. N\u00facleo y citoplasma.<br \/>1.3. Evaluaci\u00f3n citol\u00f3gica inicial.<br \/>1.4. Adaptaci\u00f3n y Muerte celular.<\/UL><\/p>\n<p><strong>UD2. Citopatolog\u00eda.<\/strong><UL>2.1. Introducci\u00f3n.<br \/>2.2. Citopatolog\u00eda Exfoliativa.<br \/>2.3. Obtenci\u00f3n de muestras citol\u00f3gicas.<br \/>2.4. Prefijaci\u00f3n y env\u00edo de muestras.<br \/>2.5. Hoja de informaci\u00f3n cl\u00ednica.<br \/>2.6. Procesamiento de la muestra Citopatol\u00f3gica.<br \/>2.7. Tipo de coloraciones para estudios citol\u00f3gicos.<br \/>2.8. Interpretaci\u00f3n de las extensiones citol\u00f3gicas.<br \/>2.9. Organizaci\u00f3n de una secci\u00f3n de Citopatolog\u00eda.<br \/>2.10. Funciones de un t\u00e9cnico especialista en anatom\u00eda patol\u00f3gica y citolog\u00eda.<br \/>2.11. Control de calidad en citolog\u00eda.<\/UL><\/p>\n<p><strong>UD3. Citolog\u00eda del aparato genital femenino.<\/strong><UL>3.1. Citolog\u00eda ginecol\u00f3gica.<br \/>3.2. Anatom\u00eda e histolog\u00eda normal del aparato genital femenino.<br \/>3.3. Citolog\u00eda normal del aparato genital femenino.<br \/>3.4. Diagn\u00f3stico hormonal.<br \/>3.5. Citolog\u00eda de las alteraciones hormonales.<\/UL><\/p>\n<p><strong>UD4. Citolog\u00eda Cervicovaginal.<\/strong><UL>4.1. Inflamaci\u00f3n e infecciones C\u00e9rvico-Vaginales. Cambios reactivos benignos del epitelio.<br \/>4.2. Caracter\u00edsticas principales de la citolog\u00eda del dispositivo intrauterino (Diu).<br \/>4.3. Artefactos, contaminantes y cuerpos extra\u00f1os en la citolog\u00eda C\u00e9rvico-Vaginal.<br \/>4.4. Infecci\u00f3n por VPH.<br \/>4.5. Lesiones precancerosas del aparato genital femenino.<br \/>4.6. Carcinoma epidermoide.<br \/>4.7. Adenocarcinoma.<br \/>4.8. Otros tumores malignos del c\u00e9rvix.<\/UL><\/p>\n<p><strong>UD5. Citolog\u00eda de vulva y vagina.<\/strong><UL>5.1. Citolog\u00eda de la vulva.<br \/>5.2. Citolog\u00eda de la vagina.<\/UL><\/p>\n<p><strong>UD6. Citolog\u00eda de endometrio.<\/strong><UL>6.1. Anatom\u00eda y fisiolog\u00eda del endometrio.<br \/>6.2. Ciclo endometrial.<br \/>6.3. Tipos de tomas endometriales.<br \/>6.4. Toma endometrial directa.<br \/>6.5. Toma endometrial indirecta.<br \/>6.6. Otros tumores uterinos.<\/UL><\/p>\n<p><strong>UD7. Citolog\u00eda del ovario.<\/strong><UL>7.1. Anatom\u00eda, histolog\u00eda y fisiolog\u00eda del ovario.<br \/>7.2. Epidemiolog\u00eda de los tumores ov\u00e1ricos.<br \/>7.3. Clasificaci\u00f3n de los tumores de ovario.<br \/>7.4. Patolog\u00eda del ovario.<br \/>7.5. Punci\u00f3n-aspiraci\u00f3n de lesiones benignas y malignas de ovario.<\/UL><\/p>\n<p><strong>UD8. Citolog\u00eda de la gl\u00e1ndula mamaria.<\/strong><UL>8.1. Anatom\u00eda e histolog\u00eda de la gl\u00e1ndula mamaria.<br \/>8.2. Cambios fisiol\u00f3gicos de la mama.<br \/>8.3. Funciones de la mama.<br \/>8.4. Alteraciones en el desarrollo de la gl\u00e1ndula mamaria.<br \/>8.5. Procedimientos de estudio citol\u00f3gico de la mama.<br \/>8.6. Componentes normales de la citolog\u00eda mamaria.<br \/>8.7. Procesos inflamatorios.<br \/>8.8. Patolog\u00eda mamaria benigna.<br \/>8.9. Citopatolog\u00eda de las lesiones malignas.<br \/>8.10. Errores en la interpretaci\u00f3n citol\u00f3gica. 8.11T\u00e9cnicas inmunohistoqu\u00edmicas en la punci\u00f3n-aspiraci\u00f3n de la mama.<\/UL><\/p>\n","protected":false},"excerpt":{"rendered":"<p>Objetivos generales:<\/p>\n<ul>\n<li>Definir el concepto de citolog\u00eda, la evoluci\u00f3n a lo largo de los a\u00f1os y reconocer la importancia de este m\u00e9todo diagn\u00f3stico en la actualidad.<\/li>\n<li>Determinar y valorar las funciones correspondientes a los t\u00e9cnicos de anatom\u00eda patol\u00f3gica y citolog\u00eda ante cada prueba diagn\u00f3stica.<\/li>\n<li>Describir la anatom\u00eda, histolog\u00eda y citolog\u00eda normal del aparato genital femenino.<\/li>\n<li>Clasificar las posibles patolog\u00edas que se pueden originar en la vulva, vagina, c\u00e9rvix, endometrio, ovario y la gl\u00e1ndula mamaria.<\/li>\n<\/ul>\n<p>Objetivos espec\u00edficos:<\/p>\n<ul>\n<li>Analizar la estructura principal de la c\u00e9lula, describiendo cada uno de los org\u00e1nulos que la componen y sus funciones b\u00e1sicas como la divisi\u00f3n, la adaptaci\u00f3n y la muerte celular.<\/li>\n<li>Describir el proceso de la obtenci\u00f3n de una muestra de citolog\u00eda vaginal, comparar los resultados de una citolog\u00eda normal con una patol\u00f3gica.<\/li>\n<li>Clasificar las distintas patolog\u00edas que se pueden dar en la vulva, vagina, c\u00e9rvix, endometrio, ovarios y gl\u00e1ndulas mamarias, describiendo el proceso de toma de muestras y de diagn\u00f3stico de una citolog\u00eda adecuada para cada caso.<\/li>\n<li>Detallar el proceso para realizar de manera correcta la t\u00e9cnica inmunocitoqu\u00edmica en la punci\u00f3n \u2013 aspiraci\u00f3n de la mama.<\/li>\n<\/ul>\n","protected":false},"featured_media":779,"comment_status":"open","ping_status":"closed","template":"","meta":{"neve_meta_sidebar":"","neve_meta_container":"","neve_meta_enable_content_width":"","neve_meta_content_width":0,"neve_meta_title_alignment":"","neve_meta_author_avatar":"","neve_post_elements_order":"","neve_meta_disable_header":"","neve_meta_disable_footer":"","neve_meta_disable_title":""},"product_brand":[],"product_cat":[22,23,30],"product_tag":[],"class_list":{"0":"post-789","1":"product","2":"type-product","3":"status-publish","4":"has-post-thumbnail","6":"product_cat-cursos","7":"product_cat-cursos-de-especializacion","8":"product_cat-sanidad","10":"first","11":"instock","12":"sold-individually","13":"shipping-taxable","14":"purchasable","15":"product-type-simple"},"_links":{"self":[{"href":"https:\/\/camonclass.com\/tienda\/wp-json\/wp\/v2\/product\/789","targetHints":{"allow":["GET"]}}],"collection":[{"href":"https:\/\/camonclass.com\/tienda\/wp-json\/wp\/v2\/product"}],"about":[{"href":"https:\/\/camonclass.com\/tienda\/wp-json\/wp\/v2\/types\/product"}],"replies":[{"embeddable":true,"href":"https:\/\/camonclass.com\/tienda\/wp-json\/wp\/v2\/comments?post=789"}],"wp:featuredmedia":[{"embeddable":true,"href":"https:\/\/camonclass.com\/tienda\/wp-json\/wp\/v2\/media\/779"}],"wp:attachment":[{"href":"https:\/\/camonclass.com\/tienda\/wp-json\/wp\/v2\/media?parent=789"}],"wp:term":[{"taxonomy":"product_brand","embeddable":true,"href":"https:\/\/camonclass.com\/tienda\/wp-json\/wp\/v2\/product_brand?post=789"},{"taxonomy":"product_cat","embeddable":true,"href":"https:\/\/camonclass.com\/tienda\/wp-json\/wp\/v2\/product_cat?post=789"},{"taxonomy":"product_tag","embeddable":true,"href":"https:\/\/camonclass.com\/tienda\/wp-json\/wp\/v2\/product_tag?post=789"}],"curies":[{"name":"wp","href":"https:\/\/api.w.org\/{rel}","templated":true}]}}