{"id":790,"date":"2022-07-25T16:38:40","date_gmt":"2022-07-25T16:38:40","guid":{"rendered":"https:\/\/camonclass.vertice.org\/formacion\/cuidados-auxiliares-de-enfermeria-en-el-servicio-de-esterilizacion\/"},"modified":"2022-07-25T16:38:40","modified_gmt":"2022-07-25T16:38:40","slug":"cuidados-auxiliares-de-enfermeria-en-el-servicio-de-esterilizacion","status":"publish","type":"product","link":"https:\/\/camonclass.com\/tienda\/formacion\/cuidados-auxiliares-de-enfermeria-en-el-servicio-de-esterilizacion\/","title":{"rendered":"CUIDADOS AUXILIARES DE ENFERMERIA EN EL SERVICIO DE ESTERILIZACI\u00d3N"},"content":{"rendered":"<p><strong>UD1. Concepto, descripci\u00f3n y organizaci\u00f3n del servicio de esterilizaci\u00f3n.<\/strong><UL>1.1. Introducci\u00f3n.<br \/>1.2. Concepto, descripci\u00f3n y organizaci\u00f3n.<br \/>1.3. Personal de la central de esterilizaci\u00f3n.<br \/>1.4. Funciones de la central de esterilizaci\u00f3n.<\/UL><\/p>\n<p><strong>UD2. Limpieza, desinfecci\u00f3n y esterilizaci\u00f3n.<\/strong><UL>2.1. Introducci\u00f3n.<br \/>2.2. Recepci\u00f3n del material.<br \/>2.3. Limpieza del material.<br \/>2.4. Desinfecci\u00f3n del material cl\u00ednico.<br \/>2.5. Revisi\u00f3n, clasificaci\u00f3n y empaquetado del material.<br \/>2.6. Esterilizaci\u00f3n.<\/UL><\/p>\n<p><strong>UD3. Almacenaje del material est\u00e9ril.<\/strong><UL>3.1. Introducci\u00f3n.<br \/>3.2. \u00c1rea de almacenamiento de material est\u00e9ril.<br \/>3.3. Recomendaciones.<br \/>3.4. Transporte del material.<\/UL><\/p>\n<p><strong>UD4. Control de calidad.<\/strong><UL>4.1. Introducci\u00f3n.<br \/>4.2. Clasificaci\u00f3n de los indicadores de esterilizaci\u00f3n.<br \/>4.3. Recomendaciones para el uso de indicadores en el proceso de esterilizaci\u00f3n.<br \/>4.4. Controles e indicadores de calidad de la central de esterilizaci\u00f3n.<\/UL><\/p>\n<p><strong>UD5. Normativa.<\/strong><\/p>\n<p><strong>UD6. Situaciones especiales en esterilizaci\u00f3n.<\/strong><UL>6.1. Introducci\u00f3n.<br \/>6.2. L\u00famenes. 6.3L\u00edquidos.<br \/>6.4. Implantes.<br \/>6.5. Materiales de l\u00e1tex.<br \/>6.6. Materiales de un solo uso desechable.<br \/>6.7. Cat\u00e9teres de hemodin\u00e1mica.<br \/>6.8. L\u00edneas y filtros de hemodi\u00e1lisis.<br \/>6.9. Procesamiento de materias contaminadas con priones.<\/UL><\/p>\n<p><strong>UD7. Descripci\u00f3n del aparataje.<\/strong><UL>7.1. Introducci\u00f3n.<br \/>7.2. Autoclaves.<br \/>7.3. Estufas Pupinel.<br \/>7.4. Esterilizadores por \u00f3xido de etileno.<br \/>7.5. Lavadora Descontaminadora.<br \/>7.6. Lavadora ultras\u00f3nica.<br \/>7.7. Secadoras.<br \/>7.8. Desmineralizador de agua o suministro de agua blanda.<br \/>7.9. Selladora.<br \/>7.10. Guillotina y cortadoras el\u00e9ctricas.<br \/>7.11. Mesa con lupa iluminada.<\/UL><\/p>\n<p><strong>UD8. M\u00e9todos de esterilizaci\u00f3n seg\u00fan el tipo de material e instrumental.<\/strong><UL>8.1. Autoclaves con Desplazamiento por Gravedad.<br \/>8.2. Ciclo n\u00ba1.<br \/>8.3. Ciclo n\u00ba2.<br \/>8.4. Ciclo n\u00ba3 y 4.<br \/>8.5. Autoclaves con sistema de vac\u00edo previo.<br \/>8.6. \u00d3xido de etileno.<br \/>8.7. Per\u00f3xido de hidr\u00f3geno. Plasma gas.<\/UL><\/p>\n","protected":false},"excerpt":{"rendered":"<p>Objetivos generales:<\/p>\n<ul>\n<li>Describir las funciones b\u00e1sicas del t\u00e9cnico de cuidados auxiliares de enfermer\u00eda en el servicio de esterilizaci\u00f3n.<\/li>\n<li>Definir el proceso de esterilizaci\u00f3n y describir el procedimiento m\u00e1s adecuado para cada caso.<\/li>\n<li>Identificar los conocimientos relacionados con el servicio de esterilizaci\u00f3n.<\/li>\n<li>Reconocer la importancia de este servicio para disminuir el riesgo de adquirir infecciones o afecciones accidentales en los procesos quir\u00fargicos.<\/li>\n<\/ul>\n<p>Objetivos espec\u00edficos:<\/p>\n<ul>\n<li>Identificar al personal del servicio de esterilizaci\u00f3n y las funciones propias de cada uno en dicho servicio.<\/li>\n<li>Diferenciar los distintos m\u00e9todos de limpieza, desinfecci\u00f3n y esterilizaci\u00f3n.<\/li>\n<li>Describir los m\u00e9todos de esterilizaci\u00f3n seg\u00fan el tipo de material e instrumental utilizado.<\/li>\n<li>Identificar las normas europeas aplicables a los productos elaborados por la central de esterilizaci\u00f3n, destinados directamente al paciente.<\/li>\n<li>Conocer las normas b\u00e1sicas de funcionamiento del almacenaje del material est\u00e9ril.<\/li>\n<li>Clasificar los distintos tipos de indicadores de esterilizaci\u00f3n y conocer sus recomendaciones para cada tipo de material, <\/li>\n<\/ul>\n","protected":false},"featured_media":779,"comment_status":"open","ping_status":"closed","template":"","meta":{"neve_meta_sidebar":"","neve_meta_container":"","neve_meta_enable_content_width":"","neve_meta_content_width":0,"neve_meta_title_alignment":"","neve_meta_author_avatar":"","neve_post_elements_order":"","neve_meta_disable_header":"","neve_meta_disable_footer":"","neve_meta_disable_title":""},"product_brand":[],"product_cat":[22,23,30],"product_tag":[],"class_list":{"0":"post-790","1":"product","2":"type-product","3":"status-publish","4":"has-post-thumbnail","6":"product_cat-cursos","7":"product_cat-cursos-de-especializacion","8":"product_cat-sanidad","10":"first","11":"instock","12":"sold-individually","13":"shipping-taxable","14":"purchasable","15":"product-type-simple"},"_links":{"self":[{"href":"https:\/\/camonclass.com\/tienda\/wp-json\/wp\/v2\/product\/790","targetHints":{"allow":["GET"]}}],"collection":[{"href":"https:\/\/camonclass.com\/tienda\/wp-json\/wp\/v2\/product"}],"about":[{"href":"https:\/\/camonclass.com\/tienda\/wp-json\/wp\/v2\/types\/product"}],"replies":[{"embeddable":true,"href":"https:\/\/camonclass.com\/tienda\/wp-json\/wp\/v2\/comments?post=790"}],"wp:featuredmedia":[{"embeddable":true,"href":"https:\/\/camonclass.com\/tienda\/wp-json\/wp\/v2\/media\/779"}],"wp:attachment":[{"href":"https:\/\/camonclass.com\/tienda\/wp-json\/wp\/v2\/media?parent=790"}],"wp:term":[{"taxonomy":"product_brand","embeddable":true,"href":"https:\/\/camonclass.com\/tienda\/wp-json\/wp\/v2\/product_brand?post=790"},{"taxonomy":"product_cat","embeddable":true,"href":"https:\/\/camonclass.com\/tienda\/wp-json\/wp\/v2\/product_cat?post=790"},{"taxonomy":"product_tag","embeddable":true,"href":"https:\/\/camonclass.com\/tienda\/wp-json\/wp\/v2\/product_tag?post=790"}],"curies":[{"name":"wp","href":"https:\/\/api.w.org\/{rel}","templated":true}]}}