{"id":836,"date":"2022-07-25T16:38:48","date_gmt":"2022-07-25T16:38:48","guid":{"rendered":"https:\/\/camonclass.vertice.org\/formacion\/comunicacion-marketing-e-imagen-corporativa\/"},"modified":"2022-07-25T16:38:48","modified_gmt":"2022-07-25T16:38:48","slug":"comunicacion-marketing-e-imagen-corporativa","status":"publish","type":"product","link":"https:\/\/camonclass.com\/tienda\/formacion\/comunicacion-marketing-e-imagen-corporativa\/","title":{"rendered":"COMUNICACI\u00d3N, MARKETING E IMAGEN CORPORATIVA"},"content":{"rendered":"<p>Fundamentos de Comunicaci\u00f3n y Publicidad<br \/>UD1. Conceptos sobre comunicaci\u00f3n<br \/>UD2. Teor\u00eda de la comunicaci\u00f3n<br \/>UD3. Marketing y comunicaci\u00f3n<br \/>UD4. El ecosistema publicitario<br \/>Comunicaci\u00f3n e imagen corporativa<br \/>UD1. Identidad, cultura e imagen corporativa<br \/>UD2. La comunicaci\u00f3n como instrumento en la creaci\u00f3n de la imagen corporativa<br \/>UD3. Planificaci\u00f3n estrat\u00e9gica de la imagen<br \/>UD4. Dise\u00f1o de estrategias de comunicaci\u00f3n para la imagen corporativa<br \/>UD5. La imagen corporativa en internet<br \/>UD6. Gesti\u00f3n de la marca<br \/>UD7. Gesti\u00f3n de crisis<br \/>Habilidades de comunicaci\u00f3n<br \/>UD1. \u00bfQu\u00e9 es la comunicaci\u00f3n?.<br \/>UD2. Componentes personales y sociales de la comunicaci\u00f3n.<br \/>UD3. Comunicaci\u00f3n eficiente y persuasiva. Liderazgo y comunicaci\u00f3n.<br \/>UD4. La comunicaci\u00f3n en la gesti\u00f3n de conflictos.<br \/>Protocolo<br \/>UD1. Introducci\u00f3n al protocolo<br \/>UD2. Protocolo Oficial<br \/>Marketing interno y comunicaci\u00f3n en la empresa<br \/>UD1. Marketing interno y comunicaci\u00f3n en la empresa<br \/>UD2. Gesti\u00f3n del conocimiento<\/p>\n","protected":false},"excerpt":{"rendered":"<p><UL> <LI>Conocer las distintas formas de comunicaci\u00f3n <LI>Saber qu\u00e9 tipos de procesos de comunicacion existen <LI>Entender por qu\u00e9 es necesaria la comunicaci\u00f3n <LI>Factores que influyen en los procesos de comunicaci\u00f3n <LI>Saber en qu\u00e9 consiste la funci\u00f3n de un DIRCOM <LI>Conocer los distintos tipos de modelos de comunicaci\u00f3n <LI>Aprender cu\u00e1les son los tipos de comunicaci\u00f3n en las organizaciones <LI>Aspectos que implica la comunicaci\u00f3n coorporativa <LI>Acercamiento a los que supone la comunicaci\u00f3n interna <LI>Acercamiento al Marketing Mix <LI>Conocer qu\u00e9 implica y en qu\u00e9 consiste la segementaci\u00f3n de mercados <LI>Saber cuales son las etapas del ciclo de vida de un producto <LI>Formas de comunicaci\u00f3n del marketing <LI>Conocer qu\u00e9 recoge el t\u00e9rmino publicidad, qu\u00e9 objetivos tiene y los tipos que existen <LI>Saber que es la insustria publicitaria <LI>Realizar el presupuesto de una forma beneficiosa <LI>Saber elegir el medio de comunicaci\u00f3n para la publicidad <LI>Diferenciar los distintos medios publicitarios <LI>Saber las funciones de la promoci\u00f3n de ventas y las RR.HH \u00bb \u2022 Conocer en profundidad los factores que influyen la identidad corporativa.<\/LI> <LI>Descubrir las estrategias para la identificaci\u00f3n y cuantificaci\u00f3n del p\u00fablico objetivo de una marca.<\/LI> <LI>Profundizar en el concepto de filosof\u00eda corporativa.&nbsp;<\/LI> <LI>Estudiar los factores que afectan a la imagen corporativa y su diferencia con la identidad corporativa.&nbsp;<\/LI> <LI>Estudiar el concepto de comunicaci\u00f3n efectiva como herramienta para la construcci\u00f3n de la imagen corporativa.<\/LI> <LI>Profundizar en el plan de comunicaci\u00f3n y sus objetivos<\/LI> <LI>Conocer las diferentes fases que conformar un plan de comunicaci\u00f3n<\/LI> <LI>Conocer los beneficios de la planificaci\u00f3n estrat\u00e9gica para la imagen corporativa<\/LI> <LI>Profundizar en el plan de imagen y comunicaci\u00f3n de una empresa, mediante el an\u00e1lisis de la misma y de sus objetivos.<\/LI> <LI>Estudiar las diferentes estrategias a abordar en un plan de imagen<\/LI> <LI>Aprender a desarrollar un plan estrat\u00e9gico de comunicaci\u00f3n integral.<\/LI> <LI>Conocer las diferentes estrategias de comunicaci\u00f3n existentes.<\/LI> <LI>Conocer las diferentes herramientas de comunicaci\u00f3n existentes.<\/LI> <LI>Profundizar en los conceptos de identidad digital corporativa y de reputaci\u00f3n online<\/LI> <LI>Descubrir los perfiles del cliente digital y c\u00f3mo la empresa debe adaptarse a ellos<\/LI> <LI>Conocer los principales riesgos que existen en la gesti\u00f3n online y el marco legal actual<\/LI> <LI>Profundizar en el concepto de marca, su arquitectura y sus tipos.<\/LI> <LI>Aprender la metodolog\u00eda necesaria para crear una marca.<\/LI> <LI>Conocer c\u00f3mo registrar una marca de forma legal.<\/LI> <LI>Conocer los tipos de crisis y las principales estrategias para abordarlos<\/LI> <LI>Profundizar en las acciones que hay que llevar a cabo para atajar una crisis<\/LI> <LI>Aprender qu\u00e9 elementos debe contener un plan de crisis<\/LI> <LI>Descubrir c\u00f3mo gestionar una situaci\u00f3n de crisis en internet<\/LI> <LI>Profundizar sobre los aspectos que benefician o limitan una comunicaci\u00f3n efectiva.<\/LI> <LI>Reflexionar sobre los componentes personales y sociales de la comunicaci\u00f3n.<\/LI> <LI>Identificar cu\u00e1les son las emociones y creencias que pueden influir en nuestra comunicaci\u00f3n.<\/LI> <LI>Profundizar sobre los diferentes componentes: Empat\u00eda, Asertividad, Escucha, Arte de Preguntar, Feedback.<\/LI> <LI>Profundizar sobre la importancia de la comunicaci\u00f3n verbal, ya sea tanto oral como escrita y la no verbal.<\/LI> <LI>Conocer la programaci\u00f3n neuroling\u00fc\u00edstica y c\u00f3mo influye en la comunicaci\u00f3n.<\/LI> <LI>Indagar sobre los principios del marketing emocional para que nuestra comunicaci\u00f3n sea m\u00e1s persuasiva.<\/LI> <LI>Conocer qu\u00e9 entendemos por conflicto y qu\u00e9 papel juega la comunicaci\u00f3n en \u00e9l.<\/LI> <LI>Conocer la vinculaci\u00f3n que existe entre ser un buen l\u00edder y la herramienta poderosa de la comunicaci\u00f3n.<\/LI> <LI>Dominar el t\u00e9rmino protocolo y sus acepciones<\/LI> <LI>Saber donde se debe tener en cuenta el protocolo y c\u00f3mo llevarlo a cabo&nbsp;<\/LI> <LI>Identificar los diversos tipos de protocolos y sus caracter\u00edsticas<\/LI> <LI>&nbsp;Dominar el t\u00e9rmino protocolo oficial y los tipos de este que se llevan a cabo en cada acto.<\/LI> <LI>Conocer el tratamiento y orden que se realizan para saber la importancia de cada uno de estos.<\/LI> <LI>Saber las caracter\u00edsticas del himno, escudo y bandera de Espa\u00f1a.<\/LI> <LI>Dominar los conceptos de protocolo social, diplom\u00e1tico y empresarial adem\u00e1s de sus usos en los diferentes \u00e1mbitos.<\/LI> <LI>Saber los \u00f3rganos que conforman cada una de las organizaciones internacionales.<\/LI> <LI>Identificar la tipolog\u00eda de los actos corporativos y como actuar ante ellos.<\/LI> <LI>Relacionar cada protocolo con su evento correspondiente.<\/LI> <LI>Conocer los elementos y procesos propios de la comunicaci\u00f3n empresarial, como caso especial de la comunicaci\u00f3n en general.<\/LI> <LI>Establecer planes de comunicaci\u00f3n internas, aplicados a diferentes entornos organizativos.<\/LI> <LI>Saber qu\u00e9 ventajas tiene el uso de las t\u00e9cnicas de Marketing hacia el interior de las empresas.<\/LI> <LI>Manejar las principales herramientas de gesti\u00f3n del conocimiento.<\/LI><\/UL> <P><BR><\/P><\/p>\n","protected":false},"featured_media":633,"comment_status":"open","ping_status":"closed","template":"","meta":{"neve_meta_sidebar":"","neve_meta_container":"","neve_meta_enable_content_width":"","neve_meta_content_width":0,"neve_meta_title_alignment":"","neve_meta_author_avatar":"","neve_post_elements_order":"","neve_meta_disable_header":"","neve_meta_disable_footer":"","neve_meta_disable_title":""},"product_brand":[],"product_cat":[34,22,32],"product_tag":[],"class_list":{"0":"post-836","1":"product","2":"type-product","3":"status-publish","4":"has-post-thumbnail","6":"product_cat-comercio-y-marketing-cursos-superiores","7":"product_cat-cursos","8":"product_cat-cursos-superiores","10":"first","11":"instock","12":"sold-individually","13":"shipping-taxable","14":"purchasable","15":"product-type-simple"},"_links":{"self":[{"href":"https:\/\/camonclass.com\/tienda\/wp-json\/wp\/v2\/product\/836","targetHints":{"allow":["GET"]}}],"collection":[{"href":"https:\/\/camonclass.com\/tienda\/wp-json\/wp\/v2\/product"}],"about":[{"href":"https:\/\/camonclass.com\/tienda\/wp-json\/wp\/v2\/types\/product"}],"replies":[{"embeddable":true,"href":"https:\/\/camonclass.com\/tienda\/wp-json\/wp\/v2\/comments?post=836"}],"wp:featuredmedia":[{"embeddable":true,"href":"https:\/\/camonclass.com\/tienda\/wp-json\/wp\/v2\/media\/633"}],"wp:attachment":[{"href":"https:\/\/camonclass.com\/tienda\/wp-json\/wp\/v2\/media?parent=836"}],"wp:term":[{"taxonomy":"product_brand","embeddable":true,"href":"https:\/\/camonclass.com\/tienda\/wp-json\/wp\/v2\/product_brand?post=836"},{"taxonomy":"product_cat","embeddable":true,"href":"https:\/\/camonclass.com\/tienda\/wp-json\/wp\/v2\/product_cat?post=836"},{"taxonomy":"product_tag","embeddable":true,"href":"https:\/\/camonclass.com\/tienda\/wp-json\/wp\/v2\/product_tag?post=836"}],"curies":[{"name":"wp","href":"https:\/\/api.w.org\/{rel}","templated":true}]}}