{"id":837,"date":"2022-07-25T16:38:48","date_gmt":"2022-07-25T16:38:48","guid":{"rendered":"https:\/\/camonclass.vertice.org\/formacion\/marketing-comunicacion-y-ventas\/"},"modified":"2022-07-25T16:38:48","modified_gmt":"2022-07-25T16:38:48","slug":"marketing-comunicacion-y-ventas","status":"publish","type":"product","link":"https:\/\/camonclass.com\/tienda\/formacion\/marketing-comunicacion-y-ventas\/","title":{"rendered":"MARKETING, COMUNICACI\u00d3N Y VENTAS"},"content":{"rendered":"<p>Responsabilidad social corporativa<br \/>UD1. Introducci\u00f3n a la Responsabilidad Social Corporativa.<br \/>UD2. \u00c1mbitos de la Responsabilidad Social Corporativa.<br \/>UD3. Mecanismos de la Responsabilidad Social Corporativa.<br \/>UD4. Iniciativas en Responsabilidad Social Corporativa.<br \/>UD5. La gesti\u00f3n de la Responsabilidad Social Corporativa.<br \/>UD6. El plan de responsabilidad social corporativa.<br \/>Protocolo Internacional<br \/>UD1. Protocolo nacional e internacional y usos sociales<br \/>UD2. Diplomacia_diplomacia y negociacion<br \/>Marketing Internacional y ventas<br \/>UD1. Introducci\u00f3n al marketing internacional<br \/>UD2. Teor\u00eda y entorno del comercio y el marketing internacional <br \/>UD3. Inteligencia del marketing internacional<br \/>UD4. Marketing mix internacional<br \/>UD5. Organizaci\u00f3n de ventas y plan de marketing<br \/>Estrategia de Marketing digital<br \/>UD1. Introducci\u00f3n al marketing digital en la empresa<br \/>UD2. An\u00e1lisis y herramientas estrat\u00e9gicas del marketing digital<br \/>UD3. Marketing y comunicaci\u00f3n online<br \/>Habilidades Directivas y Negociaci\u00f3n<br \/>UD1. Liderazgo y estilo de direcci\u00f3n<br \/>UD2. Gesti\u00f3n del cambio<br \/>UD3. Gesti\u00f3n del conflicto<br \/>UD4. Gesti\u00f3n de la comunicaci\u00f3n<br \/>UD5. Gesti\u00f3n de reuniones<br \/>UD6. T\u00e9cnicas de negociaci\u00f3n<br \/>UD7. Gesti\u00f3n del tiempo y del estr\u00e9s<\/p>\n","protected":false},"excerpt":{"rendered":"<p><UL> <LI>Conocer qu\u00e9 es la Responsabilidad Social Corporativa y a qu\u00e9 conceptos se asocia<\/LI> <LI>Analizar los distintos \u00e1mbitos de la Responsabilidad Social Corporativa.<\/LI> <LI>Comprender las distintas estrategias que toman las empresas en el \u00e1mbito de la RSC.<\/LI> <LI>Identificar la distinta normativa relacionada con la RSC<\/LI> <LI>Identificar las distintas fases de gesti\u00f3n que se tienen sobre la RSC.<\/LI> <LI>Comprender los pasos a realizar para conocer los resultados de una estrategia de RSC<\/LI> <LI>Asimilar como realizar un plan de Responsabilidad Social Corporativa<\/LI> <LI>Identificar los tipos de comunicaciones en la empresa en relaci\u00f3n a la RSC<\/LI> <LI>Analizar la tipolog\u00eda de indicadores que se tienen sobre la RSC<\/LI> <LI>Identificar los grupos de inter\u00e9s como elementos fundamentales en las estrategias de la<\/LI> <LI>Responsabilidad Social Corporativa<BR><\/LI> <LI>Aprender c\u00f3mo crear invitaciones y cu\u00e1l es la forma correcta de contestarlas.<\/LI> <LI>Conocer cu\u00e1les son las obligaciones que es necesario tener con los visitantes.<\/LI> <LI>profundizar en las reglas de protocolo y comunicaci\u00f3n que hay que llevar a cabo en los pa\u00edses de religi\u00f3n musulmana, Hispanoam\u00e9rica y en otros pa\u00edses del mundo.<\/LI> <LI>Descubrir un dec\u00e1logo de buenas pr\u00e1cticas en protocolo empresarial.<\/LI> <LI>Conocer el concepto b\u00e1sico de Marketing as\u00ed como sus necesidades.<\/LI> <LI>Aprender a gestionar el Marketing y su entorno.<\/LI> <LI>Identificar en qu\u00e9 consiste el Marketing Mix.<\/LI> <LI>Comprender al p\u00fablico como pilar fundamental del Marketing.<\/LI> <LI>Establecer c\u00f3mo se comporta el consumidor<\/LI> <LI>Identificar como se divide el mercado<\/LI> <LI>Diferenciar los distintos tipos de marketing en internet, tales como el marketing OnetoOne, de permiso, de atracci\u00f3n, de retenci\u00f3n y de recomendaci\u00f3n.<\/LI> <LI>Identificar y analizar al usuariopara poder adaptar el producto o el servicio.&nbsp;<\/LI> <LI>Conocer las estrategias CRM y las ventajas del marketing digital.&nbsp;<\/LI> <LI>Conocer las estrategias de marketing digital y los distintos tipos de comercio electr\u00f3nico, as\u00ed como reconocer las herramientas estrat\u00e9gicas que pueden emplearse.<\/LI> <LI>Identificar las estrategias de posicionamiento SEO y SEM y conocer sus diferencias.&nbsp;<\/LI> <LI>Conocer las principales redes sociales y estrategias de marketing que se pueden llevar a cabo.<\/LI> <LI>Analizar las caracter\u00edsticas de las campa\u00f1as de comunicaci\u00f3n y publicidad online para poder adaptarse de forma eficaz a los posibles compradores. <\/LI> <LI>Conocer los fundamentos e importancia del liderazgo a nivel organizacional. <\/LI> <LI>Distinguir un equipo y de un grupo. <LI>Comprender la relaci\u00f3n entre una gesti\u00f3n de \u00e9xito y el estilo directivo empleado. <LI>Mejorar el estilo de direcci\u00f3n propio. <LI>Conocer en qu\u00e9 consiste un cambio organizativo y c\u00f3mo puede ser. <LI>Prever las resistencias al cambio que pueden surgir de cada persona y de la organizaci\u00f3n. <LI>Planificar un cambio organizativo. <LI>Apreciar las exactas dimensiones del conflicto en el entorno empresarial. <LI>Distinguir entre conflictos funcionales y disfuncionales <LI>Usar las caracter\u00edsticas de cada conflicto para intentar resolverlo. <LI>Conocer las barreras que impiden la comunicaci\u00f3n <LI>Diferenciar conceptos claves de la comunicaci\u00f3n interpersonal e intrapersonal. <LI>Profundizar en las habilidades superiores de comunicaci\u00f3n \u00bb <\/LI><\/UL><\/p>\n","protected":false},"featured_media":633,"comment_status":"open","ping_status":"closed","template":"","meta":{"neve_meta_sidebar":"","neve_meta_container":"","neve_meta_enable_content_width":"","neve_meta_content_width":0,"neve_meta_title_alignment":"","neve_meta_author_avatar":"","neve_post_elements_order":"","neve_meta_disable_header":"","neve_meta_disable_footer":"","neve_meta_disable_title":""},"product_brand":[],"product_cat":[34,22,32],"product_tag":[],"class_list":{"0":"post-837","1":"product","2":"type-product","3":"status-publish","4":"has-post-thumbnail","6":"product_cat-comercio-y-marketing-cursos-superiores","7":"product_cat-cursos","8":"product_cat-cursos-superiores","10":"first","11":"instock","12":"sold-individually","13":"shipping-taxable","14":"purchasable","15":"product-type-simple"},"_links":{"self":[{"href":"https:\/\/camonclass.com\/tienda\/wp-json\/wp\/v2\/product\/837","targetHints":{"allow":["GET"]}}],"collection":[{"href":"https:\/\/camonclass.com\/tienda\/wp-json\/wp\/v2\/product"}],"about":[{"href":"https:\/\/camonclass.com\/tienda\/wp-json\/wp\/v2\/types\/product"}],"replies":[{"embeddable":true,"href":"https:\/\/camonclass.com\/tienda\/wp-json\/wp\/v2\/comments?post=837"}],"wp:featuredmedia":[{"embeddable":true,"href":"https:\/\/camonclass.com\/tienda\/wp-json\/wp\/v2\/media\/633"}],"wp:attachment":[{"href":"https:\/\/camonclass.com\/tienda\/wp-json\/wp\/v2\/media?parent=837"}],"wp:term":[{"taxonomy":"product_brand","embeddable":true,"href":"https:\/\/camonclass.com\/tienda\/wp-json\/wp\/v2\/product_brand?post=837"},{"taxonomy":"product_cat","embeddable":true,"href":"https:\/\/camonclass.com\/tienda\/wp-json\/wp\/v2\/product_cat?post=837"},{"taxonomy":"product_tag","embeddable":true,"href":"https:\/\/camonclass.com\/tienda\/wp-json\/wp\/v2\/product_tag?post=837"}],"curies":[{"name":"wp","href":"https:\/\/api.w.org\/{rel}","templated":true}]}}