{"id":838,"date":"2022-07-25T16:38:49","date_gmt":"2022-07-25T16:38:49","guid":{"rendered":"https:\/\/camonclass.vertice.org\/formacion\/logistica-y-transporte-internacional\/"},"modified":"2022-07-25T16:38:49","modified_gmt":"2022-07-25T16:38:49","slug":"logistica-y-transporte-internacional","status":"publish","type":"product","link":"https:\/\/camonclass.com\/tienda\/formacion\/logistica-y-transporte-internacional\/","title":{"rendered":"LOG\u00cdSTICA Y TRANSPORTE INTERNACIONAL"},"content":{"rendered":"<p>Fundamentos de Estrategia <br \/>UD1. Competitividad y management estrat\u00e9gico<br \/>UD2. Organizaci\u00f3n y estructuras estrat\u00e9gicas<br \/>UD3. An\u00e1lisis del entorno general y del entorno espec\u00edfico<br \/>UD4. Diagn\u00f3stico Interno y diagn\u00f3stico estrat\u00e9gico<br \/>UD5. Pol\u00edticas de crecimiento y desarrollo empresarial<br \/>UD6. Herramientas estrat\u00e9gicas de gesti\u00f3n<br \/>Operaciones y Procesos de Producci\u00f3n<br \/>UD1. Log\u00edstica interna de la empresa<br \/>UD2. Estrategias de producto y de proceso<br \/>UD3. Herramientas para la Direcci\u00f3n de Operaciones y disponibilidades tecnol\u00f3gicas<br \/>UD4. Tipos de layout<br \/>UD5. L\u00edneas de espera o teor\u00eda de colas<br \/>UD6. Localizaci\u00f3n<br \/>UD7. Introducci\u00f3n al concepto de calidad<br \/>UD8. La gesti\u00f3n de los recursos humanos en la producci\u00f3n<br \/>Transporte Internacional<br \/>UD1. Analisis y caracter\u00edsticas de los servicios de transporte de larga distancia<br \/>UD2. Operativa del transporte intermodal<br \/>UD3. Planificacion de operaciones de transporte de larga distancia<br \/>UD4. Aplicaciones inform\u00e1ticas de gesti\u00f3n, informaci\u00f3n, comunicaci\u00f3n y control en las operaciones de transporte internacional de mercanc\u00edas<br \/>Dise\u00f1o y Organizaci\u00f3n de Almac\u00e9n<br \/>UD1. Dise\u00f1o del almac\u00e9n<br \/>UD2. Organizaci\u00f3n del almac\u00e9n<br \/>UD3. Equipos, instalaciones de almac\u00e9n y su mantenimiento<br \/>UD4. Coste y presupuesto de almac\u00e9n<br \/>UD5. calidad para la mejora del almac\u00e9n<br \/>Internacionalizaci\u00f3n en la empresa<br \/>UD1. Gesti\u00f3n empresarial para la internacionalizaci\u00f3n. An\u00e1lisis del entorno econ\u00f3mico.<br \/>UD2. Marketing Internacional<br \/>UD3. Contrataci\u00f3n, documentaci\u00f3n y negociaci\u00f3n internacional<br \/>UD4. INCOTERMS y c\u00f3digo aduanero<br \/>UD5. Transporte internacional<br \/>UD6. Financiaci\u00f3n internacional. Mercado de divisas y medios de cobros y pagos<\/p>\n","protected":false},"excerpt":{"rendered":"<p><UL> <LI>Aumentar la competitividad de la empresa logrando ventajas competitivas.<\/LI> <LI>Incrementar el valor a\u00f1adido para aumentar la ventaja competitiva.<\/LI> <LI>Usar el management estrat\u00e9gico y las principales variables que maneja.<\/LI> <LI>Realizar an\u00e1lisis seg\u00fan el m\u00e9todo DAFO.<\/LI> <LI>Saber qu\u00e9 son la misi\u00f3n, la visi\u00f3n y los valores de una empresa y comprender c\u00f3mo afectan a la definici\u00f3n de estrategias.<\/LI> <LI>Estimar el impacto de la cultura y la estructura empresariales en la adopci\u00f3n de estrategias.<\/LI> <LI>Adoptar decisiones estrat\u00e9gicas de forma correcta y eficaz.<\/LI> <LI>Conocer qu\u00e9 son y c\u00f3mo funcionan las unidades estrat\u00e9gicas de negocio.<\/LI> <LI>Conocer c\u00f3mo funciona la organizaci\u00f3n de una empresa y sus actividades log\u00edsticas.<\/LI> <LI>Conocer el plan log\u00edstico seg\u00fan el tipo de empresa atendiendo a la cadena de suministro.<\/LI> <LI>Concienciarse sobre la importancia de las decisiones en relaci\u00f3n con los layouts.<\/LI> <LI>Conocer los distintos tipos de Layouts existentes.<\/LI> <LI>Profundizar sobre el concepto de calidad dentro de la organizaci\u00f3n<\/LI> <LI>Conocer la gesti\u00f3n de calidad total de la producci\u00f3n y operaciones<\/LI> <LI>Entender la aplicaci\u00f3n de las distintas herramientas, tanto de calidad total como estad\u00edsticas<BR>Conocer las particularidades del transporte internacional. <\/LI> <LI>identificar la log\u00edstica y el transporte al servicio del comercio internacional. <LI>diferenciar entre los operadores espec\u00edficos del transporte internacional. <LI>estudiar el marco jur\u00eddico, su normativa y convenios de los diferentes tipos de transportes. <LI>Conocer los modos de transporte y sus caracter\u00edsticas en la operative del transporte intermodal. <LI>Diferneciar entre los criterios de selecci\u00f3n de l0s modos de transporte. <LI>Estudiar las normativas reguladoras en los distintos modos de transporte. <LI>Conocer los m\u00e9todos de planificaci\u00f3n y distribuci\u00f3n de cargas en transporte internacional. <LI>Profundizar en las redes e infraestructuras de transporte a nivel europeo e internacional. <LI>Tratar los distintos tipos de plataformas intermodales. <LI>Conocer los costes de las operaciones en el transporte internacional. <LI>Entender la interpretaci\u00f3n de los incoterms en relaci\u00f3n a la planificaci\u00f3n de operaciones de transporte internacional <LI>Ampliar conocimientos sobre las aplicaciones informaticas de gesti\u00f3n, informaci\u00f3n, comunicaci\u00f3n y control en transporte internacional de mercanc\u00edas <LI>Conocer los diferentes sitemas de informaci\u00f3n y comunicaci\u00f3n con clients \u2022 Analizar m\u00e9todos y t\u00e9cnicas de optimizaci\u00f3n de espacio y tiempos en la organizaci\u00f3n de almacenes, cumpliendo la normativa vigente. <LI>Determinar los equipos e instalaciones adecuadas a distintos tipos de almacenes y mercanc\u00edas. <LI>Elaborar planes de mantenimiento de equipos e instalaciones de distintos tipos de almacenes, de acuerdo a la normativa y recomendaciones del fabricante, sin interferir en las actividades habituales del mismo. <LI>Elaborar presupuestos de gastos y coste del servicio de almac\u00e9n utilizando aplicaciones inform\u00e1ticas. <LI>Desarrollar sistemas de calidad para la mejora continua del servicio de almacenamiento. <LI>Conocer los pasos a seguir por una empresa al empezar a comerciar de forma internacional <LI>Saber analizar los factores del entorno que pueden influir <LI>Identificar las barreras y los riesgos que se pueden presentar en el comercio exterior <LI>Dise\u00f1ar un plan de marketing que permita la internacionalizacion de la empresa, a partir de la constatacion de sus puntos fuertes y d\u00e9biles. <LI>Seleccionar correctamente los mercados objetivo, mediante t\u00e9cnicas de investigaci\u00f3n adecuadas. <LI>Conocer todos los elementos necesarios para realizar contratos internacionales con las mayores garant\u00edas. <LI>Saber de qu\u00e9 forma se desarrolla una negociaci\u00f3n comercial exitosa en el \u00e1mbito internacional. <LI>Conocer los principales documentos que se usan en cada una de las \u00e1reas en las que se desenvuelve el comercio internacional. <LI>Saber qu\u00e9 son los INCONTERMS y c\u00f3mo influyen en la contrataci\u00f3n internacional. <LI>Conocer c\u00f3mo funcionan las aduanas y cu\u00e1les son los principales elementos que manejan: aranceles, reg\u00edme- nes aduaneros, nomenclaturas&#8230; \u00bb <\/LI><\/UL><\/p>\n","protected":false},"featured_media":633,"comment_status":"open","ping_status":"closed","template":"","meta":{"neve_meta_sidebar":"","neve_meta_container":"","neve_meta_enable_content_width":"","neve_meta_content_width":0,"neve_meta_title_alignment":"","neve_meta_author_avatar":"","neve_post_elements_order":"","neve_meta_disable_header":"","neve_meta_disable_footer":"","neve_meta_disable_title":""},"product_brand":[],"product_cat":[34,22,32],"product_tag":[],"class_list":{"0":"post-838","1":"product","2":"type-product","3":"status-publish","4":"has-post-thumbnail","6":"product_cat-comercio-y-marketing-cursos-superiores","7":"product_cat-cursos","8":"product_cat-cursos-superiores","10":"first","11":"instock","12":"sold-individually","13":"shipping-taxable","14":"purchasable","15":"product-type-simple"},"_links":{"self":[{"href":"https:\/\/camonclass.com\/tienda\/wp-json\/wp\/v2\/product\/838","targetHints":{"allow":["GET"]}}],"collection":[{"href":"https:\/\/camonclass.com\/tienda\/wp-json\/wp\/v2\/product"}],"about":[{"href":"https:\/\/camonclass.com\/tienda\/wp-json\/wp\/v2\/types\/product"}],"replies":[{"embeddable":true,"href":"https:\/\/camonclass.com\/tienda\/wp-json\/wp\/v2\/comments?post=838"}],"wp:featuredmedia":[{"embeddable":true,"href":"https:\/\/camonclass.com\/tienda\/wp-json\/wp\/v2\/media\/633"}],"wp:attachment":[{"href":"https:\/\/camonclass.com\/tienda\/wp-json\/wp\/v2\/media?parent=838"}],"wp:term":[{"taxonomy":"product_brand","embeddable":true,"href":"https:\/\/camonclass.com\/tienda\/wp-json\/wp\/v2\/product_brand?post=838"},{"taxonomy":"product_cat","embeddable":true,"href":"https:\/\/camonclass.com\/tienda\/wp-json\/wp\/v2\/product_cat?post=838"},{"taxonomy":"product_tag","embeddable":true,"href":"https:\/\/camonclass.com\/tienda\/wp-json\/wp\/v2\/product_tag?post=838"}],"curies":[{"name":"wp","href":"https:\/\/api.w.org\/{rel}","templated":true}]}}