{"id":840,"date":"2022-07-25T16:38:49","date_gmt":"2022-07-25T16:38:49","guid":{"rendered":"https:\/\/camonclass.vertice.org\/formacion\/operaciones-y-project-management\/"},"modified":"2022-07-25T16:38:49","modified_gmt":"2022-07-25T16:38:49","slug":"operaciones-y-project-management","status":"publish","type":"product","link":"https:\/\/camonclass.com\/tienda\/formacion\/operaciones-y-project-management\/","title":{"rendered":"OPERACIONES Y PROJECT MANAGEMENT"},"content":{"rendered":"<p>Direcci\u00f3n de Operaciones<br \/>UD1. Estrategias de producto y de proceso<br \/>UD2. Herramientas para la Direcci\u00f3n de Operaciones y disponibilidades tecnol\u00f3gicas<br \/>UD3. Tipos de layout<br \/>UD4. L\u00edneas de espera o teor\u00eda de colas<br \/>UD5. Localizaci\u00f3n<br \/>UD6. Introducci\u00f3n al concepto de calidad<br \/>UD7. La gesti\u00f3n de los recursos humanos en la producci\u00f3n<br \/>Project Management<br \/>UD1. Gesti\u00f3n y direcci\u00f3n de proyectos<br \/>UD2. Direcci\u00f3n de la integraci\u00f3n<br \/>UD3. Direcci\u00f3n de plazos, costes y calidad <br \/>UD4. Direcci\u00f3n de los Recursos Humanos, Riesgos y Compras<br \/>Gesti\u00f3n del Canal de distribuci\u00f3n tur\u00edstica<br \/>UD1. Distribuci\u00f3n y marketing tur\u00edstico conceptos y estructuras<br \/>UD2. Agencias y touroperadores<br \/>UD3. Otros intermediarios y agentes de la distribuci\u00f3n tur\u00edstica<br \/>UD4. La distribuci\u00f3n tur\u00edstica en el entorno actual cambios y tendencias<br \/>Gesti\u00f3n de destinos tur\u00edsticos<br \/>UD1. Introducci\u00f3n a los destinos tur\u00edsticos<br \/>UD2. Planificaci\u00f3n de destinos tur\u00edsticos<br \/>UD3. Gesti\u00f3n de destinos tur\u00edsticos<br \/>UD4. El Marketing del destino<br \/>Lean Manufacturing<br \/>UD1. Introducci\u00f3n a Lean manufacturing<br \/>UD2. La filosof\u00eda Lean<br \/>UD3. El mapa de flujo de valor (VSM)<br \/>UD4. Kaizen<br \/>UD5. Herramientas Lean para la mejora<br \/>UD6. Indicadores de gesti\u00f3n<br \/>Habilidades Directivas y Negociaci\u00f3n<br \/>UD1. Liderazgo y estilo de direcci\u00f3n<br \/>UD2. Gesti\u00f3n del cambio<br \/>UD3. Gesti\u00f3n del conflicto<br \/>UD4. Gesti\u00f3n de la comunicaci\u00f3n<br \/>UD5. Gesti\u00f3n de reuniones<br \/>UD6. T\u00e9cnicas de negociaci\u00f3n<br \/>UD7. Gesti\u00f3n del tiempo y del estr\u00e9s<\/p>\n","protected":false},"excerpt":{"rendered":"<p><UL> <LI>Comprender la producci\u00f3n como proceso.<\/LI> <LI>Profundizar en el concepto de productividad y sus respectivas decisiones estrat\u00e9gicas y t\u00e1cticas.<\/LI> <LI>Conocer las fases de la estrategia de producto para la satisfacci\u00f3n del cliente.<\/LI> <LI>Aprender sobre el enfoque de estrategia de proceso de la empresa.<\/LI> <LI>Conocer los instrumentos que facilita su labor de la Direcci\u00f3n de Operaciones.<\/LI> <LI>Ahondar en los pasos a seguir para la toma de decisiones<\/LI> <LI>Profundizar en las aplicaciones estad\u00edsticas<\/LI> <LI>Entender el uso de la tecnolog\u00eda como medio y conocer las disponibilidades tecnol\u00f3gicas.<\/LI> <LI>Concienciarse sobre la importancia de las decisiones en relaci\u00f3n con los layouts.<\/LI> <LI>Conocer los distintos tipos de Layouts existentes.<\/LI> <LI>Profundizar en el concepto de l\u00edneas de espera y sus caracter\u00edsticas.<\/LI> <LI>Comprender la medida que indica el funcionamiento de las colas.<\/LI> <LI>Conocer los distintos tipos de Teor\u00edas de colas.<\/LI> <LI>Conocer los factores que afectan a la localizaci\u00f3n.<\/LI> <LI>Profundizar los distintos tipos de evaluaci\u00f3n de las alternativas para la localizaci\u00f3n.<\/LI> <LI>Entender los factores que influyen en el aumento del volumen de negocio a trav\u00e9s de la localizaci\u00f3n<\/LI> <LI>Conocer los modelos, los m\u00e9todos y los algoritmos que faciliten el proceso de transporte buscando el m\u00ednimo coste de env\u00edo y producci\u00f3n.<\/LI> <LI>Profundizar sobre el concepto de calidad dentro de la organizaci\u00f3n<\/LI> <LI>Conocer la gesti\u00f3n de calidad total de la producci\u00f3n y operaciones<\/LI> <LI>Entender la aplicaci\u00f3n de las distintas herramientas, tanto de calidad total como estad\u00edsticas<\/LI> <LI>Conocer la estrategia de recursos humanos<\/LI> <LI>Dominar el dise\u00f1o de trabajos<\/LI> <LI>Entender los est\u00e1ndares y medici\u00f3n de tiempos<\/LI> <LI>Saber sobre la planificaci\u00f3n de la mano de obra \u2022 Saber c\u00f3mo se organiza un sistema de distribuci\u00f3n eficiente en el sector tur\u00edstico.<\/LI> <LI>Conocer c\u00f3mo est\u00e1 estructurado un canal de distribuci\u00f3n del sector tur\u00edstico y c\u00f3mo elegirlo.<\/LI> <LI>Conocer qu\u00e9 son las agencias de viajes, su tipolog\u00eda y situaci\u00f3n actual en el entorno de la distribuci\u00f3n comercial.<\/LI> <LI>Conocer qu\u00e9 son los touroperadores, su tipolog\u00eda y situaci\u00f3n actual en el entorno de la distribuci\u00f3n comercial.<\/LI> <LI>Conocer otras tipolog\u00edas de intermediarios tur\u00edsticos, su papel en la cadena de valor y su situaci\u00f3n actual.<\/LI> <LI>Conocer otros elementos y agentes que intervienen en la distribuci\u00f3n tur\u00edstica, sus caracter\u00edsticas y roles.<\/LI> <LI>Conocer los principales cambios que est\u00e1n afectando al entorno de la distribuci\u00f3n tur\u00edstica.<\/LI> <LI>Reflexionar sobre las principales tendencias de futuro de la distribuci\u00f3n tur\u00edstica.<\/LI> <LI>Entender el concepto de destino tur\u00edstico, qu\u00e9 tipos existen y como se analizan. <\/LI> <LI>Desarrollar eficazmente los recursos tur\u00edsticos. <LI>Analizar las opciones de crecimiento de un destino tur\u00edstico. <LI>Realizar inversiones en el sector tur\u00edstico <LI>Planificar los destinos tur\u00edsticos y analizar el ciclo de la vida de los destinos <LI>Saber que es el turismo sostenible y comprender la importancia en la gesti\u00f3n de los destinos. <LI>Analizar las acciones competentes de los \u00f3rganos de gesti\u00f3n de un destino <LI>Conocer los sistemas de gesti\u00f3n de calidad tur\u00edstica. <LI>Estudiar los ejes prioritarios en el desarrollo de destinos tur\u00edsticos competitivos. <LI>Saber c\u00f3mo se organizan los sistemas de informaci\u00f3n en destino y las tendencias del sector relativas a la informaci\u00f3n que se proporciona al turista. <LI>Analizar la importancia de la capacidad de acogida del turista y las sinergias que se manifiestan en su mayor satisfacci\u00f3n y recomendaci\u00f3n del destino. <LI>Analizar la transformaci\u00f3n de los destinos tur\u00edsticos en los \u00faltimos a\u00f1os gracias al desarrollo de las TICs. <LI>Desarrollar m\u00faltiples estrategias de posicionamiento de los destinos tur\u00edsticos e identificar las fases para desarrollar una s\u00f3lida estrategia de marca de destino. <LI>Comprender las principales herramientas de comunicaci\u00f3n del sector tur\u00edstico y las claves para acceder al turista actual. <LI>Analizar la importancia de las Redes Sociales en la gesti\u00f3n tur\u00edstica. \u00bb \u2022 Profundizar sobre el concepto de Lean Manufacturing <LI>Tratar los beneficios obtenidos por este m\u00e9todo <LI>Conocer la historia de Lean Manufacturing <LI>Comprender la diferencia entre los terminus: muda y valor. <LI>Conocer los siete tipos de despilfarros <LI>Conocer los distintos principios de la filosof\u00eda de Lean y los pasos a seguir. <LI>Profundizar sobre el concepto de Kaizen y los distintos tipos <LI>Conocer sobre los eventos kaisen y el ciclo PDCA <LI>Conocer los fundamentos e importancia del liderazgo a nivel organizacional. <LI>Distinguir un equipo y de un grupo. <LI>Comprender la relaci\u00f3n entre una gesti\u00f3n de \u00e9xito y el estilo directivo empleado. <LI>Mejorar el estilo de direcci\u00f3n propio. <LI>Conocer en qu\u00e9 consiste un cambio organizativo y c\u00f3mo puede ser. <LI>Prever las resistencias al cambio que pueden surgir de cada persona y de la organizaci\u00f3n. <LI>Planificar un cambio organizativo. <LI>Apreciar las exactas dimensiones del conflicto en el entorno empresarial. <LI>Distinguir entre conflictos funcionales y disfuncionales <LI>Usar las caracter\u00edsticas de cada conflicto para intentar resolverlo. <LI>Conocer las barreras que impiden la comunicaci\u00f3n <LI>Diferenciar conceptos claves de la comunicaci\u00f3n interpersonal e intrapersonal. <LI>Profundizar en las habilidades superiores de comunicaci\u00f3n \u00bb <\/LI><\/UL><\/p>\n","protected":false},"featured_media":679,"comment_status":"open","ping_status":"closed","template":"","meta":{"neve_meta_sidebar":"","neve_meta_container":"","neve_meta_enable_content_width":"","neve_meta_content_width":0,"neve_meta_title_alignment":"","neve_meta_author_avatar":"","neve_post_elements_order":"","neve_meta_disable_header":"","neve_meta_disable_footer":"","neve_meta_disable_title":""},"product_brand":[],"product_cat":[22,32,35],"product_tag":[],"class_list":{"0":"post-840","1":"product","2":"type-product","3":"status-publish","4":"has-post-thumbnail","6":"product_cat-cursos","7":"product_cat-cursos-superiores","8":"product_cat-hosteleria-y-turismo-cursos-superiores","10":"first","11":"instock","12":"sold-individually","13":"shipping-taxable","14":"purchasable","15":"product-type-simple"},"_links":{"self":[{"href":"https:\/\/camonclass.com\/tienda\/wp-json\/wp\/v2\/product\/840","targetHints":{"allow":["GET"]}}],"collection":[{"href":"https:\/\/camonclass.com\/tienda\/wp-json\/wp\/v2\/product"}],"about":[{"href":"https:\/\/camonclass.com\/tienda\/wp-json\/wp\/v2\/types\/product"}],"replies":[{"embeddable":true,"href":"https:\/\/camonclass.com\/tienda\/wp-json\/wp\/v2\/comments?post=840"}],"wp:featuredmedia":[{"embeddable":true,"href":"https:\/\/camonclass.com\/tienda\/wp-json\/wp\/v2\/media\/679"}],"wp:attachment":[{"href":"https:\/\/camonclass.com\/tienda\/wp-json\/wp\/v2\/media?parent=840"}],"wp:term":[{"taxonomy":"product_brand","embeddable":true,"href":"https:\/\/camonclass.com\/tienda\/wp-json\/wp\/v2\/product_brand?post=840"},{"taxonomy":"product_cat","embeddable":true,"href":"https:\/\/camonclass.com\/tienda\/wp-json\/wp\/v2\/product_cat?post=840"},{"taxonomy":"product_tag","embeddable":true,"href":"https:\/\/camonclass.com\/tienda\/wp-json\/wp\/v2\/product_tag?post=840"}],"curies":[{"name":"wp","href":"https:\/\/api.w.org\/{rel}","templated":true}]}}