{"id":841,"date":"2022-07-25T16:38:49","date_gmt":"2022-07-25T16:38:49","guid":{"rendered":"https:\/\/camonclass.vertice.org\/formacion\/enfermeria-ginecologica-y-obstetrica\/"},"modified":"2022-07-25T16:38:49","modified_gmt":"2022-07-25T16:38:49","slug":"enfermeria-ginecologica-y-obstetrica","status":"publish","type":"product","link":"https:\/\/camonclass.com\/tienda\/formacion\/enfermeria-ginecologica-y-obstetrica\/","title":{"rendered":"ENFERMER\u00cdA GINECOLOGICA Y OBSTETRICA"},"content":{"rendered":"<p>Historia de la Ginecolog\u00eda, Anatom\u00eda y Fisiolog\u00eda. Nuevos Conocimientos<br \/>UD1. Historia de la ginecolog\u00eda<br \/>UD2. Anatom\u00eda del aparato genital femenino y masculino<br \/>UD3. Fisiolog\u00eda del ciclo genital femenino y endocrinolog\u00eda<br \/>UD4. Nuevos conocimientos de enfermer\u00eda<br \/>UD5. Legislaci\u00f3n<br \/>Principales Alteraciones Menstruales<br \/>UD1. Intervenci\u00f3n en los principales trastornos ginecol\u00f3gicos<br \/>UD2. Otros trastornos ginegol\u00f3gicos<br \/>UD3. Radiolog\u00eda b\u00e1sica de abdomen y ecograf\u00eda cl\u00ednica<br \/>C\u00e1ncer Ginecol\u00f3gico. Manifestaciones Cl\u00ednicas<br \/>UD1. Citolog\u00eda general y citopatolog\u00eda<br \/>UD2. Citolog\u00eda del aparato genital femenino, cervicovaginal, del ovario y de la vulva y vagina<br \/>UD3. Citolog\u00eda del endometrio y de la gl\u00e1ndula mamaria<br \/>UD4. C\u00e1ncer ginecol\u00f3gico m\u00e1s frecuente. Intervenci\u00f3n y cuidados enfermeros<br \/>Inteligencia emocional<br \/>UD1. \u00bfQu\u00e9 es la inteligencia emocional?<br \/>UD2. La gesti\u00f3n de las emociones<br \/>UD3. La inteligencia emocional en la empresa<br \/>UD4. Herramientas<br \/>Escucha activa y emp\u00e1tica<br \/>UD1. Habilidades b\u00e1sicas para la escucha activa.<br \/>UD2. El di\u00e1logo y el lenguaje en la escucha.<br \/>UD3. La empat\u00eda es innata.<br \/>UD4. La escucha.<br \/>UD5. La escucha activa en el entorno laboral.<\/p>\n","protected":false},"excerpt":{"rendered":"<p><UL> <LI>Recopilar y reunir los conocimientos b\u00e1sicos sobre la ginecolog\u00eda y la obstetricia, adquiriendo nuevos conceptos sobre la historia de estas junto a la de la anestesia, la episiotom\u00eda y la ces\u00e1rea.<\/LI> <LI>Identificar las contraindicaciones de las t\u00e9cnicas mencionadas en esta unidad as\u00ed como de sus complicaciones.<\/LI> <LI>Numerar, nominar y describir las diferentes partes del aparato genital tanto femenino como masculino y sabr\u00e1 identificarlas anat\u00f3micamente.&nbsp;<\/LI> <LI>Reconocer las generalidades del ciclo sexual femenino e identificar las fases que la componen seg\u00fan el momento del ciclo.<\/LI> <LI>Clasificar y describir las hormonas que participan en el ciclo sexual y reproductivo de la mujer.<\/LI> <LI>Establecer y descubrir las ventajas y los inconvenientes de las Tecnolog\u00edas de la Informaci\u00f3n y de la Comunicaci\u00f3n (TICs).<\/LI> <LI>Distinguir y comprender las funcionalidades de la historia cl\u00ednica con ejemplos como la Historia Digital de Salud del Ciudadano de Andaluc\u00eda: DIRAYA.<\/LI> <LI>Contrastar la utilidad de la teleasistencia domiciliaria y de las nuevas aplicaciones enfocadas al ciudadano y al profesional sanitario.&nbsp;<\/LI> <LI>Conocer los rasgos fundamentales de la menstruaci\u00f3n y los trastornos que esta puede generar.<\/LI> <LI>Aprender a distinguir los distintos trastornos de la menstruaci\u00f3n, as\u00ed como su intervenci\u00f3n y prevenci\u00f3n.<\/LI> <LI>Comprender la importancia que tiene la prevenci\u00f3n para evitar futuras enfermedades y complicaciones.<\/LI> <LI>Conocer los rasgos fundamentales de la menstruaci\u00f3n y los trastornos que esta puede generar.<\/LI> <LI>Aprender a distinguir los distintos trastornos de la menstruaci\u00f3n, as\u00ed como su intervenci\u00f3n y prevenci\u00f3n.<\/LI> <LI>Comprender la importancia que tiene la prevenci\u00f3n para evitar futuras enfermedades y complicaciones.<\/LI> <LI>Conocer las t\u00e9cnicas y aplicaciones fundamentales de la radiolog\u00eda abdominal, as\u00ed como los riesgos asociados a \u00e9sta.<\/LI> <LI>Comprender el funcionamiento y los distintos usos de la ecograf\u00eda cl\u00ednica en sus diferentes modalidades.<\/LI> <LI>Controlar y evaluar los par\u00e1metros del feto mediante la ecograf\u00eda prenatal.<\/LI> <LI>Definir y entender la citopatolog\u00eda exfoliativa, as\u00ed como los tipos de muestras utilizados para su estudio.<\/LI> <LI>Descubrir c\u00f3mo se obtienen los tipos de muestras citol\u00f3gicas y desarrollar la hoja de informaci\u00f3n cl\u00ednica del paciente.<\/LI> <LI>Conocer la citolog\u00eda ginecol\u00f3gica y la importancia de la infecci\u00f3n por VPH en el c\u00e1ncer de c\u00e9rvix.<\/LI> <LI>Identificar las lesiones precancerosas y cancerosas del aparato genital femenino y sus caracter\u00edsticas.<\/LI> <LI>Identificar y clasificar los tumores ov\u00e1ricos.<\/LI> <LI>Identificar y clasificar los tumores que pueden presentarse en la vulva.<\/LI> <LI>Identificar y clasificar los tumores que pueden presentarse en la vagina.&nbsp;<\/LI> <LI>Identificar la anatom\u00eda y fisiolog\u00eda del endometrio.<\/LI> <LI>Conocer la hiperplasia y adenocarcinoma endometrial, as\u00ed como otros tumores.<\/LI> <LI>Identificar y conocer las lesiones malignas que se pueden presentar en las gl\u00e1ndulas mamarias.<\/LI> <LI>Conocer los canceres femeninos m\u00e1s frecuentes.<\/LI> <LI>Conocer el proceso de diagn\u00f3stico, intervenci\u00f3n y resultados.<\/LI> <LI>Conocer los cuidados que se llevan a cabo en el paciente oncol\u00f3gico.<\/LI> <LI>Conocer qu\u00e9 es la inteligencia emocional y para qu\u00e9 sirve.<\/LI> <LI>Conocer las claves esenciales de la inteligencia emocional.<\/LI> <LI>Saber para qu\u00e9 sirven las emociones.<\/LI> <LI>Conocer algunas de las emociones que m\u00e1s nos influyen en nuestro comportamiento.<\/LI> <LI>Ser consciente de la importancia de la gesti\u00f3n emocional sana en las empresas.<\/LI> <LI>Conocer c\u00f3mo puede actuar un l\u00edder con inteligencia emocional.<\/LI> <LI>Saber c\u00f3mo afectan las emociones a nivel grupal en el trabajo.<\/LI> <LI>Conocer el concepto y las t\u00e9cnicas de Mindfulness.<\/LI> <LI>Conocer diferentes herramientas para la gesti\u00f3n de las emociones y c\u00f3mo utilizarlas dependiendo de las circunstancias.<\/LI> <LI>Conocer cu\u00e1les son nuestras limitaciones a la hora de comunicarnos.<\/LI> <LI>Conocer la importancia del di\u00e1logo positivo para crear entornos de confianza.<\/LI> <LI>Identificar la empat\u00eda como cualidad para conectar y sentir emocionalmente con lo que sucede a nuestro alrededor.<\/LI> <LI>Entender la empat\u00eda como elemento importante para la comprensi\u00f3n dentro de una conversaci\u00f3n.<\/LI> <LI>Entender la escucha y la empat\u00eda como elementos necesarios para que los dem\u00e1s nos comprendan.<\/LI> <LI>Aprender c\u00f3mo se aplica la escucha emp\u00e1tica.<\/LI> <LI>Conocer las habilidades sociales que se dan en los entornos laborales.<\/LI><\/UL><\/p>\n","protected":false},"featured_media":779,"comment_status":"open","ping_status":"closed","template":"","meta":{"neve_meta_sidebar":"","neve_meta_container":"","neve_meta_enable_content_width":"","neve_meta_content_width":0,"neve_meta_title_alignment":"","neve_meta_author_avatar":"","neve_post_elements_order":"","neve_meta_disable_header":"","neve_meta_disable_footer":"","neve_meta_disable_title":""},"product_brand":[],"product_cat":[22,32,36],"product_tag":[],"class_list":{"0":"post-841","1":"product","2":"type-product","3":"status-publish","4":"has-post-thumbnail","6":"product_cat-cursos","7":"product_cat-cursos-superiores","8":"product_cat-sanidad-cursos-superiores","10":"first","11":"instock","12":"sold-individually","13":"shipping-taxable","14":"purchasable","15":"product-type-simple"},"_links":{"self":[{"href":"https:\/\/camonclass.com\/tienda\/wp-json\/wp\/v2\/product\/841","targetHints":{"allow":["GET"]}}],"collection":[{"href":"https:\/\/camonclass.com\/tienda\/wp-json\/wp\/v2\/product"}],"about":[{"href":"https:\/\/camonclass.com\/tienda\/wp-json\/wp\/v2\/types\/product"}],"replies":[{"embeddable":true,"href":"https:\/\/camonclass.com\/tienda\/wp-json\/wp\/v2\/comments?post=841"}],"wp:featuredmedia":[{"embeddable":true,"href":"https:\/\/camonclass.com\/tienda\/wp-json\/wp\/v2\/media\/779"}],"wp:attachment":[{"href":"https:\/\/camonclass.com\/tienda\/wp-json\/wp\/v2\/media?parent=841"}],"wp:term":[{"taxonomy":"product_brand","embeddable":true,"href":"https:\/\/camonclass.com\/tienda\/wp-json\/wp\/v2\/product_brand?post=841"},{"taxonomy":"product_cat","embeddable":true,"href":"https:\/\/camonclass.com\/tienda\/wp-json\/wp\/v2\/product_cat?post=841"},{"taxonomy":"product_tag","embeddable":true,"href":"https:\/\/camonclass.com\/tienda\/wp-json\/wp\/v2\/product_tag?post=841"}],"curies":[{"name":"wp","href":"https:\/\/api.w.org\/{rel}","templated":true}]}}