{"id":851,"date":"2022-07-25T16:38:51","date_gmt":"2022-07-25T16:38:51","guid":{"rendered":"https:\/\/camonclass.vertice.org\/formacion\/ofimatica-en-la-nube-google-drive\/"},"modified":"2022-07-25T16:38:51","modified_gmt":"2022-07-25T16:38:51","slug":"ofimatica-en-la-nube-google-drive","status":"publish","type":"product","link":"https:\/\/camonclass.com\/tienda\/formacion\/ofimatica-en-la-nube-google-drive\/","title":{"rendered":"Of\u00edm\u00e1tica en la nube: Google Drive"},"content":{"rendered":"<p>UD1. Introducci\u00f3n a google drive.<br \/>UD2. Comenzar en google drive<br \/>UD3. Introducci\u00f3n al espacio de trabajo de google drive<br \/>UD4. Servicios adicionales de google<br \/>UD5. Gesti\u00f3n avanzada de la ventana de inicio de google drive<br \/>UD6. Mi unidad en google drive<br \/>UD7. Gesti\u00f3n de los archivos en google drive<br \/>UD8. Creaci\u00f3n y edici\u00f3n b\u00e1sica en google documentos<br \/>UD9. Edici\u00f3n avanzada en google documentos<br \/>UD10. Creaci\u00f3n y edici\u00f3n b\u00e1sica en google presentaciones<br \/>UD11. Edici\u00f3n avanzada en google presentaciones<br \/>UD12. Creaci\u00f3n y edici\u00f3n b\u00e1sica en google hojas de c\u00e1lculo<br \/>UD13. Edici\u00f3n avanzada en google hojas de c\u00e1lculo<br \/>UD14. Creaci\u00f3n y edici\u00f3n b\u00e1sica en google formularios<br \/>UD15. Edici\u00f3n avanzada en google formularios<br \/>UD16. Creaci\u00f3n y edici\u00f3n en google dibujos<br \/>UD17. Compartir documentos en google drive<br \/>UD18. Opciones avanzadas de colaboraci\u00f3n en google drive<br \/>UD19. Utilidades para las aplicaciones de google drive<br \/>UD20. Soluci\u00f3n de problemas en google drive<\/p>\n","protected":false},"excerpt":{"rendered":"<p>Crear y gestionar de forma eficaz, todos los tipos de documentos necesarios en la gesti\u00f3n ofim\u00e1tica en la nube de Google<\/p>\n","protected":false},"featured_media":597,"comment_status":"open","ping_status":"closed","template":"","meta":{"neve_meta_sidebar":"","neve_meta_container":"","neve_meta_enable_content_width":"","neve_meta_content_width":0,"neve_meta_title_alignment":"","neve_meta_author_avatar":"","neve_post_elements_order":"","neve_meta_disable_header":"","neve_meta_disable_footer":"","neve_meta_disable_title":""},"product_brand":[],"product_cat":[39,22,38],"product_tag":[],"class_list":{"0":"post-851","1":"product","2":"type-product","3":"status-publish","4":"has-post-thumbnail","6":"product_cat-administracion-y-gestion-especialidades-formativas","7":"product_cat-cursos","8":"product_cat-especialidades-formativas","10":"first","11":"instock","12":"sold-individually","13":"shipping-taxable","14":"purchasable","15":"product-type-simple"},"_links":{"self":[{"href":"https:\/\/camonclass.com\/tienda\/wp-json\/wp\/v2\/product\/851","targetHints":{"allow":["GET"]}}],"collection":[{"href":"https:\/\/camonclass.com\/tienda\/wp-json\/wp\/v2\/product"}],"about":[{"href":"https:\/\/camonclass.com\/tienda\/wp-json\/wp\/v2\/types\/product"}],"replies":[{"embeddable":true,"href":"https:\/\/camonclass.com\/tienda\/wp-json\/wp\/v2\/comments?post=851"}],"wp:featuredmedia":[{"embeddable":true,"href":"https:\/\/camonclass.com\/tienda\/wp-json\/wp\/v2\/media\/597"}],"wp:attachment":[{"href":"https:\/\/camonclass.com\/tienda\/wp-json\/wp\/v2\/media?parent=851"}],"wp:term":[{"taxonomy":"product_brand","embeddable":true,"href":"https:\/\/camonclass.com\/tienda\/wp-json\/wp\/v2\/product_brand?post=851"},{"taxonomy":"product_cat","embeddable":true,"href":"https:\/\/camonclass.com\/tienda\/wp-json\/wp\/v2\/product_cat?post=851"},{"taxonomy":"product_tag","embeddable":true,"href":"https:\/\/camonclass.com\/tienda\/wp-json\/wp\/v2\/product_tag?post=851"}],"curies":[{"name":"wp","href":"https:\/\/api.w.org\/{rel}","templated":true}]}}