{"id":864,"date":"2022-07-25T16:38:53","date_gmt":"2022-07-25T16:38:53","guid":{"rendered":"https:\/\/camonclass.vertice.org\/formacion\/seguridad-del-paciente\/"},"modified":"2022-07-25T16:38:53","modified_gmt":"2022-07-25T16:38:53","slug":"seguridad-del-paciente","status":"publish","type":"product","link":"https:\/\/camonclass.com\/tienda\/formacion\/seguridad-del-paciente\/","title":{"rendered":"SEGURIDAD DEL PACIENTE"},"content":{"rendered":"<div>1. INTRODUCCI\u00d3N A LA SEGURIDAD DEL PACIENTE:<\/div>\n<div>1.1. La gesti\u00f3n de la seguridad de los pacientes.<\/div>\n<div>1.2. Los riesgos profesionales como elemento clave de la gesti\u00f3n de un centro sanitario.<\/div>\n<div>2. HERRAMIENTAS PARA LA GESTI\u00d3N EFICAZ DE LA SEGURIDAD DEL PACIENTE:<\/div>\n<div>2.1. Concepto y metodolog\u00eda de la gesti\u00f3n de riesgos sanitarios.<\/div>\n<div>2.2. Perfil del gestor de riesgos en las instituciones sanitarias.<\/div>\n<div>3. SEGURIDAD DEL PACIENTE Y PREVENCI\u00d3N DE EFECTOS ADVERSOS RELACIONADOS CON LA<\/div>\n<div>ASISTENCIA SANITARIA:<\/div>\n<div>3.1. La seguridad del paciente:<\/div>\n<div> 3.1.1. Un reto del sistema sanitario y un desaf\u00edo para la formaci\u00f3n.<\/div>\n<div> 3.1.2. Una dimensi\u00f3n esencial de la calidad asistencial.<\/div>\n<div>3.2. Epidemiolog\u00eda y estudio individual.<\/div>\n<div>3.3. En qu\u00e9 consiste el error.<\/div>\n<div>3.4. Prevenci\u00f3n de efectos adversos.<\/div>\n<div>3.5. La gesti\u00f3n del riesgo.<\/div>\n<div>3.6. Evitando los fallos.<\/div>\n<div>3.7. Trabajando con seguridad: pr\u00e1cticas cl\u00ednicas seguras y alertas cl\u00ednicas.<\/div>\n<div>3.8. Prevenci\u00f3n a priori de los efectos adversos.<\/div>\n<div>3.9. Prevenci\u00f3n a posteriori de los efectos adversos.<\/div>\n<div>3.10. Atenci\u00f3n centrada en el paciente. La comunicaci\u00f3n del riesgo. <\/div>\n<div>3.11. Aprendiendo m\u00e1s sobre seguridad del paciente y prevenci\u00f3n y control de los efectos adversos.<\/div>\n<div>4. PR\u00c1CTICAS CL\u00cdNICAS SEGURAS:<\/div>\n<div>4.1. La seguridad como elemento clave de la calidad asistencial.<\/div>\n<div>4.2. Origen de la seguridad cl\u00ednica y estrategias.<\/div>\n<div>4.3. Identificaci\u00f3n correcta de los pacientes.<\/div>\n<div>4.4. Comunicaci\u00f3n efectiva.<\/div>\n<div>4.5. Errores de la medicaci\u00f3n<\/div>\n<div>4.6. Sitio quir\u00fargico, paciente equivocado y procedimiento quir\u00fargico<\/div>\n<div>4.7. Infecciones adquiridas por la asistencia sanitaria.<\/div>\n<div>4.8. Prevenci\u00f3n de ca\u00eddas.<\/div>\n<div>4.9. Prevenci\u00f3n de las \u00falceras por presi\u00f3n.<\/div>\n<div>4.10. Lavado de las manos.<\/div>\n<div>5. PROTOCOLO MODULAR (MRF2): Protocolos y recomendaciones de gesti\u00f3n de los riesgos quir\u00fargicos y gesti\u00f3n de los riesgos en otras unidades asistenciales<\/div>\n","protected":false},"excerpt":{"rendered":"<p>Garantizar la seguridad del paciente en instituciones sanitarias actuando en funci\u00f3n de los protocolos y recomendaciones establecidos.<\/p>\n","protected":false},"featured_media":779,"comment_status":"open","ping_status":"closed","template":"","meta":{"neve_meta_sidebar":"","neve_meta_container":"","neve_meta_enable_content_width":"","neve_meta_content_width":0,"neve_meta_title_alignment":"","neve_meta_author_avatar":"","neve_post_elements_order":"","neve_meta_disable_header":"","neve_meta_disable_footer":"","neve_meta_disable_title":""},"product_brand":[],"product_cat":[22,38,41],"product_tag":[],"class_list":{"0":"post-864","1":"product","2":"type-product","3":"status-publish","4":"has-post-thumbnail","6":"product_cat-cursos","7":"product_cat-especialidades-formativas","8":"product_cat-sanidad-especialidades-formativas","10":"first","11":"instock","12":"sold-individually","13":"shipping-taxable","14":"purchasable","15":"product-type-simple"},"_links":{"self":[{"href":"https:\/\/camonclass.com\/tienda\/wp-json\/wp\/v2\/product\/864","targetHints":{"allow":["GET"]}}],"collection":[{"href":"https:\/\/camonclass.com\/tienda\/wp-json\/wp\/v2\/product"}],"about":[{"href":"https:\/\/camonclass.com\/tienda\/wp-json\/wp\/v2\/types\/product"}],"replies":[{"embeddable":true,"href":"https:\/\/camonclass.com\/tienda\/wp-json\/wp\/v2\/comments?post=864"}],"wp:featuredmedia":[{"embeddable":true,"href":"https:\/\/camonclass.com\/tienda\/wp-json\/wp\/v2\/media\/779"}],"wp:attachment":[{"href":"https:\/\/camonclass.com\/tienda\/wp-json\/wp\/v2\/media?parent=864"}],"wp:term":[{"taxonomy":"product_brand","embeddable":true,"href":"https:\/\/camonclass.com\/tienda\/wp-json\/wp\/v2\/product_brand?post=864"},{"taxonomy":"product_cat","embeddable":true,"href":"https:\/\/camonclass.com\/tienda\/wp-json\/wp\/v2\/product_cat?post=864"},{"taxonomy":"product_tag","embeddable":true,"href":"https:\/\/camonclass.com\/tienda\/wp-json\/wp\/v2\/product_tag?post=864"}],"curies":[{"name":"wp","href":"https:\/\/api.w.org\/{rel}","templated":true}]}}