{"id":874,"date":"2022-07-25T16:38:55","date_gmt":"2022-07-25T16:38:55","guid":{"rendered":"https:\/\/camonclass.vertice.org\/formacion\/auxiliar-administrativo-estado\/"},"modified":"2022-07-26T07:46:58","modified_gmt":"2022-07-26T07:46:58","slug":"auxiliar-administrativo-estado","status":"publish","type":"product","link":"https:\/\/camonclass.com\/tienda\/formacion\/auxiliar-administrativo-estado\/","title":{"rendered":"Auxiliar Administrativo Estado"},"content":{"rendered":"<p>\u00c1rea Actividad Administrativa y Ofim\u00e1tica<\/p>\n<p>TEMA 1: Atenci\u00f3n al p\u00fablico: acogida e informaci\u00f3n al ciudadano. Atenci\u00f3n de personas con discapacidad.<br \/>\nTEMA 2: Los servicios de informaci\u00f3n administrativa. Informaci\u00f3n general y particular al ciudadano. Iniciativas. Reclamaciones. Quejas. Peticiones.<br \/>\nTEMA 3: Concepto de documento, registro y archivo. Funciones del registro y del archivo. Clases de archivo y criterios de ordenaci\u00f3n.<br \/>\nTEMA 4: Administraci\u00f3n electr\u00f3nica y servicios al ciudadano. La informaci\u00f3n administrativa. An\u00e1lisis de principales p\u00e1ginas web de car\u00e1cter p\u00fablico. Servicios telem\u00e1ticos. Oficinas integradas de atenci\u00f3n al ciudadano. Ventanilla \u00fanica empresarial. El Punto de Acceso General de la Administraci\u00f3n General del Estado.<br \/>\nTEMA 5: Inform\u00e1tica b\u00e1sica: conceptos fundamentales sobre el hardware y el software. Sistemas de almacenamiento de datos. Sistemas operativos. Nociones b\u00e1sicas de seguridad inform\u00e1tica.<br \/>\nTEMA 6: Introducci\u00f3n al sistema operativo: el entorno Windows. Fundamentos. Trabajo en el entorno gr\u00e1fico de Windows: ventanas, iconos, men\u00fas contextuales, cuadros de di\u00e1logo. El escritorio y sus elementos. El men\u00fa inicio. Cortana.<br \/>\nTEMA 7: El explorador de Windows. Gesti\u00f3n de carpetas y archivos. Operaciones de b\u00fasqueda. Herramientas \u00abEste equipo\u00bb y \u00abAcceso r\u00e1pido\u00bb. Accesorios. Herramientas del sistema.<br \/>\nTEMA 8: Procesadores de texto: Word. Principales funciones y utilidades. Creaci\u00f3n y estructuraci\u00f3n del documento. Gesti\u00f3n, grabaci\u00f3n, recuperaci\u00f3n e impresi\u00f3n de ficheros. Personalizaci\u00f3n del entorno de trabajo.<br \/>\nTEMA 9: Hojas de c\u00e1lculo: Excel. Principales funciones y utilidades. Libros, hojas y celdas. Configuraci\u00f3n. Introducci\u00f3n y edici\u00f3n de datos. F\u00f3rmulas y funciones. Gr\u00e1ficos. Gesti\u00f3n de datos. Personalizaci\u00f3n del entorno de trabajo.<br \/>\nTEMA 10: Bases de datos: Access. Principales funciones y utilidades. Tablas. Consultas. Formularios. Informes. Relaciones. Importaci\u00f3n, vinculaci\u00f3n y exportaci\u00f3n de datos.<br \/>\nTEMA 11: Correo electr\u00f3nico: conceptos elementales y funcionamiento. El entorno de trabajo. Enviar, recibir, responder y reenviar mensajes. Creaci\u00f3n de mensajes. Reglas de mensaje. Libreta de direcciones.<br \/>\nTEMA 12: La Red Internet: origen, evoluci\u00f3n y estado actual. Conceptos elementales sobre protocolos y servicios en Internet. Funcionalidades b\u00e1sicas de los navegadores web.<\/p>\n<p>\u00c1rea Organizaci\u00f3n P\u00fablica<br \/>\nTema 1: La Constituci\u00f3n Espa\u00f1ola de 1978. Caracter\u00edsticas. Los principios constitucionales y los valores superiores. Derechos y deberes fundamentales. Su garant\u00eda y suspensi\u00f3n.<br \/>\nTEMA 2 :El Tribunal Constitucional. La reforma de la Constituci\u00f3n. La Corona. Funciones constitucionales del Rey. Sucesi\u00f3n y regencia.<br \/>\nTEMA 3: Las Cortes Generales: composici\u00f3n, atribuciones y funcionamiento del Congreso de los Diputados y Senado. El Defensor del Pueblo.<br \/>\nTEMA 4: El Poder Judicial. El Consejo General del Poder Judicial. El Tribunal Supremo. La organizaci\u00f3n judicial espa\u00f1ola.<br \/>\nTEMA 5: El Gobierno y la Administraci\u00f3n. El Presidente del Gobierno. El Consejo de Ministros. Designaci\u00f3n, causas de cese y responsabilidad del Gobierno.<br \/>\nTEMA 6: El Gobierno Abierto. Concepto y principios informadores. La Ley 19\/2013, de 9 de diciembre, de transparencia, acceso a la informaci\u00f3n p\u00fablica y buen gobierno. El Consejo de Transparencia y Buen Gobierno: funciones. La Agenda 2030 y los Objetivos de Desarrollo Sostenible.<br \/>\nTEMA 7: La Administraci\u00f3n General del Estado. Los Ministros. Los Secretarios de Estado. Los Subsecretarios. La Administraci\u00f3n Perif\u00e9rica del Estado. \u00d3rganos y competencias. Otros \u00f3rganos administrativos.<br \/>\nTEMA 8: La Organizaci\u00f3n territorial del Estado: las Comunidades Aut\u00f3nomas: Constituci\u00f3n y distribuci\u00f3n de competencias entre el Estado y las Comunidades Aut\u00f3nomas. La Administraci\u00f3n local: entidades que la integran. La provincia, el municipio y la isla.<br \/>\nTEMA 9: La organizaci\u00f3n de la Uni\u00f3n Europea. El Consejo Europeo, el Consejo, el Parlamento Europeo, la Comisi\u00f3n Europea y el Tribunal de Justicia de la Uni\u00f3n Europea.<br \/>\nTEMA 10: Las Leyes del Procedimiento Administrativo Com\u00fan de las Administraciones P\u00fablicas y del R\u00e9gimen Jur\u00eddico del Sector P\u00fablico y su normativa de desarrollo. El procedimiento administrativo com\u00fan y sus fases. Medios de impugnaci\u00f3n de la actuaci\u00f3n administrativa. La revisi\u00f3n de oficio. Los recursos administrativos. La jurisdicci\u00f3n contencioso-administrativa.<br \/>\nTEMA 11: La protecci\u00f3n de datos personales. R\u00e9gimen Jur\u00eddico. El Reglamento (UE) 2016\/679, de 27 de abril, relativo a la protecci\u00f3n de las personas f\u00edsicas en lo que respecta al tratamiento de datos personales y a la libre circulaci\u00f3n de estos datos. Principios y derechos. Obligaciones.<br \/>\nTEMA 12: El personal funcionario al servicio de las Administraciones p\u00fablicas. El Registro Central de Personal. Programaci\u00f3n de efectivos y Oferta de Empleo P\u00fablico. Selecci\u00f3n. Provisi\u00f3n de puestos de trabajo. Situaciones administrativas de los funcionarios.<br \/>\nTEMA 13: Derechos y deberes de los funcionarios. La carrera administrativa. Promoci\u00f3n interna. El sistema de retribuciones e indemnizaciones. R\u00e9gimen disciplinario. El r\u00e9gimen de la Seguridad Social de los funcionarios.<br \/>\nTEMA 14: El presupuesto del Estado en Espa\u00f1a. Contenido, elaboraci\u00f3n y estructura. Fases del ciclo presupuestario.<br \/>\nTEMA 15: Pol\u00edticas de igualdad de g\u00e9nero. La Ley Org\u00e1nica 3\/2007, de 22 de marzo, para la igualdad efectiva de mujeres y hombres. Pol\u00edticas contra la violencia de g\u00e9nero. La Ley Org\u00e1nica 1\/2004, de 28 de diciembre, de medidas de protecci\u00f3n integral contra la violencia de g\u00e9nero. Discapacidad y dependencia.<\/p>\n<p>\u00c1rea Psicot\u00e9cnicos<\/p>\n<p>Explicaci\u00f3n. Test razonamiento verbal y ejercicios test no oficiales de este tipo<br \/>\nExplicaci\u00f3n Test razonamiento series n\u00fameros y letras. Ejercicios test no oficiales de este tipo<br \/>\nRazonamiento percepci\u00f3n y memoria y ejercicios test no oficiales de este tipo<br \/>\n1. Clasificaci\u00f3n, archivo y resistencia a la fatiga 2. Razonamiento abstracto figuras<br \/>\nRazonamiento abstracto ecuaciones<br \/>\nRazonamiento espacial, cubos, formas.<br \/>\nRazonamiento figuras de domin\u00f3 y cartas<br \/>\nRazonamiento num\u00e9rico, problemas y trucos matem\u00e1ticos<\/p>\n","protected":false},"excerpt":{"rendered":"<p>\u00c1rea Actividad Administrativa y Ofim\u00e1tica TEMA 1: Atenci\u00f3n al p\u00fablico: acogida e informaci\u00f3n al ciudadano. Atenci\u00f3n de personas con discapacidad. TEMA 2: Los servicios de informaci\u00f3n administrativa. Informaci\u00f3n general y particular al ciudadano. Iniciativas. Reclamaciones. Quejas. Peticiones. TEMA 3: Concepto de documento, registro y archivo. Funciones del registro y del archivo. Clases de archivo y&hellip;&nbsp;<a href=\"https:\/\/camonclass.com\/tienda\/formacion\/auxiliar-administrativo-estado\/\" rel=\"bookmark\">Leer m\u00e1s &raquo;<span class=\"screen-reader-text\">Auxiliar Administrativo Estado<\/span><\/a><\/p>\n","protected":false},"featured_media":633,"comment_status":"open","ping_status":"closed","template":"","meta":{"neve_meta_sidebar":"","neve_meta_container":"","neve_meta_enable_content_width":"off","neve_meta_content_width":70,"neve_meta_title_alignment":"","neve_meta_author_avatar":"","neve_post_elements_order":"","neve_meta_disable_header":"","neve_meta_disable_footer":"","neve_meta_disable_title":""},"product_brand":[],"product_cat":[22,43],"product_tag":[],"class_list":{"0":"post-874","1":"product","2":"type-product","3":"status-publish","4":"has-post-thumbnail","6":"product_cat-cursos","7":"product_cat-oposiciones","9":"first","10":"instock","11":"sold-individually","12":"shipping-taxable","13":"purchasable","14":"product-type-simple"},"_links":{"self":[{"href":"https:\/\/camonclass.com\/tienda\/wp-json\/wp\/v2\/product\/874","targetHints":{"allow":["GET"]}}],"collection":[{"href":"https:\/\/camonclass.com\/tienda\/wp-json\/wp\/v2\/product"}],"about":[{"href":"https:\/\/camonclass.com\/tienda\/wp-json\/wp\/v2\/types\/product"}],"replies":[{"embeddable":true,"href":"https:\/\/camonclass.com\/tienda\/wp-json\/wp\/v2\/comments?post=874"}],"wp:featuredmedia":[{"embeddable":true,"href":"https:\/\/camonclass.com\/tienda\/wp-json\/wp\/v2\/media\/633"}],"wp:attachment":[{"href":"https:\/\/camonclass.com\/tienda\/wp-json\/wp\/v2\/media?parent=874"}],"wp:term":[{"taxonomy":"product_brand","embeddable":true,"href":"https:\/\/camonclass.com\/tienda\/wp-json\/wp\/v2\/product_brand?post=874"},{"taxonomy":"product_cat","embeddable":true,"href":"https:\/\/camonclass.com\/tienda\/wp-json\/wp\/v2\/product_cat?post=874"},{"taxonomy":"product_tag","embeddable":true,"href":"https:\/\/camonclass.com\/tienda\/wp-json\/wp\/v2\/product_tag?post=874"}],"curies":[{"name":"wp","href":"https:\/\/api.w.org\/{rel}","templated":true}]}}