{"id":879,"date":"2022-07-25T16:38:56","date_gmt":"2022-07-25T16:38:56","guid":{"rendered":"https:\/\/camonclass.vertice.org\/formacion\/oposicion-tecnico-en-cuidados-auxiliares-de-enfermeria\/"},"modified":"2022-07-26T07:37:15","modified_gmt":"2022-07-26T07:37:15","slug":"oposicion-tecnico-en-cuidados-auxiliares-de-enfermeria","status":"publish","type":"product","link":"https:\/\/camonclass.com\/tienda\/formacion\/oposicion-tecnico-en-cuidados-auxiliares-de-enfermeria\/","title":{"rendered":"Oposici\u00f3n \u2013 T\u00e9cnico en Cuidados Auxiliares de Enfermer\u00eda"},"content":{"rendered":"<p class=\"MsoNormal\"><b>M\u00f3dulo Legislaci\u00f3n<\/b><\/p>\n<p class=\"MsoNormal\">1. La Constituci\u00f3n Espa\u00f1ola de 1978.<\/p>\n<p class=\"MsoNormal\">2. Ley 14\/1986, de 25 de abril, General de Sanidad.<\/p>\n<p class=\"MsoNormal\">3. La Ley de Ordenaci\u00f3n de las Profesiones Sanitarias<\/p>\n<p class=\"MsoNormal\">4. Ley 55\/2003, de 16 de diciembre, del estatuto marco del personal estatutario de los servicios de salud.<\/p>\n<p class=\"MsoNormal\">5. Ley 3\/2007 de Igualdad Efectiva de Mujeres y Hombres.<\/p>\n<p class=\"MsoNormal\">6. Ley 31\/1995, de 8 de noviembre, de Prevenci\u00f3n de Riesgos Laborales.<\/p>\n<p class=\"MsoNormal\">7. Ley 41\/2002, de 14 de noviembre, b\u00e1sica reguladora de la autonom\u00eda del paciente y de derechos y obligaciones en materia de informaci\u00f3n y documentaci\u00f3n cl\u00ednica.<\/p>\n<p class=\"MsoNormal\">8. Ley Org\u00e1nica 3\/2018, de 5 de diciembre, de Protecci\u00f3n de Datos Personales y garant\u00eda de los derechos digitales.<\/p>\n<p class=\"MsoNormal\"><b>M\u00f3dulo T\u00e9cnico en Cuidados Auxiliares de Enfermer\u00eda<\/b><\/p>\n<p class=\"MsoNormal\">1. Atenci\u00f3n y cuidados del paciente en la alimentaci\u00f3n y nutrici\u00f3n. Conceptos generales. Los alimentos.<\/p>\n<p class=\"MsoNormal\">2. Atenci\u00f3n y cuidados del paciente en relaci\u00f3n con las necesidades de eliminaci\u00f3n. V\u00edas de eliminaci\u00f3n.<\/p>\n<p class=\"MsoNormal\">3. T\u00e9cnicas de preparaci\u00f3n a la exploraci\u00f3n m\u00e9dica y para intervenci\u00f3n quir\u00fargica. Posiciones anat\u00f3micas.<\/p>\n<p class=\"MsoNormal\">4. Atenci\u00f3n y cuidados del paciente en las necesidades de higiene: reci\u00e9n nacido y adulto.<\/p>\n<p class=\"MsoNormal\">5. Concepto: infecci\u00f3n, desinfecci\u00f3n, asepsia y antisepsia. Desinfectantes y antis\u00e9ptico.<\/p>\n<p class=\"MsoNormal\">6. Esterilizaci\u00f3n. Concepto de esterilizaci\u00f3n. Preparaci\u00f3n y tipos de material a esterilizar. M\u00e9todos de esterilizaci\u00f3n.<\/p>\n<p class=\"MsoNormal\">7. Administraci\u00f3n de medicamentos: normas generales, tipos de medicamentos, v\u00edas de administraci\u00f3n, precauciones previas, durante y tras la administraci\u00f3n.<\/p>\n<p class=\"MsoNormal\">8. Atenci\u00f3n al paciente encamado: posici\u00f3n anat\u00f3mica y alineaci\u00f3n corporal.<\/p>\n<p class=\"MsoNormal\">9. \u00dalceras por presi\u00f3n: concepto, factores de riesgo. Localizaci\u00f3n. Etiolog\u00eda. Medidas de prevenci\u00f3n. Cambios posturales.<\/p>\n<p class=\"MsoNormal\">10. Atenci\u00f3n y cuidados del paciente con problemas de movilizaci\u00f3n. Movilidad e inmovilidad f\u00edsica, factores que afectan la movilidad.<\/p>\n<p class=\"MsoNormal\">11. Atenci\u00f3n y Muestras biol\u00f3gicas: concepto de muestra, diferentes tipos de muestras biol\u00f3gicas.<\/p>\n<p class=\"MsoNormal\">12. Infecci\u00f3n Nosocomial.<\/p>\n<p class=\"MsoNormal\">13. Atenci\u00f3n y cuidados en el anciano.<\/p>\n<p class=\"MsoNormal\">14. Atenci\u00f3n y cuidados del paciente en situaci\u00f3n terminal\/cuidados paliativos y persona cuidadora.<\/p>\n<p class=\"MsoNormal\">15. Control b\u00e1sico de procedimientos: termoterapia. Aplicaci\u00f3n de fr\u00edo y calor.<\/p>\n<p class=\"MsoNormal\">16. Principios anatomofisiol\u00f3gicos del aparato cardiovascular y respiratorio.<\/p>\n<p class=\"MsoNormal\">17. Reanimaci\u00f3n cardio-pulmonar b\u00e1sica. Soporte vital b\u00e1sico. Concepto de urgencia y prioridad.<\/p>\n<p class=\"MsoNormal\">18. Atenci\u00f3n y cuidados al paciente de Salud Mental y con problemas de toxicoman\u00edas en los \u00e1mbitos hospitalario y comunitario.<\/p>\n<p class=\"MsoNormal\">19. Elementos b\u00e1sicos de la comunicaci\u00f3n paciente-sanitario-familia. M\u00e9todos de comunicaci\u00f3n en situaciones de enfermedad.<\/p>\n<p class=\"MsoNormal\">20. El trabajo en equipo. El proceso de integraci\u00f3n. El control del estr\u00e9s. La inteligencia emocional.<\/p>\n<p class=\"MsoNormal\">21. Principios fundamentales de la bio\u00e9tica: dilemas \u00e9ticos.<\/p>\n<p class=\"MsoNormal\">22. Documentaci\u00f3n sanitaria: cl\u00ednica y no cl\u00ednica. Aplicaciones inform\u00e1ticas para la gesti\u00f3n de ficheros de pacientes.<\/p>\n<p class=\"MsoNormal\">23. Salud laboral: condiciones f\u00edsico-ambientales del trabajo, riesgos de naturaleza biol\u00f3gica, qu\u00edmica y f\u00edsica.<\/p>\n<p class=\"MsoNormal\">\n","protected":false},"excerpt":{"rendered":"<p>M\u00f3dulo Legislaci\u00f3n 1. La Constituci\u00f3n Espa\u00f1ola de 1978. 2. Ley 14\/1986, de 25 de abril, General de Sanidad. 3. La Ley de Ordenaci\u00f3n de las Profesiones Sanitarias 4. Ley 55\/2003, de 16 de diciembre, del estatuto marco del personal estatutario de los servicios de salud. 5. Ley 3\/2007 de Igualdad Efectiva de Mujeres y Hombres.&hellip;&nbsp;<a href=\"https:\/\/camonclass.com\/tienda\/formacion\/oposicion-tecnico-en-cuidados-auxiliares-de-enfermeria\/\" rel=\"bookmark\">Leer m\u00e1s &raquo;<span class=\"screen-reader-text\">Oposici\u00f3n \u2013 T\u00e9cnico en Cuidados Auxiliares de Enfermer\u00eda<\/span><\/a><\/p>\n","protected":false},"featured_media":779,"comment_status":"open","ping_status":"closed","template":"","meta":{"neve_meta_sidebar":"","neve_meta_container":"","neve_meta_enable_content_width":"off","neve_meta_content_width":70,"neve_meta_title_alignment":"","neve_meta_author_avatar":"","neve_post_elements_order":"","neve_meta_disable_header":"","neve_meta_disable_footer":"","neve_meta_disable_title":""},"product_brand":[],"product_cat":[22,43],"product_tag":[],"class_list":{"0":"post-879","1":"product","2":"type-product","3":"status-publish","4":"has-post-thumbnail","6":"product_cat-cursos","7":"product_cat-oposiciones","9":"first","10":"instock","11":"sold-individually","12":"shipping-taxable","13":"purchasable","14":"product-type-simple"},"_links":{"self":[{"href":"https:\/\/camonclass.com\/tienda\/wp-json\/wp\/v2\/product\/879","targetHints":{"allow":["GET"]}}],"collection":[{"href":"https:\/\/camonclass.com\/tienda\/wp-json\/wp\/v2\/product"}],"about":[{"href":"https:\/\/camonclass.com\/tienda\/wp-json\/wp\/v2\/types\/product"}],"replies":[{"embeddable":true,"href":"https:\/\/camonclass.com\/tienda\/wp-json\/wp\/v2\/comments?post=879"}],"wp:featuredmedia":[{"embeddable":true,"href":"https:\/\/camonclass.com\/tienda\/wp-json\/wp\/v2\/media\/779"}],"wp:attachment":[{"href":"https:\/\/camonclass.com\/tienda\/wp-json\/wp\/v2\/media?parent=879"}],"wp:term":[{"taxonomy":"product_brand","embeddable":true,"href":"https:\/\/camonclass.com\/tienda\/wp-json\/wp\/v2\/product_brand?post=879"},{"taxonomy":"product_cat","embeddable":true,"href":"https:\/\/camonclass.com\/tienda\/wp-json\/wp\/v2\/product_cat?post=879"},{"taxonomy":"product_tag","embeddable":true,"href":"https:\/\/camonclass.com\/tienda\/wp-json\/wp\/v2\/product_tag?post=879"}],"curies":[{"name":"wp","href":"https:\/\/api.w.org\/{rel}","templated":true}]}}